{"id":1744,"date":"2022-09-15T21:35:46","date_gmt":"2022-09-15T21:35:46","guid":{"rendered":"http:\/\/coelloglobal.com\/?page_id=1744"},"modified":"2023-10-11T15:40:32","modified_gmt":"2023-10-11T15:40:32","slug":"atico-en-venta-en-enrique-granados-barcelona","status":"publish","type":"page","link":"https:\/\/coelloglobal.com\/index.php\/atico-en-venta-en-enrique-granados-barcelona\/","title":{"rendered":"Venta piso Barcelona 725.000 \u20ac Ref: CG 0022"},"content":{"rendered":"\n<div id=\"wp-block-themeisle-blocks-slider-2db79716\" class=\"wp-block-themeisle-blocks-slider glide\" data-per-view=\"1\" data-gap=\"0\" data-peek=\"0\" data-autoplay=\"true\" data-height=\"400px\"><div class=\"glide__track\" data-glide-el=\"track\"><div class=\"glide__slides\"><div class=\"wp-block-themeisle-blocks-slider-item-wrapper glide__slide\" tabindex=\"0\"><figure><img decoding=\"async\" class=\"wp-block-themeisle-blocks-slider-item\" src=\"http:\/\/coelloglobal.com\/wp-content\/uploads\/2022\/11\/WhatsApp-Image-2022-11-14-at-12.39.44-PM-25-1.jpeg\" alt=\"\" title=\"\" data-id=\"2049\"\/><\/figure><\/div><div class=\"wp-block-themeisle-blocks-slider-item-wrapper glide__slide\" tabindex=\"0\"><figure><img decoding=\"async\" class=\"wp-block-themeisle-blocks-slider-item\" src=\"http:\/\/coelloglobal.com\/wp-content\/uploads\/2022\/11\/WhatsApp-Image-2022-11-14-at-12.39.44-PM-24-1.jpeg\" alt=\"\" title=\"\" data-id=\"2048\"\/><\/figure><\/div><div class=\"wp-block-themeisle-blocks-slider-item-wrapper glide__slide\" tabindex=\"0\"><figure><img decoding=\"async\" class=\"wp-block-themeisle-blocks-slider-item\" src=\"http:\/\/coelloglobal.com\/wp-content\/uploads\/2022\/11\/WhatsApp-Image-2022-11-14-at-12.39.44-PM-22-1.jpeg\" alt=\"\" title=\"\" data-id=\"2046\"\/><\/figure><\/div><div class=\"wp-block-themeisle-blocks-slider-item-wrapper glide__slide\" tabindex=\"0\"><figure><img decoding=\"async\" class=\"wp-block-themeisle-blocks-slider-item\" src=\"http:\/\/coelloglobal.com\/wp-content\/uploads\/2022\/11\/WhatsApp-Image-2022-11-14-at-12.39.44-PM-17-1.jpeg\" alt=\"\" title=\"\" data-id=\"2041\"\/><\/figure><\/div><div class=\"wp-block-themeisle-blocks-slider-item-wrapper glide__slide\" tabindex=\"0\"><figure><img decoding=\"async\" class=\"wp-block-themeisle-blocks-slider-item\" src=\"http:\/\/coelloglobal.com\/wp-content\/uploads\/2022\/11\/WhatsApp-Image-2022-11-14-at-12.39.44-PM-18-1.jpeg\" alt=\"\" title=\"\" data-id=\"2042\"\/><\/figure><\/div><div class=\"wp-block-themeisle-blocks-slider-item-wrapper glide__slide\" tabindex=\"0\"><figure><img decoding=\"async\" class=\"wp-block-themeisle-blocks-slider-item\" src=\"http:\/\/coelloglobal.com\/wp-content\/uploads\/2022\/11\/WhatsApp-Image-2022-11-14-at-12.39.44-PM-4.jpeg\" alt=\"\" title=\"\" data-id=\"2050\"\/><\/figure><\/div><div class=\"wp-block-themeisle-blocks-slider-item-wrapper glide__slide\" tabindex=\"0\"><figure><img decoding=\"async\" class=\"wp-block-themeisle-blocks-slider-item\" src=\"http:\/\/coelloglobal.com\/wp-content\/uploads\/2022\/11\/WhatsApp-Image-2022-11-14-at-12.39.44-PM-19-1.jpeg\" alt=\"\" title=\"\" data-id=\"2043\"\/><\/figure><\/div><div class=\"wp-block-themeisle-blocks-slider-item-wrapper glide__slide\" tabindex=\"0\"><figure><img decoding=\"async\" class=\"wp-block-themeisle-blocks-slider-item\" src=\"http:\/\/coelloglobal.com\/wp-content\/uploads\/2022\/11\/WhatsApp-Image-2022-11-14-at-12.39.44-PM-16-1.jpeg\" alt=\"\" title=\"\" data-id=\"2040\"\/><\/figure><\/div><div class=\"wp-block-themeisle-blocks-slider-item-wrapper glide__slide\" tabindex=\"0\"><figure><img decoding=\"async\" class=\"wp-block-themeisle-blocks-slider-item\" src=\"http:\/\/coelloglobal.com\/wp-content\/uploads\/2022\/11\/WhatsApp-Image-2022-11-14-at-12.39.44-PM-13-1.jpeg\" alt=\"\" title=\"\" data-id=\"2037\"\/><\/figure><\/div><div class=\"wp-block-themeisle-blocks-slider-item-wrapper glide__slide\" tabindex=\"0\"><figure><img decoding=\"async\" class=\"wp-block-themeisle-blocks-slider-item\" src=\"http:\/\/coelloglobal.com\/wp-content\/uploads\/2022\/11\/WhatsApp-Image-2022-11-14-at-12.39.44-PM-14-1.jpeg\" alt=\"\" title=\"\" data-id=\"2038\"\/><\/figure><\/div><div class=\"wp-block-themeisle-blocks-slider-item-wrapper glide__slide\" tabindex=\"0\"><figure><img decoding=\"async\" class=\"wp-block-themeisle-blocks-slider-item\" src=\"http:\/\/coelloglobal.com\/wp-content\/uploads\/2022\/11\/WhatsApp-Image-2022-11-14-at-12.39.44-PM-11-1.jpeg\" alt=\"\" title=\"\" data-id=\"2035\"\/><\/figure><\/div><div class=\"wp-block-themeisle-blocks-slider-item-wrapper glide__slide\" tabindex=\"0\"><figure><img decoding=\"async\" class=\"wp-block-themeisle-blocks-slider-item\" src=\"http:\/\/coelloglobal.com\/wp-content\/uploads\/2022\/11\/WhatsApp-Image-2022-11-14-at-12.39.44-PM-8-1.jpeg\" alt=\"\" title=\"\" data-id=\"2032\"\/><\/figure><\/div><div class=\"wp-block-themeisle-blocks-slider-item-wrapper glide__slide\" tabindex=\"0\"><figure><img decoding=\"async\" class=\"wp-block-themeisle-blocks-slider-item\" src=\"http:\/\/coelloglobal.com\/wp-content\/uploads\/2022\/11\/WhatsApp-Image-2022-11-14-at-12.39.44-PM-7-1.jpeg\" alt=\"\" title=\"\" data-id=\"2031\"\/><\/figure><\/div><div class=\"wp-block-themeisle-blocks-slider-item-wrapper glide__slide\" tabindex=\"0\"><figure><img decoding=\"async\" class=\"wp-block-themeisle-blocks-slider-item\" src=\"http:\/\/coelloglobal.com\/wp-content\/uploads\/2022\/11\/WhatsApp-Image-2022-11-14-at-12.39.44-PM-10-1.jpeg\" alt=\"\" title=\"\" data-id=\"2034\"\/><\/figure><\/div><div class=\"wp-block-themeisle-blocks-slider-item-wrapper glide__slide\" tabindex=\"0\"><figure><img decoding=\"async\" class=\"wp-block-themeisle-blocks-slider-item\" src=\"http:\/\/coelloglobal.com\/wp-content\/uploads\/2022\/11\/WhatsApp-Image-2022-11-14-at-12.39.44-PM-9-1.jpeg\" alt=\"\" title=\"\" data-id=\"2033\"\/><\/figure><\/div><div class=\"wp-block-themeisle-blocks-slider-item-wrapper glide__slide\" tabindex=\"0\"><figure><img decoding=\"async\" class=\"wp-block-themeisle-blocks-slider-item\" src=\"http:\/\/coelloglobal.com\/wp-content\/uploads\/2022\/11\/WhatsApp-Image-2022-11-14-at-12.39.44-PM-12-1.jpeg\" alt=\"\" title=\"\" data-id=\"2036\"\/><\/figure><\/div><div class=\"wp-block-themeisle-blocks-slider-item-wrapper glide__slide\" tabindex=\"0\"><figure><img decoding=\"async\" class=\"wp-block-themeisle-blocks-slider-item\" src=\"http:\/\/coelloglobal.com\/wp-content\/uploads\/2022\/11\/WhatsApp-Image-2022-11-14-at-12.39.44-PM-6-1.jpeg\" alt=\"\" title=\"\" data-id=\"2030\"\/><\/figure><\/div><div class=\"wp-block-themeisle-blocks-slider-item-wrapper glide__slide\" tabindex=\"0\"><figure><img decoding=\"async\" class=\"wp-block-themeisle-blocks-slider-item\" src=\"http:\/\/coelloglobal.com\/wp-content\/uploads\/2022\/11\/WhatsApp-Image-2022-11-14-at-12.39.44-PM-5-1.jpeg\" alt=\"\" title=\"\" data-id=\"2029\"\/><\/figure><\/div><div class=\"wp-block-themeisle-blocks-slider-item-wrapper glide__slide\" tabindex=\"0\"><figure><img decoding=\"async\" class=\"wp-block-themeisle-blocks-slider-item\" src=\"http:\/\/coelloglobal.com\/wp-content\/uploads\/2022\/11\/WhatsApp-Image-2022-11-14-at-12.39.44-PM-2-1.jpeg\" alt=\"\" title=\"\" data-id=\"2027\"\/><\/figure><\/div><div class=\"wp-block-themeisle-blocks-slider-item-wrapper glide__slide\" tabindex=\"0\"><figure><img decoding=\"async\" class=\"wp-block-themeisle-blocks-slider-item\" src=\"http:\/\/coelloglobal.com\/wp-content\/uploads\/2022\/11\/WhatsApp-Image-2022-11-14-at-12.39.44-PM-1-1.jpeg\" alt=\"\" title=\"\" data-id=\"2026\"\/><\/figure><\/div><div class=\"wp-block-themeisle-blocks-slider-item-wrapper glide__slide\" tabindex=\"0\"><figure><img decoding=\"async\" class=\"wp-block-themeisle-blocks-slider-item\" src=\"http:\/\/coelloglobal.com\/wp-content\/uploads\/2022\/11\/WhatsApp-Image-2022-11-14-at-12.36.57-PM-3.jpeg\" alt=\"\" title=\"\" data-id=\"2025\"\/><\/figure><\/div><div class=\"wp-block-themeisle-blocks-slider-item-wrapper glide__slide\" tabindex=\"0\"><figure><img decoding=\"async\" class=\"wp-block-themeisle-blocks-slider-item\" src=\"http:\/\/coelloglobal.com\/wp-content\/uploads\/2022\/11\/WhatsApp-Image-2022-11-14-at-12.36.57-PM-27-1.jpeg\" alt=\"\" title=\"\" data-id=\"2023\"\/><\/figure><\/div><div class=\"wp-block-themeisle-blocks-slider-item-wrapper glide__slide\" tabindex=\"0\"><figure><img decoding=\"async\" class=\"wp-block-themeisle-blocks-slider-item\" src=\"http:\/\/coelloglobal.com\/wp-content\/uploads\/2022\/11\/WhatsApp-Image-2022-11-14-at-12.36.57-PM-26-1.jpeg\" alt=\"\" title=\"\" data-id=\"2022\"\/><\/figure><\/div><div class=\"wp-block-themeisle-blocks-slider-item-wrapper glide__slide\" tabindex=\"0\"><figure><img decoding=\"async\" class=\"wp-block-themeisle-blocks-slider-item\" src=\"http:\/\/coelloglobal.com\/wp-content\/uploads\/2022\/11\/WhatsApp-Image-2022-11-14-at-12.36.57-PM-25-1.jpeg\" alt=\"\" title=\"\" data-id=\"2021\"\/><\/figure><\/div><div class=\"wp-block-themeisle-blocks-slider-item-wrapper glide__slide\" tabindex=\"0\"><figure><img decoding=\"async\" class=\"wp-block-themeisle-blocks-slider-item\" src=\"http:\/\/coelloglobal.com\/wp-content\/uploads\/2022\/11\/WhatsApp-Image-2022-11-14-at-12.36.57-PM-24-1.jpeg\" alt=\"\" title=\"\" data-id=\"2020\"\/><\/figure><\/div><div class=\"wp-block-themeisle-blocks-slider-item-wrapper glide__slide\" tabindex=\"0\"><figure><img decoding=\"async\" class=\"wp-block-themeisle-blocks-slider-item\" src=\"http:\/\/coelloglobal.com\/wp-content\/uploads\/2022\/11\/WhatsApp-Image-2022-11-14-at-12.36.57-PM-22-1.jpeg\" alt=\"\" title=\"\" data-id=\"2018\"\/><\/figure><\/div><div class=\"wp-block-themeisle-blocks-slider-item-wrapper glide__slide\" tabindex=\"0\"><figure><img decoding=\"async\" class=\"wp-block-themeisle-blocks-slider-item\" src=\"http:\/\/coelloglobal.com\/wp-content\/uploads\/2022\/11\/WhatsApp-Image-2022-11-14-at-12.36.57-PM-20-1.jpeg\" alt=\"\" title=\"\" data-id=\"2016\"\/><\/figure><\/div><div class=\"wp-block-themeisle-blocks-slider-item-wrapper glide__slide\" tabindex=\"0\"><figure><img decoding=\"async\" class=\"wp-block-themeisle-blocks-slider-item\" src=\"http:\/\/coelloglobal.com\/wp-content\/uploads\/2022\/11\/WhatsApp-Image-2022-11-14-at-12.36.57-PM-21-1.jpeg\" alt=\"\" title=\"\" data-id=\"2017\"\/><\/figure><\/div><div class=\"wp-block-themeisle-blocks-slider-item-wrapper glide__slide\" tabindex=\"0\"><figure><img decoding=\"async\" class=\"wp-block-themeisle-blocks-slider-item\" src=\"http:\/\/coelloglobal.com\/wp-content\/uploads\/2022\/11\/WhatsApp-Image-2022-11-14-at-12.36.57-PM-19-1.jpeg\" alt=\"\" title=\"\" data-id=\"2015\"\/><\/figure><\/div><div class=\"wp-block-themeisle-blocks-slider-item-wrapper glide__slide\" tabindex=\"0\"><figure><img decoding=\"async\" class=\"wp-block-themeisle-blocks-slider-item\" src=\"http:\/\/coelloglobal.com\/wp-content\/uploads\/2022\/11\/WhatsApp-Image-2022-11-14-at-12.36.57-PM-18-1.jpeg\" alt=\"\" title=\"\" data-id=\"2014\"\/><\/figure><\/div><div class=\"wp-block-themeisle-blocks-slider-item-wrapper glide__slide\" tabindex=\"0\"><figure><img decoding=\"async\" class=\"wp-block-themeisle-blocks-slider-item\" src=\"http:\/\/coelloglobal.com\/wp-content\/uploads\/2022\/11\/WhatsApp-Image-2022-11-14-at-12.36.57-PM-16-1.jpeg\" alt=\"\" title=\"\" data-id=\"2012\"\/><\/figure><\/div><div class=\"wp-block-themeisle-blocks-slider-item-wrapper glide__slide\" tabindex=\"0\"><figure><img decoding=\"async\" class=\"wp-block-themeisle-blocks-slider-item\" src=\"http:\/\/coelloglobal.com\/wp-content\/uploads\/2022\/11\/WhatsApp-Image-2022-11-14-at-12.36.57-PM-17-1.jpeg\" alt=\"\" title=\"\" data-id=\"2013\"\/><\/figure><\/div><div class=\"wp-block-themeisle-blocks-slider-item-wrapper glide__slide\" tabindex=\"0\"><figure><img decoding=\"async\" class=\"wp-block-themeisle-blocks-slider-item\" src=\"http:\/\/coelloglobal.com\/wp-content\/uploads\/2022\/11\/WhatsApp-Image-2022-11-14-at-12.36.57-PM-5-1.jpeg\" alt=\"\" title=\"\" data-id=\"2001\"\/><\/figure><\/div><div class=\"wp-block-themeisle-blocks-slider-item-wrapper glide__slide\" tabindex=\"0\"><figure><img decoding=\"async\" class=\"wp-block-themeisle-blocks-slider-item\" src=\"http:\/\/coelloglobal.com\/wp-content\/uploads\/2022\/11\/WhatsApp-Image-2022-11-14-at-12.36.57-PM-14-1.jpeg\" alt=\"\" title=\"\" data-id=\"2010\"\/><\/figure><\/div><div class=\"wp-block-themeisle-blocks-slider-item-wrapper glide__slide\" tabindex=\"0\"><figure><img decoding=\"async\" class=\"wp-block-themeisle-blocks-slider-item\" src=\"http:\/\/coelloglobal.com\/wp-content\/uploads\/2022\/11\/WhatsApp-Image-2022-11-14-at-12.36.57-PM-13-1.jpeg\" alt=\"\" title=\"\" data-id=\"2009\"\/><\/figure><\/div><div class=\"wp-block-themeisle-blocks-slider-item-wrapper glide__slide\" tabindex=\"0\"><figure><img decoding=\"async\" class=\"wp-block-themeisle-blocks-slider-item\" src=\"http:\/\/coelloglobal.com\/wp-content\/uploads\/2022\/11\/WhatsApp-Image-2022-11-14-at-12.36.57-PM-12-1.jpeg\" alt=\"\" title=\"\" data-id=\"2008\"\/><\/figure><\/div><div class=\"wp-block-themeisle-blocks-slider-item-wrapper glide__slide\" tabindex=\"0\"><figure><img decoding=\"async\" class=\"wp-block-themeisle-blocks-slider-item\" src=\"http:\/\/coelloglobal.com\/wp-content\/uploads\/2022\/11\/WhatsApp-Image-2022-11-14-at-12.36.57-PM-8-1.jpeg\" alt=\"\" title=\"\" data-id=\"2004\"\/><\/figure><\/div><div class=\"wp-block-themeisle-blocks-slider-item-wrapper glide__slide\" tabindex=\"0\"><figure><img decoding=\"async\" class=\"wp-block-themeisle-blocks-slider-item\" src=\"http:\/\/coelloglobal.com\/wp-content\/uploads\/2022\/11\/WhatsApp-Image-2022-11-14-at-1.15.24-PM-1.jpeg\" alt=\"\" title=\"\" data-id=\"1997\"\/><\/figure><\/div><div class=\"wp-block-themeisle-blocks-slider-item-wrapper glide__slide\" tabindex=\"0\"><figure><img decoding=\"async\" class=\"wp-block-themeisle-blocks-slider-item\" src=\"http:\/\/coelloglobal.com\/wp-content\/uploads\/2022\/11\/WhatsApp-Image-2022-11-14-at-12.36.57-PM-9-1.jpeg\" alt=\"\" title=\"\" data-id=\"2005\"\/><\/figure><\/div><div class=\"wp-block-themeisle-blocks-slider-item-wrapper glide__slide\" tabindex=\"0\"><figure><img decoding=\"async\" class=\"wp-block-themeisle-blocks-slider-item\" src=\"http:\/\/coelloglobal.com\/wp-content\/uploads\/2022\/11\/WhatsApp-Image-2022-11-14-at-12.36.57-PM-7-1.jpeg\" alt=\"\" title=\"\" data-id=\"2003\"\/><\/figure><\/div><div class=\"wp-block-themeisle-blocks-slider-item-wrapper glide__slide\" tabindex=\"0\"><figure><img decoding=\"async\" class=\"wp-block-themeisle-blocks-slider-item\" src=\"http:\/\/coelloglobal.com\/wp-content\/uploads\/2022\/11\/WhatsApp-Image-2022-11-14-at-12.36.57-PM-6-1.jpeg\" alt=\"\" title=\"\" data-id=\"2002\"\/><\/figure><\/div><div class=\"wp-block-themeisle-blocks-slider-item-wrapper glide__slide\" tabindex=\"0\"><figure><img decoding=\"async\" class=\"wp-block-themeisle-blocks-slider-item\" src=\"http:\/\/coelloglobal.com\/wp-content\/uploads\/2022\/11\/WhatsApp-Image-2022-11-14-at-12.36.57-PM-1-1.jpeg\" alt=\"\" title=\"\" data-id=\"1998\"\/><\/figure><\/div><div class=\"wp-block-themeisle-blocks-slider-item-wrapper glide__slide\" tabindex=\"0\"><figure><img decoding=\"async\" class=\"wp-block-themeisle-blocks-slider-item\" src=\"http:\/\/coelloglobal.com\/wp-content\/uploads\/2022\/11\/plano-valencia-201-1.jpeg\" alt=\"\" title=\"\" data-id=\"1987\"\/><\/figure><\/div><div class=\"wp-block-themeisle-blocks-slider-item-wrapper glide__slide\" tabindex=\"0\"><figure><img decoding=\"async\" class=\"wp-block-themeisle-blocks-slider-item\" src=\"http:\/\/coelloglobal.com\/wp-content\/uploads\/2022\/11\/certif-energ-1.jpg\" alt=\"\" title=\"\" data-id=\"1986\"\/><\/figure><\/div><div class=\"wp-block-themeisle-blocks-slider-item-wrapper glide__slide\" tabindex=\"0\"><figure><img decoding=\"async\" class=\"wp-block-themeisle-blocks-slider-item\" src=\"http:\/\/coelloglobal.com\/wp-content\/uploads\/2022\/07\/65-1.jpeg\" alt=\"\" title=\"\" data-id=\"1732\"\/><\/figure><\/div><\/div><div class=\"glide__arrows\" data-glide-el=\"controls\"><button class=\"glide__arrow glide__arrow--left\" data-glide-dir=\"<\"><svg xmlns=\"http:\/\/www.w3.org\/2000\/svg\" width=\"18\" height=\"18\" viewbox=\"0 0 100 100\" role=\"img\" aria-hidden=\"true\" focusable=\"false\"><path d=\"M 10,50 L 60,100 L 70,90 L 30,50  L 70,10 L 60,0 Z\"><\/path><\/svg><\/button><button class=\"glide__arrow glide__arrow--right\" data-glide-dir=\"&gt;\"><svg xmlns=\"http:\/\/www.w3.org\/2000\/svg\" width=\"18\" height=\"18\" viewbox=\"0 0 100 100\" role=\"img\" aria-hidden=\"true\" focusable=\"false\"><path d=\"M 10,50 L 60,100 L 70,90 L 30,50  L 70,10 L 60,0 Z\"><\/path><\/svg><\/button><\/div><div class=\"glide__bullets\" data-glide-el=\"controls[nav]\"><button class=\"glide__bullet\" data-glide-dir=\"=0\"><\/button><button class=\"glide__bullet\" data-glide-dir=\"=1\"><\/button><button class=\"glide__bullet\" data-glide-dir=\"=2\"><\/button><button class=\"glide__bullet\" data-glide-dir=\"=3\"><\/button><button class=\"glide__bullet\" data-glide-dir=\"=4\"><\/button><button class=\"glide__bullet\" data-glide-dir=\"=5\"><\/button><button class=\"glide__bullet\" data-glide-dir=\"=6\"><\/button><button class=\"glide__bullet\" data-glide-dir=\"=7\"><\/button><button class=\"glide__bullet\" data-glide-dir=\"=8\"><\/button><button class=\"glide__bullet\" data-glide-dir=\"=9\"><\/button><button class=\"glide__bullet\" data-glide-dir=\"=10\"><\/button><button class=\"glide__bullet\" data-glide-dir=\"=11\"><\/button><button class=\"glide__bullet\" data-glide-dir=\"=12\"><\/button><button class=\"glide__bullet\" data-glide-dir=\"=13\"><\/button><button class=\"glide__bullet\" data-glide-dir=\"=14\"><\/button><button class=\"glide__bullet\" data-glide-dir=\"=15\"><\/button><button class=\"glide__bullet\" data-glide-dir=\"=16\"><\/button><button class=\"glide__bullet\" data-glide-dir=\"=17\"><\/button><button class=\"glide__bullet\" data-glide-dir=\"=18\"><\/button><button class=\"glide__bullet\" data-glide-dir=\"=19\"><\/button><button class=\"glide__bullet\" data-glide-dir=\"=20\"><\/button><button class=\"glide__bullet\" data-glide-dir=\"=21\"><\/button><button class=\"glide__bullet\" data-glide-dir=\"=22\"><\/button><button class=\"glide__bullet\" data-glide-dir=\"=23\"><\/button><button class=\"glide__bullet\" data-glide-dir=\"=24\"><\/button><button class=\"glide__bullet\" data-glide-dir=\"=25\"><\/button><button class=\"glide__bullet\" data-glide-dir=\"=26\"><\/button><button class=\"glide__bullet\" data-glide-dir=\"=27\"><\/button><button class=\"glide__bullet\" data-glide-dir=\"=28\"><\/button><button class=\"glide__bullet\" data-glide-dir=\"=29\"><\/button><button class=\"glide__bullet\" data-glide-dir=\"=30\"><\/button><button class=\"glide__bullet\" data-glide-dir=\"=31\"><\/button><button class=\"glide__bullet\" data-glide-dir=\"=32\"><\/button><button class=\"glide__bullet\" data-glide-dir=\"=33\"><\/button><button class=\"glide__bullet\" data-glide-dir=\"=34\"><\/button><button class=\"glide__bullet\" data-glide-dir=\"=35\"><\/button><button class=\"glide__bullet\" data-glide-dir=\"=36\"><\/button><button class=\"glide__bullet\" data-glide-dir=\"=37\"><\/button><button class=\"glide__bullet\" data-glide-dir=\"=38\"><\/button><button class=\"glide__bullet\" data-glide-dir=\"=39\"><\/button><button class=\"glide__bullet\" data-glide-dir=\"=40\"><\/button><button class=\"glide__bullet\" data-glide-dir=\"=41\"><\/button><button class=\"glide__bullet\" data-glide-dir=\"=42\"><\/button><button class=\"glide__bullet\" data-glide-dir=\"=43\"><\/button><button class=\"glide__bullet\" data-glide-dir=\"=44\"><\/button><\/div><\/div><\/div>\n\n\n\n<figure class=\"wp-block-embed-youtube wp-block-embed is-type-video is-provider-youtube wp-embed-aspect-16-9 wp-has-aspect-ratio\"><div class=\"wp-block-embed__wrapper\">\n<iframe loading=\"lazy\" title=\"Property for Sale In Barcelona C\/ Enric Granados\" width=\"525\" height=\"295\" src=\"https:\/\/www.youtube.com\/embed\/hQuJXby3NsA?feature=oembed\" frameborder=\"0\" allow=\"accelerometer; autoplay; clipboard-write; encrypted-media; gyroscope; picture-in-picture; web-share\" referrerpolicy=\"strict-origin-when-cross-origin\" allowfullscreen><\/iframe>\n<\/div><\/figure>\n\n\n\n<p><strong>PRECIO: 725.000 \u20ac<\/strong><\/p>\n\n\n\n<p>EIXAMPLE-BARCELONA-c\/ ENRIC GRANADO  \u00c1tico Reformado 116 m2- 3hab- 3 ba\u00f1os- 2 balcones <\/p>\n\n\n\n<p>\u00c1tico en venta en Enric Granados<\/p>\n\n\n\n<p>Coello Global vende vivienda reformada a estrenar con altas calidades, en\nla zona de calle Valencia y Enric Granados en Barcelona.<\/p>\n\n\n\n<p>Gran Oportunidad se vende inmueble de 115 m2, reformado \u00edntegramente a\nestrenar con acabados de primera calidad.<br>\nEl inmueble es una sexta planta, ATICO en finca moderna con ascensor. <\/p>\n\n\n\n<p>La vivienda es exterior con vistas a la calle Valencia y Enric Granados. Consta\nde 3 habitaciones, 2 de ellas en suit con ba\u00f1o privado y vestidor, cocina\nestilo americano equipada con electrodom\u00e9sticos (nevera, lavadora,\nlavavajillas, horno, microondas, placa de cocina, campana), sal\u00f3n-comedor con\nvistas al exterior, 3 ba\u00f1os completos. Consta de 2 balcones uno a la calle\nValencia y Enric Granados. <br>\nSuelo de parquet, ventanas de aluminio doble cristal, puertas de madera, aire acondicionado\ncon bomba de calor.<\/p>\n\n\n\n<p>El Inmueble se encuentra ubicada en una zona exclusiva. El \u00e1tico &nbsp;se encuentra orientado al mar, orientaci\u00f3n sur, &nbsp;cerca de transporte p\u00fablico, parada de buses, metro, cerca de comercios, supermercados, colegios, restaurantes.<br>  <\/p>\n\n\n\n<p>Para mayor informaci\u00f3n cont\u00e1ctanos<br>\nNo dudes en venir a visitarlo.<\/p>\n\n\n\n<p>COELLO GLOBAL FINANCIAMIENTO: le proporcionamos asesoramiento financiero y\nte ayudamos a conseguir financiamiento para la adquisici\u00f3n de tu inmueble. <\/p>\n\n\n\n<p>COELLO GLOBAL GESTION PATRIMONIAL: Le asesoramos las mejores opciones para\ngestionar su matrimonio. <\/p>\n\n\n\n<p>Para m\u00e1s informaci\u00f3n cont\u00e1ctanos.<\/p>\n\n\n\n<p><strong>CARACTER\u00cdSTICAS B\u00c1SICAS DEL INMUEBLE<\/strong><\/p>\n\n\n\n<ul class=\"wp-block-list\"><li> 115  m\u00b2<\/li><li>3 habitaciones, dos en Suit con vestidor y ba\u00f1o<\/li><li>Comedor<\/li><li>Sal\u00f3n<\/li><li>Cocina Americana equipada con electrodom\u00e9sticos<\/li><li>3 ba\u00f1o completos<\/li><li>6 \u00aa planta \u2013 exterior<\/li><li>calefacci\u00f3n individual.<\/li><li> Ascensor<\/li><li>Reformado a estrenar<\/li><li>Aire acondicionado<\/li><\/ul>\n\n\n\n<p><strong>English Version <\/strong><\/p>\n\n\n\n<p>Coello Global\nis currently placing into the market&nbsp; a refurbished property with state of\nthe art finishings in premiere occupancy for new owners.<\/p>\n\n\n\n<p>Located in Valencia\/ Enric Granados&nbsp; street area in Barcelona,<\/p>\n\n\n\n<p>Flat of 115 sqm&nbsp; totally refurbished to enter in premiere.<\/p>\n\n\n\n<p>Flat is a sixth floor, a penthouse with lifter in a\nmodernist building with external views to Valencia and Enric Granados street.<\/p>\n\n\n\n<p>Is composed\nby 3 rooms , two of them ensuite, with private bath grooming area americam\nkitchen fully equipped with wares ( fridge, washing machine, owen,&nbsp; microwave,\ninduction heating, smoke extraction) living room with exterior views , 3\ncomplete bathrooms , two balconies viewing Valencia and Enric Granados&nbsp; Street.<\/p>\n\n\n\n<p>Wooden floors , aluminium windows&nbsp; with double\nglass , wooden doors , air conditioned with heating pump.<\/p>\n\n\n\n<p>The flat is locatedin an exclusive \u00e1rea, sea oriented south . Near public transport , bus stop , subway , supermarkets in near proximity restaurants and schools.<\/p>\n\n\n\n<p>Being you interested flat can be visited.<\/p>\n\n\n\n<p>COELLO GLOBAL&nbsp; FINANCING: We provide financing\nintruments ,&nbsp; advise .and guidance for you to find the best solutions for\nyour real state purchasing and investment.<\/p>\n\n\n\n<p>COELLO GLOBAL WEALTH MANAGEMENT: We provide bespoke\nadvice for your optimum investments and assests solutions. <\/p>\n\n\n\n<p>Contact us for further information.<\/p>\n","protected":false},"excerpt":{"rendered":"<p>PRECIO: 725.000 \u20ac EIXAMPLE-BARCELONA-c\/ ENRIC GRANADO \u00c1tico Reformado 116 m2- 3hab- 3 ba\u00f1os- 2 balcones \u00c1tico en venta en Enric Granados Coello Global vende vivienda reformada a estrenar con altas calidades, en la zona de calle Valencia y Enric Granados en Barcelona. Gran Oportunidad se vende inmueble de 115 m2, reformado \u00edntegramente a estrenar con &hellip; <\/p>\n<p class=\"link-more\"><a href=\"https:\/\/coelloglobal.com\/index.php\/atico-en-venta-en-enrique-granados-barcelona\/\" class=\"more-link\">Continue reading<span class=\"screen-reader-text\"> &#8220;Venta piso Barcelona 725.000 \u20ac Ref: CG 0022&#8221;<\/span><\/a><\/p>\n","protected":false},"author":1,"featured_media":2002,"parent":0,"menu_order":0,"comment_status":"closed","ping_status":"closed","template":"","meta":{"footnotes":""},"class_list":["post-1744","page","type-page","status-publish","has-post-thumbnail","hentry"],"_links":{"self":[{"href":"https:\/\/coelloglobal.com\/index.php\/wp-json\/wp\/v2\/pages\/1744","targetHints":{"allow":["GET"]}}],"collection":[{"href":"https:\/\/coelloglobal.com\/index.php\/wp-json\/wp\/v2\/pages"}],"about":[{"href":"https:\/\/coelloglobal.com\/index.php\/wp-json\/wp\/v2\/types\/page"}],"author":[{"embeddable":true,"href":"https:\/\/coelloglobal.com\/index.php\/wp-json\/wp\/v2\/users\/1"}],"replies":[{"embeddable":true,"href":"https:\/\/coelloglobal.com\/index.php\/wp-json\/wp\/v2\/comments?post=1744"}],"version-history":[{"count":12,"href":"https:\/\/coelloglobal.com\/index.php\/wp-json\/wp\/v2\/pages\/1744\/revisions"}],"predecessor-version":[{"id":3178,"href":"https:\/\/coelloglobal.com\/index.php\/wp-json\/wp\/v2\/pages\/1744\/revisions\/3178"}],"wp:featuredmedia":[{"embeddable":true,"href":"https:\/\/coelloglobal.com\/index.php\/wp-json\/wp\/v2\/media\/2002"}],"wp:attachment":[{"href":"https:\/\/coelloglobal.com\/index.php\/wp-json\/wp\/v2\/media?parent=1744"}],"curies":[{"name":"wp","href":"https:\/\/api.w.org\/{rel}","templated":true}]}}