{"id":211,"date":"2020-03-26T14:39:10","date_gmt":"2020-03-26T14:39:10","guid":{"rendered":"http:\/\/coelloglobal.com\/?page_id=211"},"modified":"2026-01-20T19:54:46","modified_gmt":"2026-01-20T19:54:46","slug":"financiamiento","status":"publish","type":"page","link":"https:\/\/coelloglobal.com\/index.php\/financiamiento\/","title":{"rendered":"Financiaci\u00f3n"},"content":{"rendered":"\n<p><strong>FINANCIACI\u00d3N<\/strong><\/p>\n\n\n\n<p><strong> Coello Global ofrece asesoramiento personalizado para la financiaci\u00f3n de sus operaciones  inmobiliarias. <\/strong><\/p>\n\n\n\n<p><strong>Contamos con la colaboraci\u00f3n de bancos e instituciones financieras internacionales de primer nivel, de este modo, creando soluciones integrales para nuestros clientes.<\/strong> <\/p>\n\n\n\n<p><strong>Coello Global proporciona soluciones financieras e hipotecarias para nuestros clientes, sean estos de Espa\u00f1a o EEUU y ciudadanos no comunitarios. Soluciones ofrecidas a nuestros clientes a trav\u00e9s de bancos y entidades financieras de primer nivel. Con un servicio personalizado a cada caso y necesidad del cliente<\/strong><\/p>\n\n\n\n<figure class=\"wp-block-image size-thumbnail\"><img loading=\"lazy\" decoding=\"async\" width=\"150\" height=\"150\" src=\"http:\/\/coelloglobal.com\/wp-content\/uploads\/2022\/06\/falg-uk-150x150.jpg\" alt=\"\" class=\"wp-image-1667\" srcset=\"https:\/\/coelloglobal.com\/wp-content\/uploads\/2022\/06\/falg-uk-150x150.jpg 150w, https:\/\/coelloglobal.com\/wp-content\/uploads\/2022\/06\/falg-uk-100x100.jpg 100w\" sizes=\"auto, (max-width: 150px) 100vw, 150px\" \/><\/figure>\n\n\n\n<p><strong>FINANCING<\/strong><\/p>\n\n\n\n<p> <strong>Coello Global offers bespoke advice for the financing of your Real Estate transactions. <\/strong><\/p>\n\n\n\n<p><strong>We count as stakeholders Top Tier International Banks and Financial Institutions, thus, creating all in solutions for our Customers. <\/strong><\/p>\n\n\n\n<p><strong>Coello Global provides financial and mortgage solutions for our customers being them from Spain or EEUU and non European Union Citizens. <\/strong><\/p>\n\n\n\n<p><strong>Solutions&nbsp; offered to our clients through top tier banks and financial entities.<\/strong><\/p>\n\n\n\n<p><strong>With  bespoke services upon each customer case and needs. <\/strong><\/p>\n","protected":false},"excerpt":{"rendered":"<p>FINANCIACI\u00d3N Coello Global ofrece asesoramiento personalizado para la financiaci\u00f3n de sus operaciones inmobiliarias. Contamos con la colaboraci\u00f3n de bancos e instituciones financieras internacionales de primer nivel, de este modo, creando soluciones integrales para nuestros clientes. Coello Global proporciona soluciones financieras e hipotecarias para nuestros clientes, sean estos de Espa\u00f1a o EEUU y ciudadanos no comunitarios. &hellip; <\/p>\n<p class=\"link-more\"><a href=\"https:\/\/coelloglobal.com\/index.php\/financiamiento\/\" class=\"more-link\">Continue reading<span class=\"screen-reader-text\"> &#8220;Financiaci\u00f3n&#8221;<\/span><\/a><\/p>\n","protected":false},"author":1,"featured_media":4510,"parent":0,"menu_order":0,"comment_status":"closed","ping_status":"closed","template":"","meta":{"footnotes":""},"class_list":["post-211","page","type-page","status-publish","has-post-thumbnail","hentry"],"_links":{"self":[{"href":"https:\/\/coelloglobal.com\/index.php\/wp-json\/wp\/v2\/pages\/211","targetHints":{"allow":["GET"]}}],"collection":[{"href":"https:\/\/coelloglobal.com\/index.php\/wp-json\/wp\/v2\/pages"}],"about":[{"href":"https:\/\/coelloglobal.com\/index.php\/wp-json\/wp\/v2\/types\/page"}],"author":[{"embeddable":true,"href":"https:\/\/coelloglobal.com\/index.php\/wp-json\/wp\/v2\/users\/1"}],"replies":[{"embeddable":true,"href":"https:\/\/coelloglobal.com\/index.php\/wp-json\/wp\/v2\/comments?post=211"}],"version-history":[{"count":21,"href":"https:\/\/coelloglobal.com\/index.php\/wp-json\/wp\/v2\/pages\/211\/revisions"}],"predecessor-version":[{"id":4512,"href":"https:\/\/coelloglobal.com\/index.php\/wp-json\/wp\/v2\/pages\/211\/revisions\/4512"}],"wp:featuredmedia":[{"embeddable":true,"href":"https:\/\/coelloglobal.com\/index.php\/wp-json\/wp\/v2\/media\/4510"}],"wp:attachment":[{"href":"https:\/\/coelloglobal.com\/index.php\/wp-json\/wp\/v2\/media?parent=211"}],"curies":[{"name":"wp","href":"https:\/\/api.w.org\/{rel}","templated":true}]}}