{"id":2740,"date":"2023-10-02T20:09:14","date_gmt":"2023-10-02T20:09:14","guid":{"rendered":"http:\/\/coelloglobal.com\/?page_id=2740"},"modified":"2023-10-21T10:46:03","modified_gmt":"2023-10-21T10:46:03","slug":"venta-villa-denia-4-790-000-e","status":"publish","type":"page","link":"https:\/\/coelloglobal.com\/index.php\/venta-villa-denia-4-790-000-e\/","title":{"rendered":"Venta Villa Denia 4.790.000 \u20ac Ref: CG0028"},"content":{"rendered":"\n<div id=\"wp-block-themeisle-blocks-slider-8101ef4a\" class=\"wp-block-themeisle-blocks-slider glide\" data-per-view=\"1\" data-gap=\"0\" data-peek=\"0\" data-autoplay=\"true\" data-height=\"400px\"><div class=\"glide__track\" data-glide-el=\"track\"><div class=\"glide__slides\"><div class=\"wp-block-themeisle-blocks-slider-item-wrapper glide__slide\" tabindex=\"0\"><figure><img decoding=\"async\" class=\"wp-block-themeisle-blocks-slider-item\" src=\"http:\/\/coelloglobal.com\/wp-content\/uploads\/2023\/10\/foto-1-2.jpg\" alt=\"\" title=\"\" data-id=\"2741\"\/><\/figure><\/div><div class=\"wp-block-themeisle-blocks-slider-item-wrapper glide__slide\" tabindex=\"0\"><figure><img decoding=\"async\" class=\"wp-block-themeisle-blocks-slider-item\" src=\"http:\/\/coelloglobal.com\/wp-content\/uploads\/2023\/10\/foto-2-2.jpg\" alt=\"\" title=\"\" data-id=\"2742\"\/><\/figure><\/div><div class=\"wp-block-themeisle-blocks-slider-item-wrapper glide__slide\" tabindex=\"0\"><figure><img decoding=\"async\" class=\"wp-block-themeisle-blocks-slider-item\" src=\"http:\/\/coelloglobal.com\/wp-content\/uploads\/2023\/10\/foto-3-6.jpg\" alt=\"\" title=\"\" data-id=\"2743\"\/><\/figure><\/div><div class=\"wp-block-themeisle-blocks-slider-item-wrapper glide__slide\" tabindex=\"0\"><figure><img decoding=\"async\" class=\"wp-block-themeisle-blocks-slider-item\" src=\"http:\/\/coelloglobal.com\/wp-content\/uploads\/2023\/10\/foto-4-2.jpg\" alt=\"\" title=\"\" data-id=\"2744\"\/><\/figure><\/div><div class=\"wp-block-themeisle-blocks-slider-item-wrapper glide__slide\" tabindex=\"0\"><figure><img decoding=\"async\" class=\"wp-block-themeisle-blocks-slider-item\" src=\"http:\/\/coelloglobal.com\/wp-content\/uploads\/2023\/10\/foto-5-2.jpg\" alt=\"\" title=\"\" data-id=\"2745\"\/><\/figure><\/div><div class=\"wp-block-themeisle-blocks-slider-item-wrapper glide__slide\" tabindex=\"0\"><figure><img decoding=\"async\" class=\"wp-block-themeisle-blocks-slider-item\" src=\"http:\/\/coelloglobal.com\/wp-content\/uploads\/2023\/10\/foto-6-2.jpg\" alt=\"\" title=\"\" data-id=\"2746\"\/><\/figure><\/div><div class=\"wp-block-themeisle-blocks-slider-item-wrapper glide__slide\" tabindex=\"0\"><figure><img decoding=\"async\" class=\"wp-block-themeisle-blocks-slider-item\" src=\"http:\/\/coelloglobal.com\/wp-content\/uploads\/2023\/10\/foto-7-2.jpg\" alt=\"\" title=\"\" data-id=\"2747\"\/><\/figure><\/div><div class=\"wp-block-themeisle-blocks-slider-item-wrapper glide__slide\" tabindex=\"0\"><figure><img decoding=\"async\" class=\"wp-block-themeisle-blocks-slider-item\" src=\"http:\/\/coelloglobal.com\/wp-content\/uploads\/2023\/10\/foto-8-2.jpg\" alt=\"\" title=\"\" data-id=\"2748\"\/><\/figure><\/div><div class=\"wp-block-themeisle-blocks-slider-item-wrapper glide__slide\" tabindex=\"0\"><figure><img decoding=\"async\" class=\"wp-block-themeisle-blocks-slider-item\" src=\"http:\/\/coelloglobal.com\/wp-content\/uploads\/2023\/10\/foto-9-2.jpg\" alt=\"\" title=\"\" data-id=\"2749\"\/><\/figure><\/div><div class=\"wp-block-themeisle-blocks-slider-item-wrapper glide__slide\" tabindex=\"0\"><figure><img decoding=\"async\" class=\"wp-block-themeisle-blocks-slider-item\" src=\"http:\/\/coelloglobal.com\/wp-content\/uploads\/2023\/10\/foto-10-2.jpg\" alt=\"\" title=\"\" data-id=\"2750\"\/><\/figure><\/div><div class=\"wp-block-themeisle-blocks-slider-item-wrapper glide__slide\" tabindex=\"0\"><figure><img decoding=\"async\" class=\"wp-block-themeisle-blocks-slider-item\" src=\"http:\/\/coelloglobal.com\/wp-content\/uploads\/2023\/10\/foto-11-2.jpg\" alt=\"\" title=\"\" data-id=\"2751\"\/><\/figure><\/div><div class=\"wp-block-themeisle-blocks-slider-item-wrapper glide__slide\" tabindex=\"0\"><figure><img decoding=\"async\" class=\"wp-block-themeisle-blocks-slider-item\" src=\"http:\/\/coelloglobal.com\/wp-content\/uploads\/2023\/10\/foto-12-2.jpg\" alt=\"\" title=\"\" data-id=\"2752\"\/><\/figure><\/div><div class=\"wp-block-themeisle-blocks-slider-item-wrapper glide__slide\" tabindex=\"0\"><figure><img decoding=\"async\" class=\"wp-block-themeisle-blocks-slider-item\" src=\"http:\/\/coelloglobal.com\/wp-content\/uploads\/2023\/10\/foto-13-2.jpg\" alt=\"\" title=\"\" data-id=\"2753\"\/><\/figure><\/div><div class=\"wp-block-themeisle-blocks-slider-item-wrapper glide__slide\" tabindex=\"0\"><figure><img decoding=\"async\" class=\"wp-block-themeisle-blocks-slider-item\" src=\"http:\/\/coelloglobal.com\/wp-content\/uploads\/2023\/10\/foto-14-1.jpg\" alt=\"\" title=\"\" data-id=\"2754\"\/><\/figure><\/div><div class=\"wp-block-themeisle-blocks-slider-item-wrapper glide__slide\" tabindex=\"0\"><figure><img decoding=\"async\" class=\"wp-block-themeisle-blocks-slider-item\" src=\"http:\/\/coelloglobal.com\/wp-content\/uploads\/2023\/10\/foto-15-1.jpg\" alt=\"\" title=\"\" data-id=\"2755\"\/><\/figure><\/div><div class=\"wp-block-themeisle-blocks-slider-item-wrapper glide__slide\" tabindex=\"0\"><figure><img decoding=\"async\" class=\"wp-block-themeisle-blocks-slider-item\" src=\"http:\/\/coelloglobal.com\/wp-content\/uploads\/2023\/10\/foto-16-1.jpg\" alt=\"\" title=\"\" data-id=\"2756\"\/><\/figure><\/div><div class=\"wp-block-themeisle-blocks-slider-item-wrapper glide__slide\" tabindex=\"0\"><figure><img decoding=\"async\" class=\"wp-block-themeisle-blocks-slider-item\" src=\"http:\/\/coelloglobal.com\/wp-content\/uploads\/2023\/10\/foto-17-1.jpg\" alt=\"\" title=\"\" data-id=\"2757\"\/><\/figure><\/div><div class=\"wp-block-themeisle-blocks-slider-item-wrapper glide__slide\" tabindex=\"0\"><figure><img decoding=\"async\" class=\"wp-block-themeisle-blocks-slider-item\" src=\"http:\/\/coelloglobal.com\/wp-content\/uploads\/2023\/10\/foto-18-1.jpg\" alt=\"\" title=\"\" data-id=\"2758\"\/><\/figure><\/div><div class=\"wp-block-themeisle-blocks-slider-item-wrapper glide__slide\" tabindex=\"0\"><figure><img decoding=\"async\" class=\"wp-block-themeisle-blocks-slider-item\" src=\"http:\/\/coelloglobal.com\/wp-content\/uploads\/2023\/10\/foto-19-1.jpg\" alt=\"\" title=\"\" data-id=\"2759\"\/><\/figure><\/div><div class=\"wp-block-themeisle-blocks-slider-item-wrapper glide__slide\" tabindex=\"0\"><figure><img decoding=\"async\" class=\"wp-block-themeisle-blocks-slider-item\" src=\"http:\/\/coelloglobal.com\/wp-content\/uploads\/2023\/10\/foto-20-1.jpg\" alt=\"\" title=\"\" data-id=\"2760\"\/><\/figure><\/div><\/div><div class=\"glide__arrows\" data-glide-el=\"controls\"><button class=\"glide__arrow glide__arrow--left\" data-glide-dir=\"<\"><svg xmlns=\"http:\/\/www.w3.org\/2000\/svg\" width=\"18\" height=\"18\" viewbox=\"0 0 100 100\" role=\"img\" aria-hidden=\"true\" focusable=\"false\"><path d=\"M 10,50 L 60,100 L 70,90 L 30,50  L 70,10 L 60,0 Z\"><\/path><\/svg><\/button><button class=\"glide__arrow glide__arrow--right\" data-glide-dir=\"&gt;\"><svg xmlns=\"http:\/\/www.w3.org\/2000\/svg\" width=\"18\" height=\"18\" viewbox=\"0 0 100 100\" role=\"img\" aria-hidden=\"true\" focusable=\"false\"><path d=\"M 10,50 L 60,100 L 70,90 L 30,50  L 70,10 L 60,0 Z\"><\/path><\/svg><\/button><\/div><div class=\"glide__bullets\" data-glide-el=\"controls[nav]\"><button class=\"glide__bullet\" data-glide-dir=\"=0\"><\/button><button class=\"glide__bullet\" data-glide-dir=\"=1\"><\/button><button class=\"glide__bullet\" data-glide-dir=\"=2\"><\/button><button class=\"glide__bullet\" data-glide-dir=\"=3\"><\/button><button class=\"glide__bullet\" data-glide-dir=\"=4\"><\/button><button class=\"glide__bullet\" data-glide-dir=\"=5\"><\/button><button class=\"glide__bullet\" data-glide-dir=\"=6\"><\/button><button class=\"glide__bullet\" data-glide-dir=\"=7\"><\/button><button class=\"glide__bullet\" data-glide-dir=\"=8\"><\/button><button class=\"glide__bullet\" data-glide-dir=\"=9\"><\/button><button class=\"glide__bullet\" data-glide-dir=\"=10\"><\/button><button class=\"glide__bullet\" data-glide-dir=\"=11\"><\/button><button class=\"glide__bullet\" data-glide-dir=\"=12\"><\/button><button class=\"glide__bullet\" data-glide-dir=\"=13\"><\/button><button class=\"glide__bullet\" data-glide-dir=\"=14\"><\/button><button class=\"glide__bullet\" data-glide-dir=\"=15\"><\/button><button class=\"glide__bullet\" data-glide-dir=\"=16\"><\/button><button class=\"glide__bullet\" data-glide-dir=\"=17\"><\/button><button class=\"glide__bullet\" data-glide-dir=\"=18\"><\/button><button class=\"glide__bullet\" data-glide-dir=\"=19\"><\/button><\/div><\/div><\/div>\n\n\n\n<figure class=\"wp-block-table\"><table class=\"\"><tbody><tr><td>\n  Venta Villa \u2013 Denia \u2013 Valencia\n  Calle: \n  Ref: CGOO28\n  <\/td><\/tr><\/tbody><\/table><\/figure>\n\n\n\n<p>Venta Villa\nen Denia &#8211; Valencia, 12 Piezas, 10 Dormitorios, 1684 M\u00b2, 4.790.000 \u20ac<\/p>\n\n\n\n<ul class=\"wp-block-list\"><li>4.790.000 \u20ac<\/li><li>Piezas 12 piezas <\/li><li>Superficie 1684 m\u00b2 <\/li><li>10 Dormitorios<\/li><li>1 Cocina equipada estilo\namericana<\/li><li>11 Cuartos de ba\u00f1o<\/li><li>1 aseos <\/li><li>2 Aparcamiento interior<\/li><li>2 Aparcamiento exterior<\/li><li>1 Terreno \u2013 Jard\u00edn 19.660 m2<\/li><li>1 Piscina <\/li><li>8 Terrazas <\/li><li>A 200 metros de la playa<\/li><li>Vistas al mar<\/li><li>Prestaciones: Internet, Portero\nautom\u00e1tico<\/li><\/ul>\n\n\n\n<h1 class=\"wp-block-heading\">English Version<\/h1>\n\n\n\n<figure class=\"wp-block-table\"><table class=\"\"><tbody><tr><td>\n  For Sale&nbsp; VILLA in&nbsp;\n  DENIA &#8211; VALENCIA\n  Calle:\n  Ref: CG0028\n  <\/td><\/tr><\/tbody><\/table><\/figure>\n\n\n\n<p>For Sale VILLA in\nDENIA \u2013 VALENCIA, 12 Rooms,\n10 Bedrooms, 1684 M\u00b2, \u20ac 4.790.000 \u20ac<\/p>\n\n\n\n<ul class=\"wp-block-list\"><li>\u20ac 4.790,000<\/li><li>Rooms 12 rooms<\/li><li>Area 1,684 m\u00b2<\/li><li>10 Bedrooms<\/li><li>1 Amercian\nstyle equipped Kitchen<\/li><li>11 Bathrooms<\/li><li>1 Aseos &#8211; Lavatory<\/li><li>2 Indoor parkings<\/li><li>2 Outdoor parkings <\/li><li>1 Land &#8211; Garden 19.660 m2<\/li><li>1 Pool<\/li><li>8 Terraces<\/li><li>At 200 meters from the beach<\/li><li>View Panoramic Sea<\/li><li>Services: Internet, Intercom <\/li><\/ul>\n\n\n\n<p>Region: Costa Blanca<\/p>\n\n\n\n<p>Exceptional New Villa<\/p>\n\n\n\n<p>Model:HIPERION<\/p>\n\n\n\n<p>Characteristics: 10 bedrooms, 11 bathrooms, Open kitchen, Dining room,\n&#8230; etc&#8230;<\/p>\n\n\n\n<p>Land of 19660 m2<\/p>\n\n\n\n<p>Large infinity pool.<\/p>\n\n\n\n<p>Exclusive luxury villa located in a residential area and in a heavenly\nenvironment. just 200m from the beach.<\/p>\n\n\n\n<p>The objective of each of our architectural projects is to combine\nquality and innovation in order to be able to offer our clients exclusive and functional\nhomes and constructions according to their needs.<\/p>\n\n\n\n<p>Each architectural project starts from a personalized idea and results\nin a work with a refined style based on strict quality criteria. Our passion\nfor architecture pushes us to stay up to date in order to integrate the most\nmodern and innovative construction techniques.<\/p>\n\n\n\n<p>Brand new, 10 year warranty<\/p>\n\n\n\n<p>Available 2024<\/p>\n\n\n\n<h1 class=\"wp-block-heading\">\u00a0Version Fran\u00e7ais<\/h1>\n\n\n\n<figure class=\"wp-block-table\"><table class=\"\"><tbody><tr><td>\n  Vente VILLA \u2013 DENIA- VALENCIA\n  Calle:\n  Ref: CG0027\n  <\/td><\/tr><\/tbody><\/table><\/figure>\n\n\n\n<p>Vente VILLA\n\u2013 DENIA \u2013 VALENCIA, 12 Pi\u00e8ces,\n10 Chambres, 1.684 M\u00b2, 4.790.000 \u20ac<\/p>\n\n\n\n<ul class=\"wp-block-list\"><li>4.790.000 \u20ac<\/li><li>Pi\u00e8ces 12 pi\u00e8ces<\/li><li>Surface 1.684 m\u00b2<\/li><li>10 Chambres<\/li><li>1 Cuisine Am\u00e9nag\u00e9e\net Equip\u00e9e Am\u00e9ricaine<\/li><li>11 Salles de bains<\/li><li>1 aseos de bains<\/li><li>2 Parking int\u00e9rieurs<\/li><li>2 Parking ext\u00e9rieurs<\/li><li>1 terrain\nde 19.660 m2<\/li><li>1 Grande Piscine \u00e0 d\u00e9bordement<\/li><li>8 Terrazas<\/li><li>\u00c0 seulement 200 m de la plage.<\/li><li>Vue: Panoramique Mer<\/li><li>Prestations: Internet, Interphone,<\/li><\/ul>\n\n\n\n<p>R\u00e9gion:\nCosta Blanca<br>\n<br>\nVilla Neuve Exceptionnelle<br>\nMod\u00e8le:HIPERION<br>\n<br>\nCaract\u00e9ristiques: 10 chambres, 11 salles de bain ,\nCuisine ouverte, Salle \u00e0 manger, &#8230; etc &#8230;<br>\n<br>\nTerrain de 19660 m2<br>\nGrande Piscine \u00e0 d\u00e9bordement.<br>\n<br>\nVilla de luxe exclusive situ\u00e9e dans un quartier\nr\u00e9sidentiel et dans un environnement paradisiaque. \u00e0 seulement 200m de la plage.<br>\n<br>\nL&#8217;objectif de chacun de nos projets architecturaux\nest de combiner qualit\u00e9 et innovation afin de pouvoir offrir \u00e0 nos clients des\nmaisons et des constructions exclusives et fonctionnelles en fonction de leurs\nbesoins.<br>\n<br>\nChaque projet architectural part d&#8217;une id\u00e9e\npersonnalis\u00e9e et aboutit \u00e0 un ouvrage au style raffin\u00e9 bas\u00e9 sur des crit\u00e8res de\nqualit\u00e9 stricts. Notre passion pour l&#8217;architecture nous pousse \u00e0 nous tenir \u00e0\njour afin d&#8217;int\u00e9grer les techniques de construction les plus modernes et\ninnovantes.<br>\n<br>\nTout Neuf, Garantie 10 ans<br>\n<br>\nDisponible 2024<br><\/p>\n\n\n\n<p>\u00a0<\/p>\n","protected":false},"excerpt":{"rendered":"<p>Venta Villa \u2013 Denia \u2013 Valencia Calle: Ref: CGOO28 Venta Villa en Denia &#8211; Valencia, 12 Piezas, 10 Dormitorios, 1684 M\u00b2, 4.790.000 \u20ac 4.790.000 \u20ac Piezas 12 piezas Superficie 1684 m\u00b2 10 Dormitorios 1 Cocina equipada estilo americana 11 Cuartos de ba\u00f1o 1 aseos 2 Aparcamiento interior 2 Aparcamiento exterior 1 Terreno \u2013 Jard\u00edn 19.660 &hellip; <\/p>\n<p class=\"link-more\"><a href=\"https:\/\/coelloglobal.com\/index.php\/venta-villa-denia-4-790-000-e\/\" class=\"more-link\">Continue reading<span class=\"screen-reader-text\"> &#8220;Venta Villa Denia 4.790.000 \u20ac Ref: CG0028&#8221;<\/span><\/a><\/p>\n","protected":false},"author":1,"featured_media":2744,"parent":0,"menu_order":0,"comment_status":"closed","ping_status":"closed","template":"","meta":{"footnotes":""},"class_list":["post-2740","page","type-page","status-publish","has-post-thumbnail","hentry"],"_links":{"self":[{"href":"https:\/\/coelloglobal.com\/index.php\/wp-json\/wp\/v2\/pages\/2740","targetHints":{"allow":["GET"]}}],"collection":[{"href":"https:\/\/coelloglobal.com\/index.php\/wp-json\/wp\/v2\/pages"}],"about":[{"href":"https:\/\/coelloglobal.com\/index.php\/wp-json\/wp\/v2\/types\/page"}],"author":[{"embeddable":true,"href":"https:\/\/coelloglobal.com\/index.php\/wp-json\/wp\/v2\/users\/1"}],"replies":[{"embeddable":true,"href":"https:\/\/coelloglobal.com\/index.php\/wp-json\/wp\/v2\/comments?post=2740"}],"version-history":[{"count":5,"href":"https:\/\/coelloglobal.com\/index.php\/wp-json\/wp\/v2\/pages\/2740\/revisions"}],"predecessor-version":[{"id":4095,"href":"https:\/\/coelloglobal.com\/index.php\/wp-json\/wp\/v2\/pages\/2740\/revisions\/4095"}],"wp:featuredmedia":[{"embeddable":true,"href":"https:\/\/coelloglobal.com\/index.php\/wp-json\/wp\/v2\/media\/2744"}],"wp:attachment":[{"href":"https:\/\/coelloglobal.com\/index.php\/wp-json\/wp\/v2\/media?parent=2740"}],"curies":[{"name":"wp","href":"https:\/\/api.w.org\/{rel}","templated":true}]}}