{"id":3255,"date":"2023-10-11T16:29:37","date_gmt":"2023-10-11T16:29:37","guid":{"rendered":"http:\/\/coelloglobal.com\/?page_id=3255"},"modified":"2023-10-11T16:46:40","modified_gmt":"2023-10-11T16:46:40","slug":"venta-piso-ciudad-quesada-alicante-2-250-000-e-ref-cg0044","status":"publish","type":"page","link":"https:\/\/coelloglobal.com\/index.php\/venta-piso-ciudad-quesada-alicante-2-250-000-e-ref-cg0044\/","title":{"rendered":"Venta Piso Ciudad Quesada Alicante- 2.250.000 \u20ac Ref: CG0044"},"content":{"rendered":"\n<div id=\"wp-block-themeisle-blocks-slider-ed9e2051\" class=\"wp-block-themeisle-blocks-slider glide\" data-per-view=\"1\" data-gap=\"0\" data-peek=\"0\" data-autoplay=\"true\" data-height=\"400px\"><div class=\"glide__track\" data-glide-el=\"track\"><div class=\"glide__slides\"><div class=\"wp-block-themeisle-blocks-slider-item-wrapper glide__slide\" tabindex=\"0\"><figure><img decoding=\"async\" class=\"wp-block-themeisle-blocks-slider-item\" src=\"http:\/\/coelloglobal.com\/wp-content\/uploads\/2023\/10\/foto-3-26.jpg\" alt=\"\" title=\"\" data-id=\"3276\"\/><\/figure><\/div><div class=\"wp-block-themeisle-blocks-slider-item-wrapper glide__slide\" tabindex=\"0\"><figure><img decoding=\"async\" class=\"wp-block-themeisle-blocks-slider-item\" src=\"http:\/\/coelloglobal.com\/wp-content\/uploads\/2023\/10\/foto-4-22.jpg\" alt=\"\" title=\"\" data-id=\"3277\"\/><\/figure><\/div><div class=\"wp-block-themeisle-blocks-slider-item-wrapper glide__slide\" tabindex=\"0\"><figure><img decoding=\"async\" class=\"wp-block-themeisle-blocks-slider-item\" src=\"http:\/\/coelloglobal.com\/wp-content\/uploads\/2023\/10\/foto-5-19.jpg\" alt=\"\" title=\"\" data-id=\"3278\"\/><\/figure><\/div><div class=\"wp-block-themeisle-blocks-slider-item-wrapper glide__slide\" tabindex=\"0\"><figure><img decoding=\"async\" class=\"wp-block-themeisle-blocks-slider-item\" src=\"http:\/\/coelloglobal.com\/wp-content\/uploads\/2023\/10\/foto-6-17.jpg\" alt=\"\" title=\"\" data-id=\"3279\"\/><\/figure><\/div><div class=\"wp-block-themeisle-blocks-slider-item-wrapper glide__slide\" tabindex=\"0\"><figure><img decoding=\"async\" class=\"wp-block-themeisle-blocks-slider-item\" src=\"http:\/\/coelloglobal.com\/wp-content\/uploads\/2023\/10\/foto-7-17.jpg\" alt=\"\" title=\"\" data-id=\"3280\"\/><\/figure><\/div><div class=\"wp-block-themeisle-blocks-slider-item-wrapper glide__slide\" tabindex=\"0\"><figure><img decoding=\"async\" class=\"wp-block-themeisle-blocks-slider-item\" src=\"http:\/\/coelloglobal.com\/wp-content\/uploads\/2023\/10\/foto-8-17.jpg\" alt=\"\" title=\"\" data-id=\"3281\"\/><\/figure><\/div><div class=\"wp-block-themeisle-blocks-slider-item-wrapper glide__slide\" tabindex=\"0\"><figure><img decoding=\"async\" class=\"wp-block-themeisle-blocks-slider-item\" src=\"http:\/\/coelloglobal.com\/wp-content\/uploads\/2023\/10\/foto-9-13.jpg\" alt=\"\" title=\"\" data-id=\"3282\"\/><\/figure><\/div><div class=\"wp-block-themeisle-blocks-slider-item-wrapper glide__slide\" tabindex=\"0\"><figure><img decoding=\"async\" class=\"wp-block-themeisle-blocks-slider-item\" src=\"http:\/\/coelloglobal.com\/wp-content\/uploads\/2023\/10\/foto-10-13.jpg\" alt=\"\" title=\"\" data-id=\"3283\"\/><\/figure><\/div><div class=\"wp-block-themeisle-blocks-slider-item-wrapper glide__slide\" tabindex=\"0\"><figure><img decoding=\"async\" class=\"wp-block-themeisle-blocks-slider-item\" src=\"http:\/\/coelloglobal.com\/wp-content\/uploads\/2023\/10\/foto-11-16.jpg\" alt=\"\" title=\"\" data-id=\"3285\"\/><\/figure><\/div><div class=\"wp-block-themeisle-blocks-slider-item-wrapper glide__slide\" tabindex=\"0\"><figure><img decoding=\"async\" class=\"wp-block-themeisle-blocks-slider-item\" src=\"http:\/\/coelloglobal.com\/wp-content\/uploads\/2023\/10\/foto-12-15.jpg\" alt=\"\" title=\"\" data-id=\"3286\"\/><\/figure><\/div><div class=\"wp-block-themeisle-blocks-slider-item-wrapper glide__slide\" tabindex=\"0\"><figure><img decoding=\"async\" class=\"wp-block-themeisle-blocks-slider-item\" src=\"http:\/\/coelloglobal.com\/wp-content\/uploads\/2023\/10\/foto-13-13.jpg\" alt=\"\" title=\"\" data-id=\"3287\"\/><\/figure><\/div><div class=\"wp-block-themeisle-blocks-slider-item-wrapper glide__slide\" tabindex=\"0\"><figure><img decoding=\"async\" class=\"wp-block-themeisle-blocks-slider-item\" src=\"http:\/\/coelloglobal.com\/wp-content\/uploads\/2023\/10\/foto-14-10.jpg\" alt=\"\" title=\"\" data-id=\"3288\"\/><\/figure><\/div><div class=\"wp-block-themeisle-blocks-slider-item-wrapper glide__slide\" tabindex=\"0\"><figure><img decoding=\"async\" class=\"wp-block-themeisle-blocks-slider-item\" src=\"http:\/\/coelloglobal.com\/wp-content\/uploads\/2023\/10\/foto-15-10.jpg\" alt=\"\" title=\"\" data-id=\"3289\"\/><\/figure><\/div><div class=\"wp-block-themeisle-blocks-slider-item-wrapper glide__slide\" tabindex=\"0\"><figure><img decoding=\"async\" class=\"wp-block-themeisle-blocks-slider-item\" src=\"http:\/\/coelloglobal.com\/wp-content\/uploads\/2023\/10\/foto-16-10.jpg\" alt=\"\" title=\"\" data-id=\"3291\"\/><\/figure><\/div><div class=\"wp-block-themeisle-blocks-slider-item-wrapper glide__slide\" tabindex=\"0\"><figure><img decoding=\"async\" class=\"wp-block-themeisle-blocks-slider-item\" src=\"http:\/\/coelloglobal.com\/wp-content\/uploads\/2023\/10\/foto-17-9.jpg\" alt=\"\" title=\"\" data-id=\"3292\"\/><\/figure><\/div><\/div><div class=\"glide__arrows\" data-glide-el=\"controls\"><button class=\"glide__arrow glide__arrow--left\" data-glide-dir=\"<\"><svg xmlns=\"http:\/\/www.w3.org\/2000\/svg\" width=\"18\" height=\"18\" viewbox=\"0 0 100 100\" role=\"img\" aria-hidden=\"true\" focusable=\"false\"><path d=\"M 10,50 L 60,100 L 70,90 L 30,50  L 70,10 L 60,0 Z\"><\/path><\/svg><\/button><button class=\"glide__arrow glide__arrow--right\" data-glide-dir=\"&gt;\"><svg xmlns=\"http:\/\/www.w3.org\/2000\/svg\" width=\"18\" height=\"18\" viewbox=\"0 0 100 100\" role=\"img\" aria-hidden=\"true\" focusable=\"false\"><path d=\"M 10,50 L 60,100 L 70,90 L 30,50  L 70,10 L 60,0 Z\"><\/path><\/svg><\/button><\/div><div class=\"glide__bullets\" data-glide-el=\"controls[nav]\"><button class=\"glide__bullet\" data-glide-dir=\"=0\"><\/button><button class=\"glide__bullet\" data-glide-dir=\"=1\"><\/button><button class=\"glide__bullet\" data-glide-dir=\"=2\"><\/button><button class=\"glide__bullet\" data-glide-dir=\"=3\"><\/button><button class=\"glide__bullet\" data-glide-dir=\"=4\"><\/button><button class=\"glide__bullet\" data-glide-dir=\"=5\"><\/button><button class=\"glide__bullet\" data-glide-dir=\"=6\"><\/button><button class=\"glide__bullet\" data-glide-dir=\"=7\"><\/button><button class=\"glide__bullet\" data-glide-dir=\"=8\"><\/button><button class=\"glide__bullet\" data-glide-dir=\"=9\"><\/button><button class=\"glide__bullet\" data-glide-dir=\"=10\"><\/button><button class=\"glide__bullet\" data-glide-dir=\"=11\"><\/button><button class=\"glide__bullet\" data-glide-dir=\"=12\"><\/button><button class=\"glide__bullet\" data-glide-dir=\"=13\"><\/button><button class=\"glide__bullet\" data-glide-dir=\"=14\"><\/button><\/div><\/div><\/div>\n\n\n\n<ul class=\"wp-block-list\"><li><\/li><li><a>Venta Piso Ciudad Quesada, 8 Piezas, 5 Dormitorios, 675 M\u00b2, <\/a><\/li><li>Precio: <a>2.250.000&nbsp;\u20ac<\/a><\/li><li>Piezas&nbsp;8 piezas<\/li><li>Superficie&nbsp;675 m\u00b2<\/li><li>Aparato de calefacci\u00f3n&nbsp;Aire Acondicionado<\/li><li>Vista&nbsp;Panor\u00e1mica Mar Piscina<\/li><li><\/li><\/ul>\n\n\n\n<h3 class=\"wp-block-heading\">Superficies<\/h3>\n\n\n\n<ul class=\"wp-block-list\"><li>5 Dormitorios<\/li><li>1 Cocina<\/li><li>6 Cuartos de ba\u00f1o<\/li><li>1 Cuarto de ba\u00f1o con ducha<\/li><li>1 Terreno&nbsp;<strong>805 m\u00b2<\/strong><\/li><li>1 Aseo<\/li><li>1 Sala de proyecci\u00f3n<\/li><li>1 Sala deportes<\/li><li>1 Aparcamiento interior<\/li><li>1 Sol\u00e1rium&nbsp;<strong>80 m\u00b2<\/strong><\/li><li>1 Terraza&nbsp;<strong>80 m\u00b2<\/strong><\/li><li>1 Jard\u00edn&nbsp;<strong>805 m\u00b2<\/strong><\/li><\/ul>\n\n\n\n<h3 class=\"wp-block-heading\">Cerca de<\/h3>\n\n\n\n<ul class=\"wp-block-list\"><li>Piscina p\u00fablica<\/li><\/ul>\n\n\n\n<h3 class=\"wp-block-heading\">Aviso legal<\/h3>\n\n\n\n<ul class=\"wp-block-list\"><li>Impuesto sobre Bienes Inmuebles&nbsp;<strong>1000 \u20ac \/ a\u00f1o<\/strong><\/li><\/ul>\n\n\n\n<h3 class=\"wp-block-heading\">Prestaciones<\/h3>\n\n\n\n<ul class=\"wp-block-list\"><li>Internet<\/li><li>Portero autom\u00e1tico<\/li><li>Piscina<\/li><li>Puerta de seguridad<\/li><li>Persianas el\u00e9ctricas<\/li><li>Lavadora<\/li><li>Fibra \u00f3ptica<\/li><li>Ventilaci\u00f3n de flujo simple<\/li><li><\/li><li><a>Sale Apartment Ciudad Quesada, 8 Rooms, 5 Bedrooms, 675 M\u00b2, <\/a><\/li><li>Price: <a>\u20ac2,250,000<\/a><\/li><li>Rooms&nbsp;8 rooms<\/li><li>Area&nbsp;675 m\u00b2<\/li><li>Heating device&nbsp;Air-conditioning<\/li><li>View&nbsp;Panoramic Sea Swimming pool<\/li><li><\/li><\/ul>\n\n\n\n<h3 class=\"wp-block-heading\">Areas<\/h3>\n\n\n\n<ul class=\"wp-block-list\"><li>5 Bedrooms<\/li><li>1 Kitchen<\/li><li>6 Bathrooms<\/li><li>1 Shower room<\/li><li>1 Land&nbsp;<strong>805 m\u00b2<\/strong><\/li><li>1 Lavatory<\/li><li>1 Home cinema<\/li><li>1 Exercise room<\/li><li>1 Indoor parking<\/li><li>1 Solarium&nbsp;<strong>80 m\u00b2<\/strong><\/li><li>1 Terrace&nbsp;<strong>80 m\u00b2<\/strong><\/li><li>1 Garden&nbsp;<strong>805 m\u00b2<\/strong><\/li><\/ul>\n\n\n\n<h3 class=\"wp-block-heading\">Proximities<\/h3>\n\n\n\n<ul class=\"wp-block-list\"><li>Public pool<\/li><\/ul>\n\n\n\n<h3 class=\"wp-block-heading\">Legal notice<\/h3>\n\n\n\n<ul class=\"wp-block-list\"><li>Land value tax&nbsp;<strong>1000 \u20ac \/ year<\/strong><\/li><\/ul>\n\n\n\n<h3 class=\"wp-block-heading\">Services<\/h3>\n\n\n\n<ul class=\"wp-block-list\"><li>Internet<\/li><li>Intercom<\/li><li>Swimming pool<\/li><li>Security door<\/li><li>Electric shutters<\/li><li>Washing machine<\/li><li>Optical fiber<\/li><li>Simple flow ventilation<\/li><\/ul>\n\n\n\n<ul class=\"wp-block-list\"><li><a>Vente Appartement Ciudad Quesada, 8 Pi\u00e8ces, 5 Chambres, <\/a><\/li><li>Prix: <a>675 M\u00b2, 2\u202f250\u202f000&nbsp;\u20ac<\/a><\/li><\/ul>\n\n\n\n<p>R\u00e9gion: Costa Blanca<br><br>Superbe Villa Luxueuse Neuve T8 \u00e0 Quesada<br><br>Caract\u00e9ristiques: 5 chambres , 6 salles de bain , 1 wc, Cuisine ouverte, Salle \u00e0 manger, Salon ouvert, Grandes Terrasses de 80 m2&#8230;.<br><br>Piscine priv\u00e9 de 60 m2<br><br>Garage de 167 m2<br><br>Terrain de 805 m2<br><br>Les propri\u00e9t\u00e9s uniques et durables des &#8220;Oceanic Luxury&#8221; sont con\u00e7ues pour profiter pleinement des vues magnifiques sur les toits de Guardamar.<br><br>Une combinaison de vue sur la mer, de nature et de style de vie luxueux \u00e0 distance de marche de Quesada et Rojales avec toutes les commodit\u00e9s \u00e0 port\u00e9e de main.<br><br>La conception durable, les finitions de haute qualit\u00e9 et l&#8217;emplacement unique distinguent les propri\u00e9t\u00e9s r\u00e9sidentielles &#8220;Oceanic Luxury &#8221; comme l&#8217;une des meilleures de la Costa Blanca.<br><br>La plage est \u00e0 10 minutes<br>Terrain de golf \u00e0 2 minutes.<br>Plusieurs Supermarch\u00e9 \u00e0 moins de 5 minutes<br>L\u2019a\u00e9roport d\u2019Alicante est \u00e0 25 minutes<br><br>Neuf direct promoteur Garantie 10 ans<br><br>Disponible en Aout 2023<br><\/p>\n\n\n\n<p>Pi\u00e8ces&nbsp;8 pi\u00e8ces<\/p>\n\n\n\n<p>Surface&nbsp;675 m\u00b2<\/p>\n\n\n\n<p>Type de chauffage&nbsp;Climatisation<\/p>\n\n\n\n<p>Vue&nbsp;Panoramique Mer Piscine<\/p>\n\n\n\n<h2 class=\"wp-block-heading\">Autres visuels<\/h2>\n\n\n\n<p>Pas d&#8217;informations disponibles<\/p>\n\n\n\n<h3 class=\"wp-block-heading\">Surfaces<\/h3>\n\n\n\n<ul class=\"wp-block-list\"><li>5 Chambres<\/li><li>1 Cuisine&nbsp;<strong>Am\u00e9nag\u00e9e Am\u00e9ricaine<\/strong><\/li><li>6 Salles de bains<\/li><li>1 Salle de douche<\/li><li>1 Terrain&nbsp;<strong>805 m\u00b2<\/strong><\/li><li>1 Toilettes<\/li><li>1 Cin\u00e9ma<\/li><li>1 Salle de sport<\/li><li>1 Parking int\u00e9rieur<\/li><li>1 Solarium&nbsp;<strong>80 m\u00b2<\/strong><\/li><li>1 Terrasse&nbsp;<strong>80 m\u00b2<\/strong><\/li><li>1 Jardin&nbsp;<strong>805 m\u00b2<\/strong><\/li><\/ul>\n\n\n\n<h3 class=\"wp-block-heading\">Proximit\u00e9s<\/h3>\n\n\n\n<ul class=\"wp-block-list\"><li>Piscine publique<\/li><\/ul>\n\n\n\n<h3 class=\"wp-block-heading\">Mentions l\u00e9gales<\/h3>\n\n\n\n<ul class=\"wp-block-list\"><li>Taxe fonci\u00e8re&nbsp;<strong>1000 \u20ac \/ an<\/strong><\/li><\/ul>\n\n\n\n<h3 class=\"wp-block-heading\">Prestations<\/h3>\n\n\n\n<ul class=\"wp-block-list\"><li>Internet<\/li><li>Interphone<\/li><li>Piscine<\/li><li>Porte blind\u00e9e<\/li><li>Volets roulants \u00e9lectriques<\/li><li>Lave-linge<\/li><li>Fibre optique<\/li><li>Ventilation simple flux<\/li><\/ul>\n\n\n\n<div class=\"wp-block-themeisle-blocks-advanced-columns has-undefined-columns has-desktop-undefined-layout has-tablet-equal-layout has-mobile-equal-layout has-default-gap has-vertical-unset\" id=\"wp-block-themeisle-blocks-advanced-columns-cae1be75\"><div class=\"wp-block-themeisle-blocks-advanced-columns-overlay\"><\/div><div class=\"innerblocks-wrap\"><\/div><\/div>\n","protected":false},"excerpt":{"rendered":"<p>Venta Piso Ciudad Quesada, 8 Piezas, 5 Dormitorios, 675 M\u00b2, Precio: 2.250.000&nbsp;\u20ac Piezas&nbsp;8 piezas Superficie&nbsp;675 m\u00b2 Aparato de calefacci\u00f3n&nbsp;Aire Acondicionado Vista&nbsp;Panor\u00e1mica Mar Piscina Superficies 5 Dormitorios 1 Cocina 6 Cuartos de ba\u00f1o 1 Cuarto de ba\u00f1o con ducha 1 Terreno&nbsp;805 m\u00b2 1 Aseo 1 Sala de proyecci\u00f3n 1 Sala deportes 1 Aparcamiento interior 1 Sol\u00e1rium&nbsp;80 &hellip; <\/p>\n<p class=\"link-more\"><a href=\"https:\/\/coelloglobal.com\/index.php\/venta-piso-ciudad-quesada-alicante-2-250-000-e-ref-cg0044\/\" class=\"more-link\">Continue reading<span class=\"screen-reader-text\"> &#8220;Venta Piso Ciudad Quesada Alicante- 2.250.000 \u20ac Ref: CG0044&#8221;<\/span><\/a><\/p>\n","protected":false},"author":1,"featured_media":3289,"parent":0,"menu_order":0,"comment_status":"closed","ping_status":"closed","template":"","meta":{"footnotes":""},"class_list":["post-3255","page","type-page","status-publish","has-post-thumbnail","hentry"],"_links":{"self":[{"href":"https:\/\/coelloglobal.com\/index.php\/wp-json\/wp\/v2\/pages\/3255","targetHints":{"allow":["GET"]}}],"collection":[{"href":"https:\/\/coelloglobal.com\/index.php\/wp-json\/wp\/v2\/pages"}],"about":[{"href":"https:\/\/coelloglobal.com\/index.php\/wp-json\/wp\/v2\/types\/page"}],"author":[{"embeddable":true,"href":"https:\/\/coelloglobal.com\/index.php\/wp-json\/wp\/v2\/users\/1"}],"replies":[{"embeddable":true,"href":"https:\/\/coelloglobal.com\/index.php\/wp-json\/wp\/v2\/comments?post=3255"}],"version-history":[{"count":7,"href":"https:\/\/coelloglobal.com\/index.php\/wp-json\/wp\/v2\/pages\/3255\/revisions"}],"predecessor-version":[{"id":3294,"href":"https:\/\/coelloglobal.com\/index.php\/wp-json\/wp\/v2\/pages\/3255\/revisions\/3294"}],"wp:featuredmedia":[{"embeddable":true,"href":"https:\/\/coelloglobal.com\/index.php\/wp-json\/wp\/v2\/media\/3289"}],"wp:attachment":[{"href":"https:\/\/coelloglobal.com\/index.php\/wp-json\/wp\/v2\/media?parent=3255"}],"curies":[{"name":"wp","href":"https:\/\/api.w.org\/{rel}","templated":true}]}}