{"id":3731,"date":"2023-10-14T17:52:37","date_gmt":"2023-10-14T17:52:37","guid":{"rendered":"http:\/\/coelloglobal.com\/?page_id=3731"},"modified":"2023-10-14T17:53:46","modified_gmt":"2023-10-14T17:53:46","slug":"piso-en-andorra-la-vella-1-095-000-e-ref-cg0063","status":"publish","type":"page","link":"https:\/\/coelloglobal.com\/index.php\/piso-en-andorra-la-vella-1-095-000-e-ref-cg0063\/","title":{"rendered":"Piso en Andorra la Vella 1.095.000 \u20ac Ref: CG0063"},"content":{"rendered":"\n<div id=\"wp-block-themeisle-blocks-slider-1ddc25a5\" class=\"wp-block-themeisle-blocks-slider glide\" data-per-view=\"1\" data-gap=\"0\" data-peek=\"0\" data-autoplay=\"true\" data-height=\"400px\"><div class=\"glide__track\" data-glide-el=\"track\"><div class=\"glide__slides\"><div class=\"wp-block-themeisle-blocks-slider-item-wrapper glide__slide\" tabindex=\"0\"><figure><img decoding=\"async\" class=\"wp-block-themeisle-blocks-slider-item\" src=\"http:\/\/coelloglobal.com\/wp-content\/uploads\/2023\/10\/foto-1-3.png\" alt=\"\" title=\"\" data-id=\"3732\"\/><\/figure><\/div><\/div><div class=\"glide__arrows\" data-glide-el=\"controls\"><button class=\"glide__arrow glide__arrow--left\" data-glide-dir=\"<\"><svg xmlns=\"http:\/\/www.w3.org\/2000\/svg\" width=\"18\" height=\"18\" viewbox=\"0 0 100 100\" role=\"img\" aria-hidden=\"true\" focusable=\"false\"><path d=\"M 10,50 L 60,100 L 70,90 L 30,50  L 70,10 L 60,0 Z\"><\/path><\/svg><\/button><button class=\"glide__arrow glide__arrow--right\" data-glide-dir=\"&gt;\"><svg xmlns=\"http:\/\/www.w3.org\/2000\/svg\" width=\"18\" height=\"18\" viewbox=\"0 0 100 100\" role=\"img\" aria-hidden=\"true\" focusable=\"false\"><path d=\"M 10,50 L 60,100 L 70,90 L 30,50  L 70,10 L 60,0 Z\"><\/path><\/svg><\/button><\/div><div class=\"glide__bullets\" data-glide-el=\"controls[nav]\"><button class=\"glide__bullet\" data-glide-dir=\"=0\"><\/button><\/div><\/div><\/div>\n\n\n\n<ul class=\"wp-block-list\"><li><a>Venta Piso , <\/a><\/li><li>Precio:  <a>095.000&nbsp;\u20ac<\/a> <\/li><li><a>5 Piezas, <\/a><\/li><li><a>4 Dormitorios<\/a><\/li><li>Piezas&nbsp;5 piezas<\/li><li>Superficie&nbsp;155 m\u00b2<\/li><li>Planta&nbsp;6\u00b0 Planta \/ 6<\/li><li>Vista&nbsp;Panor\u00e1mica Ciudad Monta\u00f1as<\/li><\/ul>\n\n\n\n<h3 class=\"wp-block-heading\">Superficies<\/h3>\n\n\n\n<ul class=\"wp-block-list\"><li>4 Dormitorios<\/li><li>1 Cocina<\/li><li>3 Cuartos de ba\u00f1o<\/li><li>1 Aparcamiento interior<\/li><li>1 Sol\u00e1rium<\/li><li>1 Terraza&nbsp;<strong>10 m\u00b2<\/strong><\/li><li>1 Balc\u00f3n<\/li><\/ul>\n\n\n\n<h3 class=\"wp-block-heading\">Cerca de<\/h3>\n\n\n\n<ul class=\"wp-block-list\"><li>Piscina p\u00fablica<\/li><\/ul>\n\n\n\n<h3 class=\"wp-block-heading\">Prestaciones<\/h3>\n\n\n\n<ul class=\"wp-block-list\"><li>Internet<\/li><li>Portero autom\u00e1tico<\/li><li>Ventilaci\u00f3n de flujo simple<\/li><\/ul>\n\n\n\n<ul class=\"wp-block-list\"><li><a>Sale Apartment , <\/a><\/li><li>Price: <a>1,095,000<\/a> <\/li><li><a>5 Rooms, <\/a><\/li><li><a>4 Bedrooms, <\/a><\/li><li>Rooms&nbsp;5 rooms<\/li><li>Area&nbsp;155 m\u00b2<\/li><li>Floor&nbsp;6th floor \/ 6<\/li><li>View&nbsp;Panoramic City Mountains<\/li><\/ul>\n\n\n\n<p>Areas<\/p>\n\n\n\n<ul class=\"wp-block-list\"><li>4 Bedrooms<\/li><li>1 Kitchen<\/li><li>3 Bathrooms<\/li><li>1 Indoor parking<\/li><li>1 Solarium<\/li><li>1 Terrace&nbsp;<strong>10 m\u00b2<\/strong><\/li><li>1 Balcony<\/li><\/ul>\n\n\n\n<h3 class=\"wp-block-heading\">Proximities<\/h3>\n\n\n\n<ul class=\"wp-block-list\"><li>Public pool<\/li><\/ul>\n\n\n\n<h3 class=\"wp-block-heading\">Services<\/h3>\n\n\n\n<ul class=\"wp-block-list\"><li>Internet<\/li><li>Intercom<\/li><li>Simple flow ventilation<\/li><\/ul>\n\n\n\n<ul class=\"wp-block-list\"><li><a>Vente Appartement <\/a>Andorre<\/li><li>Prix:  <a>95\u202f000&nbsp;\u20ac<\/a> <\/li><li><a> 5 Pi\u00e8ces, <\/a><\/li><li><a>4 Chambres, <\/a><\/li><li><a> 1\u202f095\u202f000&nbsp;\u20ac<\/a><\/li><\/ul>\n\n\n\n<p>ANDORRE<br><br>Superbe Appartement Neuf T5 Duplex \u00e0 Escaldes, Andorre-la-Vieille, Andorre (4H-03)<br><br>Caract\u00e9ristiques: 4 chambres , 3 salles de bain , Cuisine, Salle \u00e0 manger, Terrasse(s) 10,87 m2 &#8230;.<br><br>Situ\u00e9 au 6\u00e8me \u00e9tage avec Ascenseur<br><br>Partie commune avec Piscine chauff\u00e9e couverte et salle de sports.<br><br>En Option:<br><br>Parking prive en sous-sol pour 2 voitures = + 56 000\u20ac<br><br>Cave, pi\u00e8ce de stockage en Sous-sol = + 8 000\u20ac<br><br>Neuf direct promoteur Garantie 10 ans<br><br>Disponible en 2024<br>Pi\u00e8ces&nbsp;5 pi\u00e8ces<\/p>\n\n\n\n<p>Surface&nbsp;155 m\u00b2<\/p>\n\n\n\n<p>\u00c9tage&nbsp;6\u00e8me \u00e9tage <\/p>\n\n\n\n<p>Vue&nbsp;Panoramique Ville Montagnes<\/p>\n\n\n\n<h3 class=\"wp-block-heading\">Surfaces<\/h3>\n\n\n\n<ul class=\"wp-block-list\"><li>4 Chambres<\/li><li>1 Cuisine&nbsp;<strong>Am\u00e9nag\u00e9e<\/strong><\/li><li>3 Salles de bains<\/li><li>1 Parking int\u00e9rieur<\/li><li>1 Solarium<\/li><li>1 Terrasse&nbsp;<strong>10 m\u00b2<\/strong><\/li><li>1 Balcon<\/li><\/ul>\n\n\n\n<h3 class=\"wp-block-heading\">Proximit\u00e9s<\/h3>\n\n\n\n<ul class=\"wp-block-list\"><li>Piscine publique<\/li><\/ul>\n\n\n\n<h3 class=\"wp-block-heading\">Mentions l\u00e9gales<\/h3>\n\n\n\n<p>Pas d&#8217;informations disponibles<\/p>\n\n\n\n<h3 class=\"wp-block-heading\">Prestations<\/h3>\n\n\n\n<ul class=\"wp-block-list\"><li>Internet<\/li><li>Interphone<\/li><li>Ventilation simple flux<\/li><\/ul>\n\n\n\n<ul class=\"wp-block-list\"><li><\/li><\/ul>\n\n\n\n<ul class=\"wp-block-list\"><li><\/li><\/ul>\n","protected":false},"excerpt":{"rendered":"<p>Venta Piso , Precio: 095.000&nbsp;\u20ac 5 Piezas, 4 Dormitorios Piezas&nbsp;5 piezas Superficie&nbsp;155 m\u00b2 Planta&nbsp;6\u00b0 Planta \/ 6 Vista&nbsp;Panor\u00e1mica Ciudad Monta\u00f1as Superficies 4 Dormitorios 1 Cocina 3 Cuartos de ba\u00f1o 1 Aparcamiento interior 1 Sol\u00e1rium 1 Terraza&nbsp;10 m\u00b2 1 Balc\u00f3n Cerca de Piscina p\u00fablica Prestaciones Internet Portero autom\u00e1tico Ventilaci\u00f3n de flujo simple Sale Apartment , Price: &hellip; <\/p>\n<p class=\"link-more\"><a href=\"https:\/\/coelloglobal.com\/index.php\/piso-en-andorra-la-vella-1-095-000-e-ref-cg0063\/\" class=\"more-link\">Continue reading<span class=\"screen-reader-text\"> &#8220;Piso en Andorra la Vella 1.095.000 \u20ac Ref: CG0063&#8221;<\/span><\/a><\/p>\n","protected":false},"author":1,"featured_media":3732,"parent":0,"menu_order":0,"comment_status":"closed","ping_status":"closed","template":"","meta":{"footnotes":""},"class_list":["post-3731","page","type-page","status-publish","has-post-thumbnail","hentry"],"_links":{"self":[{"href":"https:\/\/coelloglobal.com\/index.php\/wp-json\/wp\/v2\/pages\/3731","targetHints":{"allow":["GET"]}}],"collection":[{"href":"https:\/\/coelloglobal.com\/index.php\/wp-json\/wp\/v2\/pages"}],"about":[{"href":"https:\/\/coelloglobal.com\/index.php\/wp-json\/wp\/v2\/types\/page"}],"author":[{"embeddable":true,"href":"https:\/\/coelloglobal.com\/index.php\/wp-json\/wp\/v2\/users\/1"}],"replies":[{"embeddable":true,"href":"https:\/\/coelloglobal.com\/index.php\/wp-json\/wp\/v2\/comments?post=3731"}],"version-history":[{"count":2,"href":"https:\/\/coelloglobal.com\/index.php\/wp-json\/wp\/v2\/pages\/3731\/revisions"}],"predecessor-version":[{"id":3735,"href":"https:\/\/coelloglobal.com\/index.php\/wp-json\/wp\/v2\/pages\/3731\/revisions\/3735"}],"wp:featuredmedia":[{"embeddable":true,"href":"https:\/\/coelloglobal.com\/index.php\/wp-json\/wp\/v2\/media\/3732"}],"wp:attachment":[{"href":"https:\/\/coelloglobal.com\/index.php\/wp-json\/wp\/v2\/media?parent=3731"}],"curies":[{"name":"wp","href":"https:\/\/api.w.org\/{rel}","templated":true}]}}