{"id":3738,"date":"2023-10-14T18:02:13","date_gmt":"2023-10-14T18:02:13","guid":{"rendered":"http:\/\/coelloglobal.com\/?page_id=3738"},"modified":"2023-10-14T18:03:34","modified_gmt":"2023-10-14T18:03:34","slug":"villa-en-benissa-alicante-995-000-e-ref-cg0064","status":"publish","type":"page","link":"https:\/\/coelloglobal.com\/index.php\/villa-en-benissa-alicante-995-000-e-ref-cg0064\/","title":{"rendered":"Villa en Benissa Alicante 995.000 \u20ac Ref: CG0064"},"content":{"rendered":"\n<div id=\"wp-block-themeisle-blocks-slider-69d794db\" class=\"wp-block-themeisle-blocks-slider glide\" data-per-view=\"1\" data-gap=\"0\" data-peek=\"0\" data-autoplay=\"true\" data-height=\"400px\"><div class=\"glide__track\" data-glide-el=\"track\"><div class=\"glide__slides\"><div class=\"wp-block-themeisle-blocks-slider-item-wrapper glide__slide\" tabindex=\"0\"><figure><img decoding=\"async\" class=\"wp-block-themeisle-blocks-slider-item\" src=\"http:\/\/coelloglobal.com\/wp-content\/uploads\/2023\/10\/foto-3-6.png\" alt=\"\" title=\"\" data-id=\"3739\"\/><\/figure><\/div><div class=\"wp-block-themeisle-blocks-slider-item-wrapper glide__slide\" tabindex=\"0\"><figure><img decoding=\"async\" class=\"wp-block-themeisle-blocks-slider-item\" src=\"http:\/\/coelloglobal.com\/wp-content\/uploads\/2023\/10\/foto-4-6.png\" alt=\"\" title=\"\" data-id=\"3740\"\/><\/figure><\/div><div class=\"wp-block-themeisle-blocks-slider-item-wrapper glide__slide\" tabindex=\"0\"><figure><img decoding=\"async\" class=\"wp-block-themeisle-blocks-slider-item\" src=\"http:\/\/coelloglobal.com\/wp-content\/uploads\/2023\/10\/foto-5-6.png\" alt=\"\" title=\"\" data-id=\"3741\"\/><\/figure><\/div><div class=\"wp-block-themeisle-blocks-slider-item-wrapper glide__slide\" tabindex=\"0\"><figure><img decoding=\"async\" class=\"wp-block-themeisle-blocks-slider-item\" src=\"http:\/\/coelloglobal.com\/wp-content\/uploads\/2023\/10\/foto-6-6.png\" alt=\"\" title=\"\" data-id=\"3742\"\/><\/figure><\/div><div class=\"wp-block-themeisle-blocks-slider-item-wrapper glide__slide\" tabindex=\"0\"><figure><img decoding=\"async\" class=\"wp-block-themeisle-blocks-slider-item\" src=\"http:\/\/coelloglobal.com\/wp-content\/uploads\/2023\/10\/foto-7-5.png\" alt=\"\" title=\"\" data-id=\"3743\"\/><\/figure><\/div><div class=\"wp-block-themeisle-blocks-slider-item-wrapper glide__slide\" tabindex=\"0\"><figure><img decoding=\"async\" class=\"wp-block-themeisle-blocks-slider-item\" src=\"http:\/\/coelloglobal.com\/wp-content\/uploads\/2023\/10\/foto-8-6.png\" alt=\"\" title=\"\" data-id=\"3744\"\/><\/figure><\/div><div class=\"wp-block-themeisle-blocks-slider-item-wrapper glide__slide\" tabindex=\"0\"><figure><img decoding=\"async\" class=\"wp-block-themeisle-blocks-slider-item\" src=\"http:\/\/coelloglobal.com\/wp-content\/uploads\/2023\/10\/foto-9-.png\" alt=\"\" title=\"\" data-id=\"3745\"\/><\/figure><\/div><div class=\"wp-block-themeisle-blocks-slider-item-wrapper glide__slide\" tabindex=\"0\"><figure><img decoding=\"async\" class=\"wp-block-themeisle-blocks-slider-item\" src=\"http:\/\/coelloglobal.com\/wp-content\/uploads\/2023\/10\/foto-10-1-2.png\" alt=\"\" title=\"\" data-id=\"3746\"\/><\/figure><\/div><div class=\"wp-block-themeisle-blocks-slider-item-wrapper glide__slide\" tabindex=\"0\"><figure><img decoding=\"async\" class=\"wp-block-themeisle-blocks-slider-item\" src=\"http:\/\/coelloglobal.com\/wp-content\/uploads\/2023\/10\/foto-11-6.png\" alt=\"\" title=\"\" data-id=\"3747\"\/><\/figure><\/div><div class=\"wp-block-themeisle-blocks-slider-item-wrapper glide__slide\" tabindex=\"0\"><figure><img decoding=\"async\" class=\"wp-block-themeisle-blocks-slider-item\" src=\"http:\/\/coelloglobal.com\/wp-content\/uploads\/2023\/10\/foto-14-5.png\" alt=\"\" title=\"\" data-id=\"3748\"\/><\/figure><\/div><div class=\"wp-block-themeisle-blocks-slider-item-wrapper glide__slide\" tabindex=\"0\"><figure><img decoding=\"async\" class=\"wp-block-themeisle-blocks-slider-item\" src=\"http:\/\/coelloglobal.com\/wp-content\/uploads\/2023\/10\/foto-15-5.png\" alt=\"\" title=\"\" data-id=\"3749\"\/><\/figure><\/div><div class=\"wp-block-themeisle-blocks-slider-item-wrapper glide__slide\" tabindex=\"0\"><figure><img decoding=\"async\" class=\"wp-block-themeisle-blocks-slider-item\" src=\"http:\/\/coelloglobal.com\/wp-content\/uploads\/2023\/10\/foto-16-6.png\" alt=\"\" title=\"\" data-id=\"3750\"\/><\/figure><\/div><div class=\"wp-block-themeisle-blocks-slider-item-wrapper glide__slide\" tabindex=\"0\"><figure><img decoding=\"async\" class=\"wp-block-themeisle-blocks-slider-item\" src=\"http:\/\/coelloglobal.com\/wp-content\/uploads\/2023\/10\/foto-17-4.png\" alt=\"\" title=\"\" data-id=\"3751\"\/><\/figure><\/div><div class=\"wp-block-themeisle-blocks-slider-item-wrapper glide__slide\" tabindex=\"0\"><figure><img decoding=\"async\" class=\"wp-block-themeisle-blocks-slider-item\" src=\"http:\/\/coelloglobal.com\/wp-content\/uploads\/2023\/10\/foto-18-3.png\" alt=\"\" title=\"\" data-id=\"3752\"\/><\/figure><\/div><div class=\"wp-block-themeisle-blocks-slider-item-wrapper glide__slide\" tabindex=\"0\"><figure><img decoding=\"async\" class=\"wp-block-themeisle-blocks-slider-item\" src=\"http:\/\/coelloglobal.com\/wp-content\/uploads\/2023\/10\/foto-19-3.png\" alt=\"\" title=\"\" data-id=\"3753\"\/><\/figure><\/div><\/div><div class=\"glide__arrows\" data-glide-el=\"controls\"><button class=\"glide__arrow glide__arrow--left\" data-glide-dir=\"<\"><svg xmlns=\"http:\/\/www.w3.org\/2000\/svg\" width=\"18\" height=\"18\" viewbox=\"0 0 100 100\" role=\"img\" aria-hidden=\"true\" focusable=\"false\"><path d=\"M 10,50 L 60,100 L 70,90 L 30,50  L 70,10 L 60,0 Z\"><\/path><\/svg><\/button><button class=\"glide__arrow glide__arrow--right\" data-glide-dir=\"&gt;\"><svg xmlns=\"http:\/\/www.w3.org\/2000\/svg\" width=\"18\" height=\"18\" viewbox=\"0 0 100 100\" role=\"img\" aria-hidden=\"true\" focusable=\"false\"><path d=\"M 10,50 L 60,100 L 70,90 L 30,50  L 70,10 L 60,0 Z\"><\/path><\/svg><\/button><\/div><div class=\"glide__bullets\" data-glide-el=\"controls[nav]\"><button class=\"glide__bullet\" data-glide-dir=\"=0\"><\/button><button class=\"glide__bullet\" data-glide-dir=\"=1\"><\/button><button class=\"glide__bullet\" data-glide-dir=\"=2\"><\/button><button class=\"glide__bullet\" data-glide-dir=\"=3\"><\/button><button class=\"glide__bullet\" data-glide-dir=\"=4\"><\/button><button class=\"glide__bullet\" data-glide-dir=\"=5\"><\/button><button class=\"glide__bullet\" data-glide-dir=\"=6\"><\/button><button class=\"glide__bullet\" data-glide-dir=\"=7\"><\/button><button class=\"glide__bullet\" data-glide-dir=\"=8\"><\/button><button class=\"glide__bullet\" data-glide-dir=\"=9\"><\/button><button class=\"glide__bullet\" data-glide-dir=\"=10\"><\/button><button class=\"glide__bullet\" data-glide-dir=\"=11\"><\/button><button class=\"glide__bullet\" data-glide-dir=\"=12\"><\/button><button class=\"glide__bullet\" data-glide-dir=\"=13\"><\/button><button class=\"glide__bullet\" data-glide-dir=\"=14\"><\/button><\/div><\/div><\/div>\n\n\n\n<ul class=\"wp-block-list\"><li><a>Venta Villa Benissa, <\/a><\/li><li>Precio:  <a>995.000&nbsp;\u20ac<\/a> <\/li><li><a>5 Piezas, <\/a><\/li><li><a>4 Dormitorios, <\/a><\/li><li>Piezas&nbsp;5 piezas<\/li><li>Superficie&nbsp;185 m\u00b2<\/li><li>Vista&nbsp;Panor\u00e1mica<\/li><li><\/li><\/ul>\n\n\n\n<h3 class=\"wp-block-heading\">Superficies<\/h3>\n\n\n\n<ul class=\"wp-block-list\"><li>4 Dormitorios<\/li><li>1 Cocina<\/li><li>3 Cuartos de ba\u00f1o<\/li><li>1 Terreno&nbsp;<strong>1001 m\u00b2<\/strong><\/li><li>1 Aparcamiento interior<\/li><li>1 Terraza&nbsp;<strong>86 m\u00b2<\/strong><\/li><\/ul>\n\n\n\n<h3 class=\"wp-block-heading\">Cerca de<\/h3>\n\n\n\n<ul class=\"wp-block-list\"><li>Piscina p\u00fablica<\/li><\/ul>\n\n\n\n<h3 class=\"wp-block-heading\">Aviso legal<\/h3>\n\n\n\n<ul class=\"wp-block-list\"><li>Impuesto sobre Bienes Inmuebles&nbsp;<strong>900 \u20ac \/ a\u00f1o<\/strong><\/li><\/ul>\n\n\n\n<h3 class=\"wp-block-heading\">Prestaciones<\/h3>\n\n\n\n<ul class=\"wp-block-list\"><li>Portero autom\u00e1tico<\/li><\/ul>\n\n\n\n<ul class=\"wp-block-list\"><li><a>Sale Villa Benissa, <\/a><\/li><li>Price: <a>995,000<\/a> <\/li><li><a>5 Rooms, <\/a><\/li><li><a>4 Bedrooms, <\/a><\/li><li>Rooms&nbsp;5 rooms<\/li><li>Area&nbsp;185 m\u00b2<\/li><li>View&nbsp;Panoramic<\/li><\/ul>\n\n\n\n<h3 class=\"wp-block-heading\">Areas<\/h3>\n\n\n\n<ul class=\"wp-block-list\"><li>4 Bedrooms<\/li><li>1 Kitchen<\/li><li>3 Bathrooms<\/li><li>1 Land&nbsp;<strong>1001 m\u00b2<\/strong><\/li><li>1 Indoor parking<\/li><li>1 Terrace&nbsp;<strong>86 m\u00b2<\/strong><\/li><\/ul>\n\n\n\n<h3 class=\"wp-block-heading\">Proximities<\/h3>\n\n\n\n<ul class=\"wp-block-list\"><li>Public pool<\/li><\/ul>\n\n\n\n<h3 class=\"wp-block-heading\">Legal notice<\/h3>\n\n\n\n<ul class=\"wp-block-list\"><li>Land value tax&nbsp;<strong>900 \u20ac \/ year<\/strong><\/li><\/ul>\n\n\n\n<h3 class=\"wp-block-heading\">Services<\/h3>\n\n\n\n<ul class=\"wp-block-list\"><li>Intercom<\/li><\/ul>\n\n\n\n<ul class=\"wp-block-list\"><li><a>Vente Villa Benissa, <\/a><\/li><li>Prix:  <a>995\u202f000&nbsp;\u20ac<\/a> <\/li><li><a>5 Pi\u00e8ces,<\/a><\/li><li><a> 4 Chambres, <\/a><\/li><\/ul>\n\n\n\n<p>R\u00e9gion: Costa Blanca<br><br>Superbe Villa Luxueuse T5<br><br>Caract\u00e9ristiques : 4 chambres, 3 salles de bain , Cuisine ouverte, Salle \u00e0 manger, Grandes Terrasses et Jardin paysag\u00e9 et arbor\u00e9 &#8230;\u2026<br>Terrain de 1001 m2 .<br>Grande piscine priv\u00e9e.<br>Plages \u00e0 1,7 km<br>Terrain de Golf \u00e0 7,8 km<br><br>A\u00e9roport d&#8217;Alicante \u00e0 92 km<br><br>Les autres \u00e9quipements inclus sont : Syst\u00e8me d&#8217;alarme &#8211; Double vitrage &#8211; Volets \u00e9lectriques &#8211; Interphone &#8211; Porte Blind\u00e9e &#8211; Cam\u00e9ras de s\u00e9curit\u00e9s &#8211; T\u00e9l\u00e9phone Vid\u00e9o &#8211; Chauffage au Sol &#8211; Parking Priv\u00e9 &#8211; Buanderie &#8230;..<br><br>Situ\u00e9 dans un merveilleux quartier entour\u00e9 de grandes propri\u00e9t\u00e9s de luxe, ce projet est une nouvelle villa \u00e9l\u00e9gante et moderne avec des vues ouvertes. Ouverte \u00e0 la lumi\u00e8re avec une construction architecturale bien pens\u00e9e, des finitions luxueuses et des d\u00e9tails complexes, cette magnifique nouvelle villa \u00e9tablit une nouvelle norme pour la vie moderne.<br><br>La pierre et le contraste entre la palette de couleurs gris et blanc pur ont fusionn\u00e9 pour former un design moderne, tandis que les accents tels que les comptoirs en pierre et le patio int\u00e9rieur cr\u00e9ent un sentiment d&#8217;\u00e9l\u00e9gance discr\u00e8te et d&#8217;opulence.<br><br>Aventurez-vous \u00e0 l&#8217;ext\u00e9rieur et vous serez absolument ravi. Une impressionnante piscine s&#8217;\u00e9tend jusqu&#8217;au bord de la propri\u00e9t\u00e9, cr\u00e9ant un espace unique \u00e0 partir duquel vous pourrez profiter de la zone paisible.. Un acc\u00e8s pratique \u00e0 la parcelle ainsi qu&#8217;une vari\u00e9t\u00e9 d&#8217;options de conception.<br><br>Elle est situ\u00e9 dans une enclave exclusive de Benissa \u00e0 seulement 5 minutes des plages pittoresques de sable fin et des eaux cristallines. Vous pourrez profiter des environs proches de la ville de Calpe o\u00f9 vous trouverez des restaurants et des centres commerciaux attrayants. Une jolie petite crique appel\u00e9e Cala Pinets se trouve \u00e0 seulement 1,7 km de cette belle villa, avec un environnement naturel et vert au sein du quartier.<br><br>Tout est pens\u00e9 pour profiter des grands espaces, aussi bien \u00e0 l&#8217;int\u00e9rieur qu&#8217;\u00e0 l&#8217;ext\u00e9rieur.<br><br>Neuf direct promoteur Garantie 10 ans + GARANTIE D&#8217;ACHAT S\u00dbR = 20 ans de protection juridique gratuite pour toute r\u00e9clamation contre cette propri\u00e9t\u00e9<br><br>Disponible en d\u00e9cembre 2023<br><\/p>\n\n\n\n<p>Pi\u00e8ces&nbsp;5 pi\u00e8ces<\/p>\n\n\n\n<p>Surface&nbsp;185 m\u00b2<\/p>\n\n\n\n<p>Vue&nbsp;Panoramique<\/p>\n\n\n\n<h3 class=\"wp-block-heading\">Surfaces<\/h3>\n\n\n\n<ul class=\"wp-block-list\"><li>4 Chambres<\/li><li>1 Cuisine&nbsp;<strong>Am\u00e9nag\u00e9e et Equip\u00e9e<\/strong><\/li><li>3 Salles de bains<\/li><li>1 Terrain&nbsp;<strong>1001 m\u00b2<\/strong><\/li><li>1 Parking int\u00e9rieur<\/li><li>1 Terrasse&nbsp;<strong>86 m\u00b2<\/strong><\/li><\/ul>\n\n\n\n<h3 class=\"wp-block-heading\">Proximit\u00e9s<\/h3>\n\n\n\n<ul class=\"wp-block-list\"><li>Piscine publique<\/li><\/ul>\n\n\n\n<h3 class=\"wp-block-heading\">Mentions l\u00e9gales<\/h3>\n\n\n\n<ul class=\"wp-block-list\"><li>Taxe fonci\u00e8re&nbsp;<strong>900 \u20ac \/ an<\/strong><\/li><\/ul>\n\n\n\n<h3 class=\"wp-block-heading\">Prestations<\/h3>\n\n\n\n<ul class=\"wp-block-list\"><li>Interphone<\/li><\/ul>\n\n\n\n<ul class=\"wp-block-list\"><li><\/li><\/ul>\n","protected":false},"excerpt":{"rendered":"<p>Venta Villa Benissa, Precio: 995.000&nbsp;\u20ac 5 Piezas, 4 Dormitorios, Piezas&nbsp;5 piezas Superficie&nbsp;185 m\u00b2 Vista&nbsp;Panor\u00e1mica Superficies 4 Dormitorios 1 Cocina 3 Cuartos de ba\u00f1o 1 Terreno&nbsp;1001 m\u00b2 1 Aparcamiento interior 1 Terraza&nbsp;86 m\u00b2 Cerca de Piscina p\u00fablica Aviso legal Impuesto sobre Bienes Inmuebles&nbsp;900 \u20ac \/ a\u00f1o Prestaciones Portero autom\u00e1tico Sale Villa Benissa, Price: 995,000 5 Rooms, &hellip; <\/p>\n<p class=\"link-more\"><a href=\"https:\/\/coelloglobal.com\/index.php\/villa-en-benissa-alicante-995-000-e-ref-cg0064\/\" class=\"more-link\">Continue reading<span class=\"screen-reader-text\"> &#8220;Villa en Benissa Alicante 995.000 \u20ac Ref: CG0064&#8221;<\/span><\/a><\/p>\n","protected":false},"author":1,"featured_media":3749,"parent":0,"menu_order":0,"comment_status":"closed","ping_status":"closed","template":"","meta":{"footnotes":""},"class_list":["post-3738","page","type-page","status-publish","has-post-thumbnail","hentry"],"_links":{"self":[{"href":"https:\/\/coelloglobal.com\/index.php\/wp-json\/wp\/v2\/pages\/3738","targetHints":{"allow":["GET"]}}],"collection":[{"href":"https:\/\/coelloglobal.com\/index.php\/wp-json\/wp\/v2\/pages"}],"about":[{"href":"https:\/\/coelloglobal.com\/index.php\/wp-json\/wp\/v2\/types\/page"}],"author":[{"embeddable":true,"href":"https:\/\/coelloglobal.com\/index.php\/wp-json\/wp\/v2\/users\/1"}],"replies":[{"embeddable":true,"href":"https:\/\/coelloglobal.com\/index.php\/wp-json\/wp\/v2\/comments?post=3738"}],"version-history":[{"count":2,"href":"https:\/\/coelloglobal.com\/index.php\/wp-json\/wp\/v2\/pages\/3738\/revisions"}],"predecessor-version":[{"id":3756,"href":"https:\/\/coelloglobal.com\/index.php\/wp-json\/wp\/v2\/pages\/3738\/revisions\/3756"}],"wp:featuredmedia":[{"embeddable":true,"href":"https:\/\/coelloglobal.com\/index.php\/wp-json\/wp\/v2\/media\/3749"}],"wp:attachment":[{"href":"https:\/\/coelloglobal.com\/index.php\/wp-json\/wp\/v2\/media?parent=3738"}],"curies":[{"name":"wp","href":"https:\/\/api.w.org\/{rel}","templated":true}]}}