{"id":4168,"date":"2023-10-22T10:56:09","date_gmt":"2023-10-22T10:56:09","guid":{"rendered":"http:\/\/coelloglobal.com\/?page_id=4168"},"modified":"2023-10-22T11:10:31","modified_gmt":"2023-10-22T11:10:31","slug":"casa-cabo-roig-dehesa-de-campoamor-alicante-810-000-e-ref-cg0079","status":"publish","type":"page","link":"https:\/\/coelloglobal.com\/index.php\/casa-cabo-roig-dehesa-de-campoamor-alicante-810-000-e-ref-cg0079\/","title":{"rendered":"Casa Cabo Roig \u2013 Dehesa de Campoamor, Alicante &#8211; 810.000 \u20ac Ref: CG0079"},"content":{"rendered":"\n<div id=\"wp-block-themeisle-blocks-slider-8cf11dc7\" class=\"wp-block-themeisle-blocks-slider glide\" data-per-view=\"1\" data-gap=\"0\" data-peek=\"0\" data-autoplay=\"true\" data-height=\"400px\"><div class=\"glide__track\" data-glide-el=\"track\"><div class=\"glide__slides\"><div class=\"wp-block-themeisle-blocks-slider-item-wrapper glide__slide\" tabindex=\"0\"><figure><img decoding=\"async\" class=\"wp-block-themeisle-blocks-slider-item\" src=\"http:\/\/coelloglobal.com\/wp-content\/uploads\/2023\/10\/FOTO-1-1-2.jpg\" alt=\"\" title=\"\" data-id=\"4170\"\/><\/figure><\/div><\/div><div class=\"glide__arrows\" data-glide-el=\"controls\"><button class=\"glide__arrow glide__arrow--left\" data-glide-dir=\"<\"><svg xmlns=\"http:\/\/www.w3.org\/2000\/svg\" width=\"18\" height=\"18\" viewbox=\"0 0 100 100\" role=\"img\" aria-hidden=\"true\" focusable=\"false\"><path d=\"M 10,50 L 60,100 L 70,90 L 30,50  L 70,10 L 60,0 Z\"><\/path><\/svg><\/button><button class=\"glide__arrow glide__arrow--right\" data-glide-dir=\"&gt;\"><svg xmlns=\"http:\/\/www.w3.org\/2000\/svg\" width=\"18\" height=\"18\" viewbox=\"0 0 100 100\" role=\"img\" aria-hidden=\"true\" focusable=\"false\"><path d=\"M 10,50 L 60,100 L 70,90 L 30,50  L 70,10 L 60,0 Z\"><\/path><\/svg><\/button><\/div><div class=\"glide__bullets\" data-glide-el=\"controls[nav]\"><button class=\"glide__bullet\" data-glide-dir=\"=0\"><\/button><\/div><\/div><\/div>\n\n\n\n<p><a><strong>Venta Casa Cabo Roig \u2013 Dehesa de Campoamor, Alicante<\/strong><\/a><\/p>\n\n\n\n<p><strong>Calle Pedrizas<\/strong><\/p>\n\n\n\n<p>Venta Casa Cabo Roig, 4 Piezas, 3 Dormitorios, 170 M\u00b2,\n810.000&nbsp;\u20ac<\/p>\n\n\n\n<ul class=\"wp-block-list\"><li><a><strong>REF:\n     CG0079<\/strong><\/a><\/li><li>810.000&nbsp;\u20ac<\/li><li>Piezas&nbsp;4 piezas<\/li><li>Superficie&nbsp;170 m\u00b2<\/li><li>Vista&nbsp;Panor\u00e1mica Campo\n     de golf<\/li><li>3 Dormitorios<\/li><li>1 Cocina<\/li><li>4 Cuartos de ba\u00f1o<\/li><li>1 Aparcamiento interior<\/li><li>1 Aparcamiento exterior<\/li><li>1 Terraza&nbsp;94 m\u00b2<\/li><li>1 Jard\u00edn&nbsp;813 m\u00b2<\/li><li>Cerca de Piscina p\u00fablica<\/li><li>Impuesto sobre Bienes\n     Inmuebles&nbsp;600 \u20ac \/ a\u00f1o<\/li><li>Prestaciones: Portero\n     autom\u00e1tico<\/li><\/ul>\n\n\n\n<p>Region: Costa Blanca<br>\nCasa de lujo en LAS COLINAS.<br>\nCaracter\u00edsticas: 3 habitaciones, 4 cuartos de ba\u00f1o , Cocina abierta\n(completamente equipada), Comedor, Salon abierto, Gran Piscina, Terraza de 94\nm2, terreno de&nbsp; 813 m2 &#8230; etc.. .<br>\nMagnifica piscina privada.<br>\nCocina completamente equipada con Frigor\u00edfico, Horno, Microondas, placa de\ninducci\u00f3n, lavavajillas, lavadora, secadora.<br>\nA 7 minutes de la playa (playa privada)<br>\nA 45 minutes del aeropuerto de Alicante<br>\nLas Colinas Golf &amp; Country Club es un complejo residencial exclusivo con\npocos alojamientos y construido alrededor de un campo de golf de 18 Hoyos\npremiado en 2015 \u2013 2016 &#8211; 2017 &#8211; 2018 &#8211; 2019 &#8211; 2020 et 2021 (Top 100 Europa).<br>\nEn un entorno privilegiado, Las Colinas se encuentran en un valle rodeado de\ncolinas y de una reserva natural protegida.<\/p>\n\n\n\n<p>Las Colinas Golf\n&amp; Country Club se distinguen por su intimidad, su belleza natural, su clima\nexcepcional, sus excelentes comunicaciones por carretera, tren.&nbsp; <br>\n<br>\nNuevo. Garantia de&nbsp; 10 a\u00f1os. Disponible Julio\n2023.<\/p>\n\n\n\n<p><strong><em>English\nVersion <\/em><\/strong><\/p>\n\n\n\n<p><strong>Sale\nHouse Cabo Roig\u2013 Dehesa de Campoamor, Alicante<\/strong><\/p>\n\n\n\n<p><strong>Calle Pedrizas<\/strong><\/p>\n\n\n\n<p>Sale House Cabo Roig, 4 Rooms,\n3 Bedrooms, 170 M\u00b2, \u20ac810,000<\/p>\n\n\n\n<ul class=\"wp-block-list\"><li><strong>REF: CG0079<\/strong><\/li><\/ul>\n\n\n\n<ul class=\"wp-block-list\"><li>\u20ac810,000<\/li><li>Rooms&nbsp;4 rooms<\/li><li>Area&nbsp;170 m\u00b2<\/li><li>View&nbsp;Panoramic Golf<\/li><li>3 Bedrooms<\/li><li>1 Kitchen<\/li><li>4 Bathrooms<\/li><li>1 Indoor parking<\/li><li>1 Outdoor parking<\/li><li>1 Terrace&nbsp;94 m\u00b2<\/li><li>1 Garden&nbsp;813 m\u00b2<\/li><li>Proximities: Public pool<\/li><li>Land value tax&nbsp;600 \u20ac \/\n     year<\/li><li>Services: Intercom<\/li><\/ul>\n\n\n\n<p>Region: Costa Blanca<\/p>\n\n\n\n<p>Luxury house in LAS COLINAS.<\/p>\n\n\n\n<p>Features: 3 bedrooms, 4\nbathrooms, Open kitchen (fully equipped), Dining room, Open living room, Large\nswimming pool, 94 m2 terrace, 813 m2 land etc&#8230;<\/p>\n\n\n\n<p>Magnificent private pool.<\/p>\n\n\n\n<p>Fully equipped kitchen with\nrefrigerator, oven, microwave, induction hob, dishwasher, washing machine,\ndryer.<\/p>\n\n\n\n<p>7 minutes from the beach\n(private beach)<\/p>\n\n\n\n<p>45 minutes from Alicante\nairport<\/p>\n\n\n\n<p>Las Colinas Golf &amp; Country\nClub is an exclusive residential complex with few accommodations and built\naround an 18-hole golf course awarded in 2015 &#8211; 2016 &#8211; 2017 &#8211; 2018 &#8211; 2019 &#8211;\n2020 et 2021 (Top 100 Europe).<\/p>\n\n\n\n<p>In a privileged environment,\nLas Colinas is located in a valley surrounded by hills and a protected nature\nreserve.<\/p>\n\n\n\n<p>Las Colinas Golf &amp; Country Club is distinguished\nby its intimacy, its natural beauty, its exceptional climate, and its excellent\ncommunications by road and train.<\/p>\n\n\n\n<p>New. 10 year warranty. Available July 2023.<\/p>\n\n\n\n<p><strong><em>Version\nFran\u00e7ais<\/em><\/strong><\/p>\n\n\n\n<p><strong>Vente\nMaison,&nbsp; Cabo Roig \u2013 Dehesa de Campoamor,\nAlicante<\/strong><\/p>\n\n\n\n<p><strong>Calle\nPedrizas<\/strong><\/p>\n\n\n\n<p>Vente\nMaison Cabo Roig, 4 Pi\u00e8ces, 3 Chambres, 170 M\u00b2, 810\u202f000&nbsp;\u20ac<\/p>\n\n\n\n<ul class=\"wp-block-list\"><li><strong>REF: CG0079<\/strong><\/li><\/ul>\n\n\n\n<ul class=\"wp-block-list\"><li>810\u202f000&nbsp;\u20ac<\/li><li>Pi\u00e8ces&nbsp;4 pi\u00e8ces<\/li><li>Surface&nbsp;170 m\u00b2<\/li><li>Vue&nbsp;Panoramique Golf<\/li><li>3 Chambres<\/li><li>1 Cuisine&nbsp;Am\u00e9nag\u00e9e et\n     \u00e9quip\u00e9e Am\u00e9ricaine<\/li><li>4 Salles de bains<\/li><li>1 Parking int\u00e9rieur<\/li><li>1 Parking ext\u00e9rieur<\/li><li>1 Terrasse&nbsp;94 m\u00b2<\/li><li>1 Jardin&nbsp;813 m\u00b2<\/li><li>Proximit\u00e9s: Piscine publique<\/li><li>Taxe fonci\u00e8re&nbsp;600 \u20ac \/\n     an<\/li><li>Prestations: Interphone<\/li><\/ul>\n\n\n\n<p>R\u00e9gion: Costa Blanca<br>\nSuperbe Villa Luxueuse T4 dans le Golf LAS COLINAS<br>\nCaract\u00e9ristiques: 3 chambres , 4 salles de bain , Cuisine ouverte (la cuisine\nest compl\u00e9tement \u00e9quip\u00e9e), Salle \u00e0 manger, Salon ouvert, Grande Piscine ,\nTerrasse(s) de 94 m2, sur un terrain de 813 m2 &#8230; etc.. .<br>\nMagnifique Piscine Priv\u00e9e.<br>\nCuisine enti\u00e8rement \u00e9quip\u00e9e avec r\u00e9frig\u00e9rateur int\u00e9gr\u00e9, four, four micro-onde,\nplaque \u00e0 induction, hotte aspirante, lave-vaisselle encastr\u00e9, lave-linge et\ns\u00e8che-linge .<br>\n\u00c0 7 minutes des plages (plage priv\u00e9e)<br>\n\u00c0 45 minutes de l\u2019a\u00e9roport d\u2019Alicante<br>\nLas Colinas Golf &amp; Country Club est un complexe r\u00e9sidentiel exclusif avec\nune faible densit\u00e9 de logements et construit autour d\u2019un parcours de golf 18\ntrous prim\u00e9 en 2015 \u2013 2016 &#8211; 2017 &#8211; 2018 &#8211; 2019 &#8211; 2020 et 2021 (Top 100\nEurope).<br>\nDans un emplacement privil\u00e9gi\u00e9, Las Colinas se trouve sur une vall\u00e9e entour\u00e9e\nde collines et d\u2019une r\u00e9serve naturelle de terres prot\u00e9g\u00e9es et bois\u00e9es.<\/p>\n\n\n\n<p>Las Colinas Golf &amp; Country Club se distingue par\nson intimit\u00e9, sa beaut\u00e9 naturelle, son climat exceptionnel, ses excellentes\nconnexions par la route, le train et l\u2019air et la conservation de\nl\u2019environnement naturel.<\/p>\n\n\n\n<p><br>\nNeuf. Garantie 10 ans. Disponible Juillet 2023<br>\n<br>\n<\/p>\n","protected":false},"excerpt":{"rendered":"<p>Venta Casa Cabo Roig \u2013 Dehesa de Campoamor, Alicante Calle Pedrizas Venta Casa Cabo Roig, 4 Piezas, 3 Dormitorios, 170 M\u00b2, 810.000&nbsp;\u20ac REF: CG0079 810.000&nbsp;\u20ac Piezas&nbsp;4 piezas Superficie&nbsp;170 m\u00b2 Vista&nbsp;Panor\u00e1mica Campo de golf 3 Dormitorios 1 Cocina 4 Cuartos de ba\u00f1o 1 Aparcamiento interior 1 Aparcamiento exterior 1 Terraza&nbsp;94 m\u00b2 1 Jard\u00edn&nbsp;813 m\u00b2 Cerca de &hellip; <\/p>\n<p class=\"link-more\"><a href=\"https:\/\/coelloglobal.com\/index.php\/casa-cabo-roig-dehesa-de-campoamor-alicante-810-000-e-ref-cg0079\/\" class=\"more-link\">Continue reading<span class=\"screen-reader-text\"> &#8220;Casa Cabo Roig \u2013 Dehesa de Campoamor, Alicante &#8211; 810.000 \u20ac Ref: CG0079&#8221;<\/span><\/a><\/p>\n","protected":false},"author":1,"featured_media":4203,"parent":0,"menu_order":0,"comment_status":"closed","ping_status":"closed","template":"","meta":{"footnotes":""},"class_list":["post-4168","page","type-page","status-publish","has-post-thumbnail","hentry"],"_links":{"self":[{"href":"https:\/\/coelloglobal.com\/index.php\/wp-json\/wp\/v2\/pages\/4168","targetHints":{"allow":["GET"]}}],"collection":[{"href":"https:\/\/coelloglobal.com\/index.php\/wp-json\/wp\/v2\/pages"}],"about":[{"href":"https:\/\/coelloglobal.com\/index.php\/wp-json\/wp\/v2\/types\/page"}],"author":[{"embeddable":true,"href":"https:\/\/coelloglobal.com\/index.php\/wp-json\/wp\/v2\/users\/1"}],"replies":[{"embeddable":true,"href":"https:\/\/coelloglobal.com\/index.php\/wp-json\/wp\/v2\/comments?post=4168"}],"version-history":[{"count":1,"href":"https:\/\/coelloglobal.com\/index.php\/wp-json\/wp\/v2\/pages\/4168\/revisions"}],"predecessor-version":[{"id":4171,"href":"https:\/\/coelloglobal.com\/index.php\/wp-json\/wp\/v2\/pages\/4168\/revisions\/4171"}],"wp:featuredmedia":[{"embeddable":true,"href":"https:\/\/coelloglobal.com\/index.php\/wp-json\/wp\/v2\/media\/4203"}],"wp:attachment":[{"href":"https:\/\/coelloglobal.com\/index.php\/wp-json\/wp\/v2\/media?parent=4168"}],"curies":[{"name":"wp","href":"https:\/\/api.w.org\/{rel}","templated":true}]}}