{"id":4175,"date":"2023-10-22T11:00:26","date_gmt":"2023-10-22T11:00:26","guid":{"rendered":"http:\/\/coelloglobal.com\/?page_id=4175"},"modified":"2023-10-22T11:09:49","modified_gmt":"2023-10-22T11:09:49","slug":"casa-de-rojales-alicante-804-900-e-ref-cg0080","status":"publish","type":"page","link":"https:\/\/coelloglobal.com\/index.php\/casa-de-rojales-alicante-804-900-e-ref-cg0080\/","title":{"rendered":"Casa De Rojales \u2013 Alicante &#8211; 804.900 \u20ac Ref: CG0080"},"content":{"rendered":"\n<div id=\"wp-block-themeisle-blocks-slider-4359a0af\" class=\"wp-block-themeisle-blocks-slider glide\" data-per-view=\"1\" data-gap=\"0\" data-peek=\"0\" data-autoplay=\"true\" data-height=\"400px\"><div class=\"glide__track\" data-glide-el=\"track\"><div class=\"glide__slides\"><div class=\"wp-block-themeisle-blocks-slider-item-wrapper glide__slide\" tabindex=\"0\"><figure><img decoding=\"async\" class=\"wp-block-themeisle-blocks-slider-item\" src=\"http:\/\/coelloglobal.com\/wp-content\/uploads\/2023\/10\/FOTO-1-39.jpg\" alt=\"\" title=\"\" data-id=\"4176\"\/><\/figure><\/div><div class=\"wp-block-themeisle-blocks-slider-item-wrapper glide__slide\" tabindex=\"0\"><figure><img decoding=\"async\" class=\"wp-block-themeisle-blocks-slider-item\" src=\"http:\/\/coelloglobal.com\/wp-content\/uploads\/2023\/10\/FOTO-2-34.jpg\" alt=\"\" title=\"\" data-id=\"4177\"\/><\/figure><\/div><div class=\"wp-block-themeisle-blocks-slider-item-wrapper glide__slide\" tabindex=\"0\"><figure><img decoding=\"async\" class=\"wp-block-themeisle-blocks-slider-item\" src=\"http:\/\/coelloglobal.com\/wp-content\/uploads\/2023\/10\/FOTO-3-46.jpg\" alt=\"\" title=\"\" data-id=\"4178\"\/><\/figure><\/div><div class=\"wp-block-themeisle-blocks-slider-item-wrapper glide__slide\" tabindex=\"0\"><figure><img decoding=\"async\" class=\"wp-block-themeisle-blocks-slider-item\" src=\"http:\/\/coelloglobal.com\/wp-content\/uploads\/2023\/10\/FOTO-4-41.jpg\" alt=\"\" title=\"\" data-id=\"4179\"\/><\/figure><\/div><div class=\"wp-block-themeisle-blocks-slider-item-wrapper glide__slide\" tabindex=\"0\"><figure><img decoding=\"async\" class=\"wp-block-themeisle-blocks-slider-item\" src=\"http:\/\/coelloglobal.com\/wp-content\/uploads\/2023\/10\/FOTO-5-39.jpg\" alt=\"\" title=\"\" data-id=\"4180\"\/><\/figure><\/div><div class=\"wp-block-themeisle-blocks-slider-item-wrapper glide__slide\" tabindex=\"0\"><figure><img decoding=\"async\" class=\"wp-block-themeisle-blocks-slider-item\" src=\"http:\/\/coelloglobal.com\/wp-content\/uploads\/2023\/10\/FOTO-6-35.jpg\" alt=\"\" title=\"\" data-id=\"4181\"\/><\/figure><\/div><div class=\"wp-block-themeisle-blocks-slider-item-wrapper glide__slide\" tabindex=\"0\"><figure><img decoding=\"async\" class=\"wp-block-themeisle-blocks-slider-item\" src=\"http:\/\/coelloglobal.com\/wp-content\/uploads\/2023\/10\/FOTO-7-31.jpg\" alt=\"\" title=\"\" data-id=\"4182\"\/><\/figure><\/div><\/div><div class=\"glide__arrows\" data-glide-el=\"controls\"><button class=\"glide__arrow glide__arrow--left\" data-glide-dir=\"<\"><svg xmlns=\"http:\/\/www.w3.org\/2000\/svg\" width=\"18\" height=\"18\" viewbox=\"0 0 100 100\" role=\"img\" aria-hidden=\"true\" focusable=\"false\"><path d=\"M 10,50 L 60,100 L 70,90 L 30,50  L 70,10 L 60,0 Z\"><\/path><\/svg><\/button><button class=\"glide__arrow glide__arrow--right\" data-glide-dir=\"&gt;\"><svg xmlns=\"http:\/\/www.w3.org\/2000\/svg\" width=\"18\" height=\"18\" viewbox=\"0 0 100 100\" role=\"img\" aria-hidden=\"true\" focusable=\"false\"><path d=\"M 10,50 L 60,100 L 70,90 L 30,50  L 70,10 L 60,0 Z\"><\/path><\/svg><\/button><\/div><div class=\"glide__bullets\" data-glide-el=\"controls[nav]\"><button class=\"glide__bullet\" data-glide-dir=\"=0\"><\/button><button class=\"glide__bullet\" data-glide-dir=\"=1\"><\/button><button class=\"glide__bullet\" data-glide-dir=\"=2\"><\/button><button class=\"glide__bullet\" data-glide-dir=\"=3\"><\/button><button class=\"glide__bullet\" data-glide-dir=\"=4\"><\/button><button class=\"glide__bullet\" data-glide-dir=\"=5\"><\/button><button class=\"glide__bullet\" data-glide-dir=\"=6\"><\/button><\/div><\/div><\/div>\n\n\n\n<p><strong>Venta\nCasa De Rojales \u2013 Alicante<\/strong><\/p>\n\n\n\n<p><strong>Calle\nLaguna del Arquillo<\/strong><\/p>\n\n\n\n<p>Venta Casa De Rojales, 5 Piezas, 4 Dormitorios, 302\nM\u00b2, 804.900&nbsp;\u20ac<\/p>\n\n\n\n<ul class=\"wp-block-list\"><li><a><strong>REF:\n     CG0080<\/strong><\/a><\/li><li>804.900&nbsp;\u20ac<\/li><li>Piezas&nbsp;5 piezas<\/li><li>Superficie&nbsp;302 m\u00b2<\/li><li>Vista&nbsp;Panor\u00e1mica<\/li><li>1 Cocina<\/li><li>1 Aparcamiento interior<\/li><li>2 Terrazas&nbsp;9 m\u00b2<\/li><li>4 Dormitorios<\/li><li>4 Cuartos de ba\u00f1o<\/li><li>1 Terreno&nbsp;445 m\u00b2<\/li><li>Cerca de Piscina p\u00fablica<\/li><li>Impuesto sobre Bienes\n     Inmuebles&nbsp;700 \u20ac \/ a\u00f1o<\/li><li>Prestaciones: Internet,\n     Portero autom\u00e1tico, Ventilaci\u00f3n de flujo simple<\/li><\/ul>\n\n\n\n<p>\u00daltima Villa de Lujo en este hermoso proyecto.<\/p>\n\n\n\n<p>Caracter\u00edsticas: 4 dormitorios, 4 ba\u00f1os, Cocina\nabierta (la cocina est\u00e1 totalmente equipada), Comedor, Sal\u00f3n abierto, Amplias\nterrazas, Piscina, &#8230;&#8230;<\/p>\n\n\n\n<p>Piscina privada de 20 m\u00b2.<\/p>\n\n\n\n<p>Terreno de 444,57 m2<\/p>\n\n\n\n<p>El precio incluye: Persianas el\u00e9ctricas en los\ndormitorios, vitrocer\u00e1mica y campana extractora en la cocina, ba\u00f1os\ncompletamente terminados con iluminaci\u00f3n interior y exterior.<\/p>\n\n\n\n<p>Puedes aparcar el coche en el jard\u00edn.<\/p>\n\n\n\n<p>Calefacci\u00f3n por suelo radiante en los ba\u00f1os.<\/p>\n\n\n\n<p>Playa a 10 minutos en coche.<\/p>\n\n\n\n<p>Tiendas, bares, supermercados y otros negocios\ncercanos.<\/p>\n\n\n\n<p>Junto al Golf La Marquesa<\/p>\n\n\n\n<p>Otros 2 campos de golf a menos de 15 km.<\/p>\n\n\n\n<p>15 restaurantes\/bares a 2 km<\/p>\n\n\n\n<p>6 supermercados a 5 km (Carrefour a 2 km)<\/p>\n\n\n\n<p>A 20 minutos en coche del aeropuerto de Alicante<\/p>\n\n\n\n<p>35 minutos en coche desde Alicante<\/p>\n\n\n\n<p>10 a\u00f1os de garant\u00eda. Disponible en junio de 2023<\/p>\n\n\n\n<p><strong><em>English\nVersion <\/em><\/strong><\/p>\n\n\n\n<p><strong>Sale\nHouse De Rojales \u2013 Alicante<\/strong><\/p>\n\n\n\n<p><strong>Calle\nLaguna del Arquillo<\/strong><\/p>\n\n\n\n<p>Sale House De Rojales, 5 Rooms, 4 Bedrooms, 302 M\u00b2,\n\u20ac804,900<\/p>\n\n\n\n<ul class=\"wp-block-list\"><li><strong>REF: CG0080<\/strong><\/li><li>\u20ac804,900<\/li><li>Rooms&nbsp;5 rooms<\/li><li>Area&nbsp;302 m\u00b2<\/li><li>View&nbsp;Panoramic<\/li><li>1 Kitchen<\/li><li>1 Indoor parking<\/li><li>2 Terraces&nbsp;9 m\u00b2<\/li><li>4 Bedrooms<\/li><li>4 Bathrooms<\/li><li>1 Land&nbsp;445 m\u00b2<\/li><li>Proximities: Public pool<\/li><li>Land value tax&nbsp;700 \u20ac \/ year<\/li><li>Services: Internet, Intercom, Simple flow ventilation<\/li><\/ul>\n\n\n\n<p>Last Luxurious Villa in this beautiful program<\/p>\n\n\n\n<p>Characteristics: 4 bedrooms, 4 bathrooms, Open kitchen\n(the kitchen is fully equipped), Dining room, Open living room, Large terraces,\nSwimming pool, &#8230;&#8230;<\/p>\n\n\n\n<p>Private swimming pool of 20 m\u00b2.<\/p>\n\n\n\n<p>Land of 444.57 m2<\/p>\n\n\n\n<p>The price includes: Electric shutters in the bedrooms,\nelectric hob and extractor hood in the kitchen, fully finished bathrooms and\ninterior and exterior lighting.<\/p>\n\n\n\n<p>You can park the car in the garden.<\/p>\n\n\n\n<p>Underfloor heating in the bathrooms.<\/p>\n\n\n\n<p>Beach 10 minutes by car.<\/p>\n\n\n\n<p>Shops, bars, supermarkets and other businesses nearby.<\/p>\n\n\n\n<p>Next to Golf La Marquesa<\/p>\n\n\n\n<p>2 other golf courses within 15 km<\/p>\n\n\n\n<p>15 restaurants\/bars within 2 km<\/p>\n\n\n\n<p>6 supermarkets within 5 km (Carrefour 2 km)<\/p>\n\n\n\n<p>20 minutes drive from Alicante airport<\/p>\n\n\n\n<p>35 minutes drive from Alicante<\/p>\n\n\n\n<p>New, 10 year warranty,\nAvailable in June 2023.<\/p>\n\n\n\n<p><strong><em>Version\nFran\u00e7ais<\/em><\/strong><\/p>\n\n\n\n<p><strong>Vente\nMaison De Rojales \u2013 Alicante<\/strong><\/p>\n\n\n\n<p><strong>Calle\nLaguna Del Arquillo<\/strong><\/p>\n\n\n\n<p>Vente Maison De Rojales, 5 Pi\u00e8ces, 4 Chambres, 302 M\u00b2,\n804\u202f900&nbsp;\u20ac<\/p>\n\n\n\n<ul class=\"wp-block-list\"><li><strong>REF: CG0080<\/strong><\/li><\/ul>\n\n\n\n<ul class=\"wp-block-list\"><li>804\u202f900&nbsp;\u20ac<\/li><li>Pi\u00e8ces&nbsp;5 pi\u00e8ces<\/li><li>Surface&nbsp;302 m\u00b2<\/li><li>Vue&nbsp;Panoramique<\/li><li>1 Cuisine&nbsp;Am\u00e9nag\u00e9e et\n     Equip\u00e9e Am\u00e9ricaine<\/li><li>1 Parking int\u00e9rieur<\/li><li>2 Terrasses&nbsp;9 m\u00b2<\/li><li>4 Chambres<\/li><li>4 Salles de bains<\/li><li>1 Terrain&nbsp;445 m\u00b2<\/li><li>Proximit\u00e9s: Piscine publique<\/li><li>Taxe fonci\u00e8re&nbsp;700 \u20ac \/\n     an<\/li><li>Prestations: Internet,\n     Interphone, Ventilation simple flux<\/li><\/ul>\n\n\n\n<p>\n\nDerni\u00e8re Villa Luxueuse de ce beau programme&nbsp;<br>\nCaract\u00e9ristiques : 4 chambres, 4 salles de bain, Cuisine ouverte (la cuisine\nest compl\u00e9tement \u00e9quip\u00e9e), Salle \u00e0 manger, Salon\nouvert, Grandes Terrasses, Piscine, &#8230;&#8230;<br>\nPiscine priv\u00e9e de 20 m\u00b2.<br>\nTerrain de 444,57 m2<br>\nLe prix comprend : Volets \u00e9lectriques dans les chambres, plaque de cuisson\n\u00e9lectrique et hotte aspirante dans la cuisine, salles de bains enti\u00e8rement\nfinies et \u00e9clairage int\u00e9rieur et ext\u00e9rieur.<br>\nVous pouvez garer la voiture dans le jardin.<br>\nChauffage au sol dans les salles de bain.<br><br>\nPlage \u00e0 10 minutes en voiture.<br>\nCommerces, bars, supermarch\u00e9s et autres commerces \u00e0 proximit\u00e9.<br>\n\u00c0 c\u00f4t\u00e9 du Golf La Marquesa<br>\n2 autres Parcours de Golfs \u00e0 moins de 15 km<br>\n15 restaurants\/bars \u00e0 moins de 2 km<br>\n6 &nbsp;supermarch\u00e9s \u00e0 moins de 5 km (Carrefour \u00e0 2 km)<br>\n20 &nbsp;minutes en voiture de l&#8217;a\u00e9roport d&#8217;Alicante<br>\n35 &nbsp;minutes en voiture d&#8217;Alicante<br><br>\nNeuf, Garantie 10 ans, Disponible en Juin 2023.<br><br><br><\/p>\n\n\n\n<p><\/p>\n","protected":false},"excerpt":{"rendered":"<p>Venta Casa De Rojales \u2013 Alicante Calle Laguna del Arquillo Venta Casa De Rojales, 5 Piezas, 4 Dormitorios, 302 M\u00b2, 804.900&nbsp;\u20ac REF: CG0080 804.900&nbsp;\u20ac Piezas&nbsp;5 piezas Superficie&nbsp;302 m\u00b2 Vista&nbsp;Panor\u00e1mica 1 Cocina 1 Aparcamiento interior 2 Terrazas&nbsp;9 m\u00b2 4 Dormitorios 4 Cuartos de ba\u00f1o 1 Terreno&nbsp;445 m\u00b2 Cerca de Piscina p\u00fablica Impuesto sobre Bienes Inmuebles&nbsp;700 \u20ac &hellip; <\/p>\n<p class=\"link-more\"><a href=\"https:\/\/coelloglobal.com\/index.php\/casa-de-rojales-alicante-804-900-e-ref-cg0080\/\" class=\"more-link\">Continue reading<span class=\"screen-reader-text\"> &#8220;Casa De Rojales \u2013 Alicante &#8211; 804.900 \u20ac Ref: CG0080&#8221;<\/span><\/a><\/p>\n","protected":false},"author":1,"featured_media":4173,"parent":0,"menu_order":0,"comment_status":"closed","ping_status":"closed","template":"","meta":{"footnotes":""},"class_list":["post-4175","page","type-page","status-publish","has-post-thumbnail","hentry"],"_links":{"self":[{"href":"https:\/\/coelloglobal.com\/index.php\/wp-json\/wp\/v2\/pages\/4175","targetHints":{"allow":["GET"]}}],"collection":[{"href":"https:\/\/coelloglobal.com\/index.php\/wp-json\/wp\/v2\/pages"}],"about":[{"href":"https:\/\/coelloglobal.com\/index.php\/wp-json\/wp\/v2\/types\/page"}],"author":[{"embeddable":true,"href":"https:\/\/coelloglobal.com\/index.php\/wp-json\/wp\/v2\/users\/1"}],"replies":[{"embeddable":true,"href":"https:\/\/coelloglobal.com\/index.php\/wp-json\/wp\/v2\/comments?post=4175"}],"version-history":[{"count":1,"href":"https:\/\/coelloglobal.com\/index.php\/wp-json\/wp\/v2\/pages\/4175\/revisions"}],"predecessor-version":[{"id":4183,"href":"https:\/\/coelloglobal.com\/index.php\/wp-json\/wp\/v2\/pages\/4175\/revisions\/4183"}],"wp:featuredmedia":[{"embeddable":true,"href":"https:\/\/coelloglobal.com\/index.php\/wp-json\/wp\/v2\/media\/4173"}],"wp:attachment":[{"href":"https:\/\/coelloglobal.com\/index.php\/wp-json\/wp\/v2\/media?parent=4175"}],"curies":[{"name":"wp","href":"https:\/\/api.w.org\/{rel}","templated":true}]}}