{"id":4245,"date":"2023-10-22T12:23:02","date_gmt":"2023-10-22T12:23:02","guid":{"rendered":"http:\/\/coelloglobal.com\/?page_id=4245"},"modified":"2023-10-22T12:26:32","modified_gmt":"2023-10-22T12:26:32","slug":"villa-algorfa-alicante-729-000-e-ref-cg0085","status":"publish","type":"page","link":"https:\/\/coelloglobal.com\/index.php\/villa-algorfa-alicante-729-000-e-ref-cg0085\/","title":{"rendered":"Villa Algorfa  &#8211; Alicante &#8211; 729.000 \u20ac Ref: CG0085"},"content":{"rendered":"\n<div id=\"wp-block-themeisle-blocks-slider-bd475a54\" class=\"wp-block-themeisle-blocks-slider glide\" data-per-view=\"1\" data-gap=\"0\" data-peek=\"0\" data-autoplay=\"true\" data-height=\"400px\"><div class=\"glide__track\" data-glide-el=\"track\"><div class=\"glide__slides\"><div class=\"wp-block-themeisle-blocks-slider-item-wrapper glide__slide\" tabindex=\"0\"><figure><img decoding=\"async\" class=\"wp-block-themeisle-blocks-slider-item\" src=\"http:\/\/coelloglobal.com\/wp-content\/uploads\/2023\/10\/FOTO-0-8.jpg\" alt=\"\" title=\"\" data-id=\"4246\"\/><\/figure><\/div><div class=\"wp-block-themeisle-blocks-slider-item-wrapper glide__slide\" tabindex=\"0\"><figure><img decoding=\"async\" class=\"wp-block-themeisle-blocks-slider-item\" src=\"http:\/\/coelloglobal.com\/wp-content\/uploads\/2023\/10\/FOTO-1-46.jpg\" alt=\"\" title=\"\" data-id=\"4247\"\/><\/figure><\/div><div class=\"wp-block-themeisle-blocks-slider-item-wrapper glide__slide\" tabindex=\"0\"><figure><img decoding=\"async\" class=\"wp-block-themeisle-blocks-slider-item\" src=\"http:\/\/coelloglobal.com\/wp-content\/uploads\/2023\/10\/FOTO-2-38.jpg\" alt=\"\" title=\"\" data-id=\"4248\"\/><\/figure><\/div><div class=\"wp-block-themeisle-blocks-slider-item-wrapper glide__slide\" tabindex=\"0\"><figure><img decoding=\"async\" class=\"wp-block-themeisle-blocks-slider-item\" src=\"http:\/\/coelloglobal.com\/wp-content\/uploads\/2023\/10\/FOTO-3-47.jpg\" alt=\"\" title=\"\" data-id=\"4249\"\/><\/figure><\/div><div class=\"wp-block-themeisle-blocks-slider-item-wrapper glide__slide\" tabindex=\"0\"><figure><img decoding=\"async\" class=\"wp-block-themeisle-blocks-slider-item\" src=\"http:\/\/coelloglobal.com\/wp-content\/uploads\/2023\/10\/FOTO-4-44.jpg\" alt=\"\" title=\"\" data-id=\"4250\"\/><\/figure><\/div><div class=\"wp-block-themeisle-blocks-slider-item-wrapper glide__slide\" tabindex=\"0\"><figure><img decoding=\"async\" class=\"wp-block-themeisle-blocks-slider-item\" src=\"http:\/\/coelloglobal.com\/wp-content\/uploads\/2023\/10\/FOTO-5-43.jpg\" alt=\"\" title=\"\" data-id=\"4251\"\/><\/figure><\/div><div class=\"wp-block-themeisle-blocks-slider-item-wrapper glide__slide\" tabindex=\"0\"><figure><img decoding=\"async\" class=\"wp-block-themeisle-blocks-slider-item\" src=\"http:\/\/coelloglobal.com\/wp-content\/uploads\/2023\/10\/FOTO-6-38.jpg\" alt=\"\" title=\"\" data-id=\"4252\"\/><\/figure><\/div><div class=\"wp-block-themeisle-blocks-slider-item-wrapper glide__slide\" tabindex=\"0\"><figure><img decoding=\"async\" class=\"wp-block-themeisle-blocks-slider-item\" src=\"http:\/\/coelloglobal.com\/wp-content\/uploads\/2023\/10\/FOTO-7-32.jpg\" alt=\"\" title=\"\" data-id=\"4253\"\/><\/figure><\/div><div class=\"wp-block-themeisle-blocks-slider-item-wrapper glide__slide\" tabindex=\"0\"><figure><img decoding=\"async\" class=\"wp-block-themeisle-blocks-slider-item\" src=\"http:\/\/coelloglobal.com\/wp-content\/uploads\/2023\/10\/FOTO-8-33.jpg\" alt=\"\" title=\"\" data-id=\"4254\"\/><\/figure><\/div><div class=\"wp-block-themeisle-blocks-slider-item-wrapper glide__slide\" tabindex=\"0\"><figure><img decoding=\"async\" class=\"wp-block-themeisle-blocks-slider-item\" src=\"http:\/\/coelloglobal.com\/wp-content\/uploads\/2023\/10\/FOTO-9-29.jpg\" alt=\"\" title=\"\" data-id=\"4255\"\/><\/figure><\/div><div class=\"wp-block-themeisle-blocks-slider-item-wrapper glide__slide\" tabindex=\"0\"><figure><img decoding=\"async\" class=\"wp-block-themeisle-blocks-slider-item\" src=\"http:\/\/coelloglobal.com\/wp-content\/uploads\/2023\/10\/FOTO-10-27.jpg\" alt=\"\" title=\"\" data-id=\"4256\"\/><\/figure><\/div><div class=\"wp-block-themeisle-blocks-slider-item-wrapper glide__slide\" tabindex=\"0\"><figure><img decoding=\"async\" class=\"wp-block-themeisle-blocks-slider-item\" src=\"http:\/\/coelloglobal.com\/wp-content\/uploads\/2023\/10\/FOTO-11-36.jpg\" alt=\"\" title=\"\" data-id=\"4257\"\/><\/figure><\/div><div class=\"wp-block-themeisle-blocks-slider-item-wrapper glide__slide\" tabindex=\"0\"><figure><img decoding=\"async\" class=\"wp-block-themeisle-blocks-slider-item\" src=\"http:\/\/coelloglobal.com\/wp-content\/uploads\/2023\/10\/FOTO-12-31.jpg\" alt=\"\" title=\"\" data-id=\"4258\"\/><\/figure><\/div><div class=\"wp-block-themeisle-blocks-slider-item-wrapper glide__slide\" tabindex=\"0\"><figure><img decoding=\"async\" class=\"wp-block-themeisle-blocks-slider-item\" src=\"http:\/\/coelloglobal.com\/wp-content\/uploads\/2023\/10\/FOTO-13-28.jpg\" alt=\"\" title=\"\" data-id=\"4259\"\/><\/figure><\/div><div class=\"wp-block-themeisle-blocks-slider-item-wrapper glide__slide\" tabindex=\"0\"><figure><img decoding=\"async\" class=\"wp-block-themeisle-blocks-slider-item\" src=\"http:\/\/coelloglobal.com\/wp-content\/uploads\/2023\/10\/FOTO-15-21.jpg\" alt=\"\" title=\"\" data-id=\"4260\"\/><\/figure><\/div><\/div><div class=\"glide__arrows\" data-glide-el=\"controls\"><button class=\"glide__arrow glide__arrow--left\" data-glide-dir=\"<\"><svg xmlns=\"http:\/\/www.w3.org\/2000\/svg\" width=\"18\" height=\"18\" viewbox=\"0 0 100 100\" role=\"img\" aria-hidden=\"true\" focusable=\"false\"><path d=\"M 10,50 L 60,100 L 70,90 L 30,50  L 70,10 L 60,0 Z\"><\/path><\/svg><\/button><button class=\"glide__arrow glide__arrow--right\" data-glide-dir=\"&gt;\"><svg xmlns=\"http:\/\/www.w3.org\/2000\/svg\" width=\"18\" height=\"18\" viewbox=\"0 0 100 100\" role=\"img\" aria-hidden=\"true\" focusable=\"false\"><path d=\"M 10,50 L 60,100 L 70,90 L 30,50  L 70,10 L 60,0 Z\"><\/path><\/svg><\/button><\/div><div class=\"glide__bullets\" data-glide-el=\"controls[nav]\"><button class=\"glide__bullet\" data-glide-dir=\"=0\"><\/button><button class=\"glide__bullet\" data-glide-dir=\"=1\"><\/button><button class=\"glide__bullet\" data-glide-dir=\"=2\"><\/button><button class=\"glide__bullet\" data-glide-dir=\"=3\"><\/button><button class=\"glide__bullet\" data-glide-dir=\"=4\"><\/button><button class=\"glide__bullet\" data-glide-dir=\"=5\"><\/button><button class=\"glide__bullet\" data-glide-dir=\"=6\"><\/button><button class=\"glide__bullet\" data-glide-dir=\"=7\"><\/button><button class=\"glide__bullet\" data-glide-dir=\"=8\"><\/button><button class=\"glide__bullet\" data-glide-dir=\"=9\"><\/button><button class=\"glide__bullet\" data-glide-dir=\"=10\"><\/button><button class=\"glide__bullet\" data-glide-dir=\"=11\"><\/button><button class=\"glide__bullet\" data-glide-dir=\"=12\"><\/button><button class=\"glide__bullet\" data-glide-dir=\"=13\"><\/button><button class=\"glide__bullet\" data-glide-dir=\"=14\"><\/button><\/div><\/div><\/div>\n\n\n\n<p><strong>Venta\nVilla Algorfa&nbsp; &#8211; Alicante<\/strong><\/p>\n\n\n\n<p><strong>Calle\nBigastro<\/strong><\/p>\n\n\n\n<p>Venta Villa Algorfa, 5 Piezas, 4 Dormitorios, 156 M\u00b2,\n729.000&nbsp;\u20ac<\/p>\n\n\n\n<ul class=\"wp-block-list\"><li><strong>REF: CG008<\/strong>5<\/li><li>729.000&nbsp;\u20ac<\/li><\/ul>\n\n\n\n<ul class=\"wp-block-list\"><li>Piezas&nbsp;5 piezas<\/li><li>Superficie&nbsp;156 m\u00b2<\/li><li>Vista&nbsp;Panor\u00e1mica Campo\n     de golf<\/li><li>4 Dormitorios<\/li><li>1 Cocina<\/li><li>3 Cuartos de ba\u00f1o<\/li><li>1 Aparcamiento interior<\/li><li>1 Sol\u00e1rium&nbsp;61 m\u00b2<\/li><li>1 Terraza&nbsp;59 m\u00b2<\/li><li>1 Jard\u00edn&nbsp;420 m\u00b2<\/li><li>Cerca de Piscina p\u00fablica<\/li><li>Impuesto sobre Bienes\n     Inmuebles&nbsp;650 \u20ac \/ a\u00f1o<\/li><li>Prestaciones: portero\n     autom\u00e1tico<\/li><\/ul>\n\n\n\n<p>Regi\u00f3n: Costa Blanca<\/p>\n\n\n\n<p>Magn\u00edfica Villa Nueva en Golf La Finca<\/p>\n\n\n\n<p>Chalet de 155,70 m\u00b2 + S\u00f3tano (convertible) de\n82,90 m\u00b2 = 238,60 m\u00b2<\/p>\n\n\n\n<p>Caracter\u00edsticas: 4 dormitorios, 3 ba\u00f1os, Cocina\nabierta, Comedor, Sal\u00f3n abierto, Amplia terraza de 59 m\u00b2, S\u00f3tano de 83 m\u00b2,\nJard\u00edn de 420 m\u00b2&#8230;..<\/p>\n\n\n\n<p>Calefacci\u00f3n por suelo radiante en los ba\u00f1os.<\/p>\n\n\n\n<p>Espejo en ba\u00f1o principal<\/p>\n\n\n\n<p>Automatizaci\u00f3n<\/p>\n\n\n\n<p>Persianas el\u00e9ctricas<\/p>\n\n\n\n<p>Gran Piscina Privada de 24 m\u00b2 (8m x 3m)<\/p>\n\n\n\n<p>En uno de los campos de Golf m\u00e1s bonitos de la\nCosta Blanca<\/p>\n\n\n\n<p>Playa 15 minutos (19 km)<\/p>\n\n\n\n<p>Tiendas, bares, supermercado y otros comercios\ncercanos.<\/p>\n\n\n\n<p>Este campo de golf cuenta con amplias calles con\ngreens espectaculares y \u00fanicos, permitiendo al golfista utilizar su driver, sea\ncual sea su h\u00e1ndicap.<\/p>\n\n\n\n<p>Las espectaculares vistas que rodean este campo lo\nconvierten en uno de los mejores campos de golf de Espa\u00f1a.<\/p>\n\n\n\n<p>Nuevo, garant\u00eda de 10 a\u00f1os, Disponible en febrero\nde 2024.<\/p>\n\n\n\n<p><strong><em>English\nVersion <\/em><\/strong><\/p>\n\n\n\n<p><strong>Sale\nVilla Algorfa&nbsp; &#8211; Alicante<\/strong><\/p>\n\n\n\n<p><strong>Calle\nBigastro<\/strong><\/p>\n\n\n\n<p>Sale Villa Algorfa, 5 Rooms, 4 Bedrooms, 156 M\u00b2,\n\u20ac729,000<\/p>\n\n\n\n<ul class=\"wp-block-list\"><li><strong>REF: CG008<\/strong>5<\/li><\/ul>\n\n\n\n<ul class=\"wp-block-list\"><li>\u20ac729,000<\/li><li>Rooms&nbsp;5 rooms<\/li><li>Area&nbsp;156 m\u00b2<\/li><li>View&nbsp;Panoramic Golf<\/li><li>4 Bedrooms<\/li><li>1 Kitchen<\/li><li>3 Bathrooms<\/li><li>1 Indoor parking<\/li><li>1 Solarium&nbsp;61 m\u00b2<\/li><li>1 Terrace&nbsp;59 m\u00b2<\/li><li>1 Garden&nbsp;420 m\u00b2<\/li><li>Proximities: Public pool<\/li><li>Land value tax&nbsp;650 \u20ac \/\n     year<\/li><li>Services: Intercom<\/li><\/ul>\n\n\n\n<p>Region: Costa Blanca<\/p>\n\n\n\n<p>Magnificent New Villa in Golf La Finca<\/p>\n\n\n\n<p>Villa of 155.70 m\u00b2 + Basement\n(convertible) of 82.90 m\u00b2 = 238.60 m\u00b2<\/p>\n\n\n\n<p>Characteristics: 4 bedrooms,\n3 bathrooms, Open kitchen, Dining room, Open living room, Large terrace of 59\nm\u00b2, Basement of 83 m\u00b2, Garden of 420 m\u00b2&#8230;..<\/p>\n\n\n\n<p>Underfloor heating in the bathrooms<\/p>\n\n\n\n<p>Mirror in master bathroom<\/p>\n\n\n\n<p>Automation<\/p>\n\n\n\n<p>Electric Shutters<\/p>\n\n\n\n<p>Large Private Swimming Pool\nof 24 m\u00b2 (8m x 3m)<\/p>\n\n\n\n<p>In one of the most beautiful\nGolf courses on the Costa Blanca<\/p>\n\n\n\n<p>Beach 15 minutes (19 km)<\/p>\n\n\n\n<p>Shops, bars, supermarket and\nother shops nearby.<\/p>\n\n\n\n<p>This golf course has wide\nfairways with spectacular and unique greens, allowing the golfer to use their\ndriver, whatever their handicap.<\/p>\n\n\n\n<p>The spectacular views all\naround this course make it one of the best golf courses in Spain.<\/p>\n\n\n\n<p>New, 10-year warranty,\nAvailable in February 2024.<\/p>\n\n\n\n<p><strong><em>Version Fran\u00e7ais<\/em><\/strong><\/p>\n\n\n\n<p><strong>Vente\nVilla Algorfa&nbsp; &#8211; Alicante<\/strong><\/p>\n\n\n\n<p><strong>Calle\nBigastro<\/strong><\/p>\n\n\n\n<p>Vente Villa Algorfa, 5 Pi\u00e8ces, 4 Chambres, 156 M\u00b2,\n729\u202f000&nbsp;\u20ac<\/p>\n\n\n\n<ul class=\"wp-block-list\"><li><strong>REF: CG008<\/strong>5<\/li><\/ul>\n\n\n\n<ul class=\"wp-block-list\"><li>729\u202f000&nbsp;\u20ac<\/li><li>Pi\u00e8ces&nbsp;5 pi\u00e8ces<\/li><li>Surface&nbsp;156 m\u00b2<\/li><li>Vue&nbsp;Panoramique Golf<\/li><li>4 Chambres<\/li><li>1 Cuisine&nbsp;Am\u00e9nag\u00e9e Am\u00e9ricaine<\/li><li>3 Salles de bains<\/li><li>1 Parking int\u00e9rieur<\/li><li>1 Solarium&nbsp;61 m\u00b2<\/li><li>1 Terrasse&nbsp;59 m\u00b2<\/li><li>1 Jardin&nbsp;420 m\u00b2<\/li><li>Proximit\u00e9s: Piscine publique<\/li><li>Taxe fonci\u00e8re&nbsp;650 \u20ac \/\n     an<\/li><li>Prestations: Interphone<\/li><\/ul>\n\n\n\n<p>R\u00e9gion: Costa Blanca<br>\nMagnifique Villa Neuve dans le Golf La Finca<br>\n<br>\nVilla de 155,70 m\u00b2 + Sous-sol (am\u00e9nageable) de 82,90 m\u00b2 = 238,60 m\u00b2<br>\n<br>\nCaract\u00e9ristiques: 4 chambres, 3 salles de bain, Cuisine ouverte, Salle \u00e0\nmanger, Salon ouvert, Grande Terrasse de 59 m\u00b2, Sous-Sol de 83 m\u00b2, Jardin de\n420 m\u00b2 &#8230;..<br>\nChauffage par le sol dans les salles de bains<br>\nMiroir dans la salle de bain principale<br>\nDomotique<br>\nVolets \u00c9lectriques<br>\nGrande Piscine Priv\u00e9e de 24 m\u00b2&nbsp; (8m x 3m)<br>\n<br>\nDans un des plus beaux Golf de la Costa Blanca<br>\nPlage \u00e0 15 minutes (19 km)<br>\nCommerces, bars, supermarch\u00e9 et autres commerces \u00e0 proximit\u00e9.<br>\nCe parcours de Golf dispose d\u2019all\u00e9es larges avec des greens spectaculaires et\nuniques, permettant au golfeur d\u2019utiliser son driver, quel que soit son\nhandicap.<br>\nLes vues spectaculaires tout autour de ce parcours en font l\u2019un des meilleurs\nterrains de golf d\u2019Espagne.<br>\n<br>\nNeuf, Garantie 10 ans, Disponible en F\u00e9vrier 2024.<br>\n<br>\n<\/p>\n","protected":false},"excerpt":{"rendered":"<p>Venta Villa Algorfa&nbsp; &#8211; Alicante Calle Bigastro Venta Villa Algorfa, 5 Piezas, 4 Dormitorios, 156 M\u00b2, 729.000&nbsp;\u20ac REF: CG0085 729.000&nbsp;\u20ac Piezas&nbsp;5 piezas Superficie&nbsp;156 m\u00b2 Vista&nbsp;Panor\u00e1mica Campo de golf 4 Dormitorios 1 Cocina 3 Cuartos de ba\u00f1o 1 Aparcamiento interior 1 Sol\u00e1rium&nbsp;61 m\u00b2 1 Terraza&nbsp;59 m\u00b2 1 Jard\u00edn&nbsp;420 m\u00b2 Cerca de Piscina p\u00fablica Impuesto sobre Bienes &hellip; <\/p>\n<p class=\"link-more\"><a href=\"https:\/\/coelloglobal.com\/index.php\/villa-algorfa-alicante-729-000-e-ref-cg0085\/\" class=\"more-link\">Continue reading<span class=\"screen-reader-text\"> &#8220;Villa Algorfa  &#8211; Alicante &#8211; 729.000 \u20ac Ref: CG0085&#8221;<\/span><\/a><\/p>\n","protected":false},"author":1,"featured_media":4253,"parent":0,"menu_order":0,"comment_status":"closed","ping_status":"closed","template":"","meta":{"footnotes":""},"class_list":["post-4245","page","type-page","status-publish","has-post-thumbnail","hentry"],"_links":{"self":[{"href":"https:\/\/coelloglobal.com\/index.php\/wp-json\/wp\/v2\/pages\/4245","targetHints":{"allow":["GET"]}}],"collection":[{"href":"https:\/\/coelloglobal.com\/index.php\/wp-json\/wp\/v2\/pages"}],"about":[{"href":"https:\/\/coelloglobal.com\/index.php\/wp-json\/wp\/v2\/types\/page"}],"author":[{"embeddable":true,"href":"https:\/\/coelloglobal.com\/index.php\/wp-json\/wp\/v2\/users\/1"}],"replies":[{"embeddable":true,"href":"https:\/\/coelloglobal.com\/index.php\/wp-json\/wp\/v2\/comments?post=4245"}],"version-history":[{"count":2,"href":"https:\/\/coelloglobal.com\/index.php\/wp-json\/wp\/v2\/pages\/4245\/revisions"}],"predecessor-version":[{"id":4265,"href":"https:\/\/coelloglobal.com\/index.php\/wp-json\/wp\/v2\/pages\/4245\/revisions\/4265"}],"wp:featuredmedia":[{"embeddable":true,"href":"https:\/\/coelloglobal.com\/index.php\/wp-json\/wp\/v2\/media\/4253"}],"wp:attachment":[{"href":"https:\/\/coelloglobal.com\/index.php\/wp-json\/wp\/v2\/media?parent=4245"}],"curies":[{"name":"wp","href":"https:\/\/api.w.org\/{rel}","templated":true}]}}