{"id":517,"date":"2020-07-11T13:45:14","date_gmt":"2020-07-11T13:45:14","guid":{"rendered":"http:\/\/coelloglobal.com\/?page_id=517"},"modified":"2023-10-11T15:02:21","modified_gmt":"2023-10-11T15:02:21","slug":"loft-en-venta-eixample-esquerra","status":"publish","type":"page","link":"https:\/\/coelloglobal.com\/index.php\/loft-en-venta-eixample-esquerra\/","title":{"rendered":"Loft en Venta Eixample Esquerra 68.000 \u20ac Ref:CG005"},"content":{"rendered":"\n<div id=\"wp-block-themeisle-blocks-slider-18d75488\" class=\"wp-block-themeisle-blocks-slider glide\" data-per-view=\"1\" data-gap=\"0\" data-peek=\"0\" data-autoplay=\"true\" data-height=\"400px\"><div class=\"glide__track\" data-glide-el=\"track\"><div class=\"glide__slides\"><div class=\"wp-block-themeisle-blocks-slider-item-wrapper glide__slide\" tabindex=\"0\"><figure><img decoding=\"async\" class=\"wp-block-themeisle-blocks-slider-item\" src=\"http:\/\/coelloglobal.com\/wp-content\/uploads\/2020\/07\/WhatsApp-Image-2020-07-11-at-15.05.25-1.jpeg\" alt=\"\" title=\"\" data-id=\"518\"\/><\/figure><\/div><div class=\"wp-block-themeisle-blocks-slider-item-wrapper glide__slide\" tabindex=\"0\"><figure><img decoding=\"async\" class=\"wp-block-themeisle-blocks-slider-item\" src=\"http:\/\/coelloglobal.com\/wp-content\/uploads\/2020\/07\/WhatsApp-Image-2020-07-11-at-15.05.25.jpeg\" alt=\"\" title=\"\" data-id=\"519\"\/><\/figure><\/div><div class=\"wp-block-themeisle-blocks-slider-item-wrapper glide__slide\" tabindex=\"0\"><figure><img decoding=\"async\" class=\"wp-block-themeisle-blocks-slider-item\" src=\"http:\/\/coelloglobal.com\/wp-content\/uploads\/2020\/07\/WhatsApp-Image-2020-07-11-at-15.05.26.jpeg\" alt=\"\" title=\"\" data-id=\"520\"\/><\/figure><\/div><div class=\"wp-block-themeisle-blocks-slider-item-wrapper glide__slide\" tabindex=\"0\"><figure><img decoding=\"async\" class=\"wp-block-themeisle-blocks-slider-item\" src=\"http:\/\/coelloglobal.com\/wp-content\/uploads\/2020\/07\/WhatsApp-Image-2020-07-11-at-15.05.27-1.jpeg\" alt=\"\" title=\"\" data-id=\"521\"\/><\/figure><\/div><div class=\"wp-block-themeisle-blocks-slider-item-wrapper glide__slide\" tabindex=\"0\"><figure><img decoding=\"async\" class=\"wp-block-themeisle-blocks-slider-item\" src=\"http:\/\/coelloglobal.com\/wp-content\/uploads\/2020\/07\/WhatsApp-Image-2020-07-11-at-15.05.27-2.jpeg\" alt=\"\" title=\"\" data-id=\"522\"\/><\/figure><\/div><div class=\"wp-block-themeisle-blocks-slider-item-wrapper glide__slide\" tabindex=\"0\"><figure><img decoding=\"async\" class=\"wp-block-themeisle-blocks-slider-item\" src=\"http:\/\/coelloglobal.com\/wp-content\/uploads\/2020\/07\/WhatsApp-Image-2020-07-11-at-15.05.27.jpeg\" alt=\"\" title=\"\" data-id=\"523\"\/><\/figure><\/div><div class=\"wp-block-themeisle-blocks-slider-item-wrapper glide__slide\" tabindex=\"0\"><figure><img decoding=\"async\" class=\"wp-block-themeisle-blocks-slider-item\" src=\"http:\/\/coelloglobal.com\/wp-content\/uploads\/2020\/07\/WhatsApp-Image-2020-07-11-at-15.05.28-1.jpeg\" alt=\"\" title=\"\" data-id=\"524\"\/><\/figure><\/div><div class=\"wp-block-themeisle-blocks-slider-item-wrapper glide__slide\" tabindex=\"0\"><figure><img decoding=\"async\" class=\"wp-block-themeisle-blocks-slider-item\" src=\"http:\/\/coelloglobal.com\/wp-content\/uploads\/2020\/07\/WhatsApp-Image-2020-07-11-at-15.05.28-2.jpeg\" alt=\"\" title=\"\" data-id=\"525\"\/><\/figure><\/div><div class=\"wp-block-themeisle-blocks-slider-item-wrapper glide__slide\" tabindex=\"0\"><figure><img decoding=\"async\" class=\"wp-block-themeisle-blocks-slider-item\" src=\"http:\/\/coelloglobal.com\/wp-content\/uploads\/2020\/07\/WhatsApp-Image-2020-07-11-at-15.05.28-3.jpeg\" alt=\"\" title=\"\" data-id=\"526\"\/><\/figure><\/div><div class=\"wp-block-themeisle-blocks-slider-item-wrapper glide__slide\" tabindex=\"0\"><figure><img decoding=\"async\" class=\"wp-block-themeisle-blocks-slider-item\" src=\"http:\/\/coelloglobal.com\/wp-content\/uploads\/2020\/07\/WhatsApp-Image-2020-07-11-at-15.05.28-4.jpeg\" alt=\"\" title=\"\" data-id=\"527\"\/><\/figure><\/div><div class=\"wp-block-themeisle-blocks-slider-item-wrapper glide__slide\" tabindex=\"0\"><figure><img decoding=\"async\" class=\"wp-block-themeisle-blocks-slider-item\" src=\"http:\/\/coelloglobal.com\/wp-content\/uploads\/2020\/07\/WhatsApp-Image-2020-07-11-at-15.05.28-5.jpeg\" alt=\"\" title=\"\" data-id=\"528\"\/><\/figure><\/div><div class=\"wp-block-themeisle-blocks-slider-item-wrapper glide__slide\" tabindex=\"0\"><figure><img decoding=\"async\" class=\"wp-block-themeisle-blocks-slider-item\" src=\"http:\/\/coelloglobal.com\/wp-content\/uploads\/2020\/07\/WhatsApp-Image-2020-07-11-at-15.05.28.jpeg\" alt=\"\" title=\"\" data-id=\"529\"\/><\/figure><\/div><div class=\"wp-block-themeisle-blocks-slider-item-wrapper glide__slide\" tabindex=\"0\"><figure><img decoding=\"async\" class=\"wp-block-themeisle-blocks-slider-item\" src=\"http:\/\/coelloglobal.com\/wp-content\/uploads\/2020\/07\/WhatsApp-Image-2020-07-11-at-15.05.29-1.jpeg\" alt=\"\" title=\"\" data-id=\"530\"\/><\/figure><\/div><div class=\"wp-block-themeisle-blocks-slider-item-wrapper glide__slide\" tabindex=\"0\"><figure><img decoding=\"async\" class=\"wp-block-themeisle-blocks-slider-item\" src=\"http:\/\/coelloglobal.com\/wp-content\/uploads\/2020\/07\/WhatsApp-Image-2020-07-11-at-15.05.29-2.jpeg\" alt=\"\" title=\"\" data-id=\"531\"\/><\/figure><\/div><div class=\"wp-block-themeisle-blocks-slider-item-wrapper glide__slide\" tabindex=\"0\"><figure><img decoding=\"async\" class=\"wp-block-themeisle-blocks-slider-item\" src=\"http:\/\/coelloglobal.com\/wp-content\/uploads\/2020\/07\/WhatsApp-Image-2020-07-11-at-15.05.29-3.jpeg\" alt=\"\" title=\"\" data-id=\"532\"\/><\/figure><\/div><div class=\"wp-block-themeisle-blocks-slider-item-wrapper glide__slide\" tabindex=\"0\"><figure><img decoding=\"async\" class=\"wp-block-themeisle-blocks-slider-item\" src=\"http:\/\/coelloglobal.com\/wp-content\/uploads\/2020\/07\/WhatsApp-Image-2020-07-11-at-15.05.29-4.jpeg\" alt=\"\" title=\"\" data-id=\"533\"\/><\/figure><\/div><div class=\"wp-block-themeisle-blocks-slider-item-wrapper glide__slide\" tabindex=\"0\"><figure><img decoding=\"async\" class=\"wp-block-themeisle-blocks-slider-item\" src=\"http:\/\/coelloglobal.com\/wp-content\/uploads\/2020\/07\/WhatsApp-Image-2020-07-11-at-15.05.29-5.jpeg\" alt=\"\" title=\"\" data-id=\"534\"\/><\/figure><\/div><div class=\"wp-block-themeisle-blocks-slider-item-wrapper glide__slide\" tabindex=\"0\"><figure><img decoding=\"async\" class=\"wp-block-themeisle-blocks-slider-item\" src=\"http:\/\/coelloglobal.com\/wp-content\/uploads\/2020\/07\/WhatsApp-Image-2020-07-11-at-15.05.29.jpeg\" alt=\"\" title=\"\" data-id=\"535\"\/><\/figure><\/div><\/div><div class=\"glide__arrows\" data-glide-el=\"controls\"><button class=\"glide__arrow glide__arrow--left\" data-glide-dir=\"<\"><svg xmlns=\"http:\/\/www.w3.org\/2000\/svg\" width=\"18\" height=\"18\" viewbox=\"0 0 100 100\" role=\"img\" aria-hidden=\"true\" focusable=\"false\"><path d=\"M 10,50 L 60,100 L 70,90 L 30,50  L 70,10 L 60,0 Z\"><\/path><\/svg><\/button><button class=\"glide__arrow glide__arrow--right\" data-glide-dir=\"&gt;\"><svg xmlns=\"http:\/\/www.w3.org\/2000\/svg\" width=\"18\" height=\"18\" viewbox=\"0 0 100 100\" role=\"img\" aria-hidden=\"true\" focusable=\"false\"><path d=\"M 10,50 L 60,100 L 70,90 L 30,50  L 70,10 L 60,0 Z\"><\/path><\/svg><\/button><\/div><div class=\"glide__bullets\" data-glide-el=\"controls[nav]\"><button class=\"glide__bullet\" data-glide-dir=\"=0\"><\/button><button class=\"glide__bullet\" data-glide-dir=\"=1\"><\/button><button class=\"glide__bullet\" data-glide-dir=\"=2\"><\/button><button class=\"glide__bullet\" data-glide-dir=\"=3\"><\/button><button class=\"glide__bullet\" data-glide-dir=\"=4\"><\/button><button class=\"glide__bullet\" data-glide-dir=\"=5\"><\/button><button class=\"glide__bullet\" data-glide-dir=\"=6\"><\/button><button class=\"glide__bullet\" data-glide-dir=\"=7\"><\/button><button class=\"glide__bullet\" data-glide-dir=\"=8\"><\/button><button class=\"glide__bullet\" data-glide-dir=\"=9\"><\/button><button class=\"glide__bullet\" data-glide-dir=\"=10\"><\/button><button class=\"glide__bullet\" data-glide-dir=\"=11\"><\/button><button class=\"glide__bullet\" data-glide-dir=\"=12\"><\/button><button class=\"glide__bullet\" data-glide-dir=\"=13\"><\/button><button class=\"glide__bullet\" data-glide-dir=\"=14\"><\/button><button class=\"glide__bullet\" data-glide-dir=\"=15\"><\/button><button class=\"glide__bullet\" data-glide-dir=\"=16\"><\/button><button class=\"glide__bullet\" data-glide-dir=\"=17\"><\/button><\/div><\/div><\/div>\n\n\n\n<p>Calle Provenza, Eixample Esquerra &#8211; Barcelona<\/p>\n\n\n\n<p>Loft &#8211; 20 m2- 1 hab-  68.000 \u20ac<\/p>\n\n\n\n<p> &#8220;Loft en venta de 20 m2 construidos. El loft es un bajos que se encuentra en una finca regia con ascensor. , el loft no tiene c\u00e9dula de habitabilidad. El inmueble esta reformado para reformado para entrar a vivir, El inmueble consta de una habitaci\u00f3n, cocina equipada, ba\u00f1o, el suelo es de parquet, techos con volta Catalana. La finca tiene ascensor. El inmueble se encuentra en la zona del eixample Esquerra, muy cerca de la estaci\u00f3n de trenes de Sants, cerca de comercios, para de buses.&#8221; <\/p>\n\n\n\n<p><strong>CARACTER\u00cdSTICAS B\u00c1SICAS DEL INMUEBLE<\/strong><\/p>\n\n\n\n<ul class=\"wp-block-list\"><li>20 m2 construidos, 18 m2 \u00fatiles<\/li><li>1  habitaciones <\/li><li>Cocina equipada con electro dom\u00e9sticos <\/li><li>Ba\u00f1o <\/li><li>Planta baja <\/li><li>Orientaci\u00f3n oeste<\/li><li>Finca con ascensor<\/li><li>Parquet<\/li><li>Finca del a\u00f1o 1935<\/li><li>Loft  Reformado para entrar a vivir,. <\/li><li>No tiene C\u00e9dula de habitabilidad <\/li><\/ul>\n\n\n\n<p>Coello Global Financiamiento: Te proporcionamos asesoramiento financiero y te ayudamos a conseguir financiamiento para la adquisici\u00f3n de tu inmueble, para m\u00e1s informaci\u00f3n cont\u00e1ctanos.<\/p>\n","protected":false},"excerpt":{"rendered":"<p>Calle Provenza, Eixample Esquerra &#8211; Barcelona Loft &#8211; 20 m2- 1 hab- 68.000 \u20ac &#8220;Loft en venta de 20 m2 construidos. El loft es un bajos que se encuentra en una finca regia con ascensor. , el loft no tiene c\u00e9dula de habitabilidad. El inmueble esta reformado para reformado para entrar a vivir, El inmueble &hellip; <\/p>\n<p class=\"link-more\"><a href=\"https:\/\/coelloglobal.com\/index.php\/loft-en-venta-eixample-esquerra\/\" class=\"more-link\">Continue reading<span class=\"screen-reader-text\"> &#8220;Loft en Venta Eixample Esquerra 68.000 \u20ac Ref:CG005&#8221;<\/span><\/a><\/p>\n","protected":false},"author":1,"featured_media":0,"parent":0,"menu_order":0,"comment_status":"closed","ping_status":"closed","template":"","meta":{"footnotes":""},"class_list":["post-517","page","type-page","status-publish","hentry"],"_links":{"self":[{"href":"https:\/\/coelloglobal.com\/index.php\/wp-json\/wp\/v2\/pages\/517","targetHints":{"allow":["GET"]}}],"collection":[{"href":"https:\/\/coelloglobal.com\/index.php\/wp-json\/wp\/v2\/pages"}],"about":[{"href":"https:\/\/coelloglobal.com\/index.php\/wp-json\/wp\/v2\/types\/page"}],"author":[{"embeddable":true,"href":"https:\/\/coelloglobal.com\/index.php\/wp-json\/wp\/v2\/users\/1"}],"replies":[{"embeddable":true,"href":"https:\/\/coelloglobal.com\/index.php\/wp-json\/wp\/v2\/comments?post=517"}],"version-history":[{"count":5,"href":"https:\/\/coelloglobal.com\/index.php\/wp-json\/wp\/v2\/pages\/517\/revisions"}],"predecessor-version":[{"id":3121,"href":"https:\/\/coelloglobal.com\/index.php\/wp-json\/wp\/v2\/pages\/517\/revisions\/3121"}],"wp:attachment":[{"href":"https:\/\/coelloglobal.com\/index.php\/wp-json\/wp\/v2\/media?parent=517"}],"curies":[{"name":"wp","href":"https:\/\/api.w.org\/{rel}","templated":true}]}}