{"id":620,"date":"2020-10-07T20:39:05","date_gmt":"2020-10-07T20:39:05","guid":{"rendered":"http:\/\/coelloglobal.com\/?page_id=620"},"modified":"2023-10-11T15:00:46","modified_gmt":"2023-10-11T15:00:46","slug":"piso-en-venta-el-clot-269-000-e","status":"publish","type":"page","link":"https:\/\/coelloglobal.com\/index.php\/piso-en-venta-el-clot-269-000-e\/","title":{"rendered":"Piso en Venta El Clot 269.000 \u20ac Ref: CG002"},"content":{"rendered":"\n<div id=\"wp-block-themeisle-blocks-slider-bbf506b0\" class=\"wp-block-themeisle-blocks-slider glide\" data-per-view=\"1\" data-gap=\"0\" data-peek=\"0\" data-autoplay=\"true\" data-height=\"400px\"><div class=\"glide__track\" data-glide-el=\"track\"><div class=\"glide__slides\"><div class=\"wp-block-themeisle-blocks-slider-item-wrapper glide__slide\" tabindex=\"0\"><figure><img decoding=\"async\" class=\"wp-block-themeisle-blocks-slider-item\" src=\"http:\/\/coelloglobal.com\/wp-content\/uploads\/2020\/10\/balcon.jpg\" alt=\"\" title=\"\" data-id=\"621\"\/><\/figure><\/div><div class=\"wp-block-themeisle-blocks-slider-item-wrapper glide__slide\" tabindex=\"0\"><figure><img decoding=\"async\" class=\"wp-block-themeisle-blocks-slider-item\" src=\"http:\/\/coelloglobal.com\/wp-content\/uploads\/2020\/10\/balcon1.jpg\" alt=\"\" title=\"\" data-id=\"622\"\/><\/figure><\/div><div class=\"wp-block-themeisle-blocks-slider-item-wrapper glide__slide\" tabindex=\"0\"><figure><img decoding=\"async\" class=\"wp-block-themeisle-blocks-slider-item\" src=\"http:\/\/coelloglobal.com\/wp-content\/uploads\/2020\/10\/ba\u00f1o.jpg\" alt=\"\" title=\"\" data-id=\"623\"\/><\/figure><\/div><div class=\"wp-block-themeisle-blocks-slider-item-wrapper glide__slide\" tabindex=\"0\"><figure><img decoding=\"async\" class=\"wp-block-themeisle-blocks-slider-item\" src=\"http:\/\/coelloglobal.com\/wp-content\/uploads\/2020\/10\/ba\u00f1o1.jpg\" alt=\"\" title=\"\" data-id=\"624\"\/><\/figure><\/div><div class=\"wp-block-themeisle-blocks-slider-item-wrapper glide__slide\" tabindex=\"0\"><figure><img decoding=\"async\" class=\"wp-block-themeisle-blocks-slider-item\" src=\"http:\/\/coelloglobal.com\/wp-content\/uploads\/2020\/10\/cocina.jpg\" alt=\"\" title=\"\" data-id=\"625\"\/><\/figure><\/div><div class=\"wp-block-themeisle-blocks-slider-item-wrapper glide__slide\" tabindex=\"0\"><figure><img decoding=\"async\" class=\"wp-block-themeisle-blocks-slider-item\" src=\"http:\/\/coelloglobal.com\/wp-content\/uploads\/2020\/10\/dormitorio-principal.jpg\" alt=\"\" title=\"\" data-id=\"626\"\/><\/figure><\/div><div class=\"wp-block-themeisle-blocks-slider-item-wrapper glide__slide\" tabindex=\"0\"><figure><img decoding=\"async\" class=\"wp-block-themeisle-blocks-slider-item\" src=\"http:\/\/coelloglobal.com\/wp-content\/uploads\/2020\/10\/dormitorio1.jpg\" alt=\"\" title=\"\" data-id=\"627\"\/><\/figure><\/div><div class=\"wp-block-themeisle-blocks-slider-item-wrapper glide__slide\" tabindex=\"0\"><figure><img decoding=\"async\" class=\"wp-block-themeisle-blocks-slider-item\" src=\"http:\/\/coelloglobal.com\/wp-content\/uploads\/2020\/10\/dormitorio2.jpg\" alt=\"\" title=\"\" data-id=\"628\"\/><\/figure><\/div><div class=\"wp-block-themeisle-blocks-slider-item-wrapper glide__slide\" tabindex=\"0\"><figure><img decoding=\"async\" class=\"wp-block-themeisle-blocks-slider-item\" src=\"http:\/\/coelloglobal.com\/wp-content\/uploads\/2020\/10\/dormitorio3.jpg\" alt=\"\" title=\"\" data-id=\"629\"\/><\/figure><\/div><div class=\"wp-block-themeisle-blocks-slider-item-wrapper glide__slide\" tabindex=\"0\"><figure><img decoding=\"async\" class=\"wp-block-themeisle-blocks-slider-item\" src=\"http:\/\/coelloglobal.com\/wp-content\/uploads\/2020\/10\/dormitorio4.jpg\" alt=\"\" title=\"\" data-id=\"630\"\/><\/figure><\/div><div class=\"wp-block-themeisle-blocks-slider-item-wrapper glide__slide\" tabindex=\"0\"><figure><img decoding=\"async\" class=\"wp-block-themeisle-blocks-slider-item\" src=\"http:\/\/coelloglobal.com\/wp-content\/uploads\/2020\/10\/galeria.jpg\" alt=\"\" title=\"\" data-id=\"631\"\/><\/figure><\/div><div class=\"wp-block-themeisle-blocks-slider-item-wrapper glide__slide\" tabindex=\"0\"><figure><img decoding=\"async\" class=\"wp-block-themeisle-blocks-slider-item\" src=\"http:\/\/coelloglobal.com\/wp-content\/uploads\/2020\/10\/salon.jpg\" alt=\"\" title=\"\" data-id=\"632\"\/><\/figure><\/div><\/div><div class=\"glide__arrows\" data-glide-el=\"controls\"><button class=\"glide__arrow glide__arrow--left\" data-glide-dir=\"<\"><svg xmlns=\"http:\/\/www.w3.org\/2000\/svg\" width=\"18\" height=\"18\" viewbox=\"0 0 100 100\" role=\"img\" aria-hidden=\"true\" focusable=\"false\"><path d=\"M 10,50 L 60,100 L 70,90 L 30,50  L 70,10 L 60,0 Z\"><\/path><\/svg><\/button><button class=\"glide__arrow glide__arrow--right\" data-glide-dir=\"&gt;\"><svg xmlns=\"http:\/\/www.w3.org\/2000\/svg\" width=\"18\" height=\"18\" viewbox=\"0 0 100 100\" role=\"img\" aria-hidden=\"true\" focusable=\"false\"><path d=\"M 10,50 L 60,100 L 70,90 L 30,50  L 70,10 L 60,0 Z\"><\/path><\/svg><\/button><\/div><div class=\"glide__bullets\" data-glide-el=\"controls[nav]\"><button class=\"glide__bullet\" data-glide-dir=\"=0\"><\/button><button class=\"glide__bullet\" data-glide-dir=\"=1\"><\/button><button class=\"glide__bullet\" data-glide-dir=\"=2\"><\/button><button class=\"glide__bullet\" data-glide-dir=\"=3\"><\/button><button class=\"glide__bullet\" data-glide-dir=\"=4\"><\/button><button class=\"glide__bullet\" data-glide-dir=\"=5\"><\/button><button class=\"glide__bullet\" data-glide-dir=\"=6\"><\/button><button class=\"glide__bullet\" data-glide-dir=\"=7\"><\/button><button class=\"glide__bullet\" data-glide-dir=\"=8\"><\/button><button class=\"glide__bullet\" data-glide-dir=\"=9\"><\/button><button class=\"glide__bullet\" data-glide-dir=\"=10\"><\/button><button class=\"glide__bullet\" data-glide-dir=\"=11\"><\/button><\/div><\/div><\/div>\n\n\n\n<p>Calle Clot  con  Calle Valencia<\/p>\n\n\n\n<p>80 m2 &#8211; 4 hab &#8211; 2 ba\u00f1os &#8211; Balc\u00f3n &#8211; 269.000\u20ac<\/p>\n\n\n\n<p>Se vende piso en el barrio del Clot de Barcelona para entrar a vivir. El inmueble es de 80 m\u00b2 y consta de 4 habitaciones una de ellas doble con salida al balc\u00f3n y tres habitaciones individuales, posee un amplio Ba\u00f1o reformado con plato de ducha, un aseo de cortes\u00eda, amplia cocina desde donde se accede a una galer\u00eda \/ lavadero abierto a patio interior suficiente para instalar lavadora y secadora, amplio sal\u00f3n comedor con salida al balc\u00f3n, vetanas de aluminio, puertas de madera, aire acondicionado y calefacci\u00f3n en todo el piso, asimismo altillos en el pasillo y distribuidores El piso es un quinto de altura real con ascensor que cabe una silla de ruedas. La finca sin barreras arquitect\u00f3nicas est\u00e1 enclavada en la confluencia de Clot con C\/Valencia en una zona tranquila de aceras anchas que dispone de todo tipo de servicios, colegios, centros de salud, eje comercial (10 min de Centro comercial Glorias) y de ocio. Bien comunicado junto salidas naturales de la ciudad, carrer Arago y Avda Meridiana, A 10 min de la estaci\u00f3n de La Sagrera. Autobuses, &nbsp;Metro L1 Clot, L2 Clot, &nbsp;No dudes en venir a visitar lo. <\/p>\n\n\n\n<p> Coello Global Financiamiento: Te proporcion\u00e1remos asesoramiento financiero y te ayudamos a conseguir financiamiento para la adquisici\u00f3n de tu inmueble, para tener m\u00e1s informaci\u00f3n cont\u00e1ctanos  <\/p>\n\n\n\n<p><strong>CARACTER\u00cdSTICAS B\u00c1SICAS DEL INMUEBLE<\/strong><\/p>\n\n\n\n<ul class=\"wp-block-list\"><li>80 m\u00b2 construidos<\/li><li>4 habitaciones  ( una doble)<\/li><li>Sal\u00f3n<\/li><li>Comedor<\/li><li>Cocina<\/li><li>2 Ba\u00f1os<\/li><li>Balc\u00f3n<\/li><li>Aire Acondicionado<\/li><li>Calefacci\u00f3n gas natural <\/li><li>Construido en 1978<\/li><li>Planta 4\u00aa exterior a patio de manzana<\/li><li>Orientaci\u00f3n Norte <\/li><\/ul>\n\n\n<p><!--EndFragment--><\/p>\n\n\n<p>Coello Global Financiamiento: Te proporcionamos asesoramiento financiero y te ayudamos a conseguir financiamiento para la adquisici\u00f3n de tu inmueble, para m\u00e1s informaci\u00f3n cont\u00e1ctanos.<\/p>\n","protected":false},"excerpt":{"rendered":"<p>Calle Clot con Calle Valencia 80 m2 &#8211; 4 hab &#8211; 2 ba\u00f1os &#8211; Balc\u00f3n &#8211; 269.000\u20ac Se vende piso en el barrio del Clot de Barcelona para entrar a vivir. El inmueble es de 80 m\u00b2 y consta de 4 habitaciones una de ellas doble con salida al balc\u00f3n y tres habitaciones individuales, posee &hellip; <\/p>\n<p class=\"link-more\"><a href=\"https:\/\/coelloglobal.com\/index.php\/piso-en-venta-el-clot-269-000-e\/\" class=\"more-link\">Continue reading<span class=\"screen-reader-text\"> &#8220;Piso en Venta El Clot 269.000 \u20ac Ref: CG002&#8221;<\/span><\/a><\/p>\n","protected":false},"author":1,"featured_media":625,"parent":0,"menu_order":0,"comment_status":"closed","ping_status":"closed","template":"","meta":{"footnotes":""},"class_list":["post-620","page","type-page","status-publish","has-post-thumbnail","hentry"],"_links":{"self":[{"href":"https:\/\/coelloglobal.com\/index.php\/wp-json\/wp\/v2\/pages\/620","targetHints":{"allow":["GET"]}}],"collection":[{"href":"https:\/\/coelloglobal.com\/index.php\/wp-json\/wp\/v2\/pages"}],"about":[{"href":"https:\/\/coelloglobal.com\/index.php\/wp-json\/wp\/v2\/types\/page"}],"author":[{"embeddable":true,"href":"https:\/\/coelloglobal.com\/index.php\/wp-json\/wp\/v2\/users\/1"}],"replies":[{"embeddable":true,"href":"https:\/\/coelloglobal.com\/index.php\/wp-json\/wp\/v2\/comments?post=620"}],"version-history":[{"count":4,"href":"https:\/\/coelloglobal.com\/index.php\/wp-json\/wp\/v2\/pages\/620\/revisions"}],"predecessor-version":[{"id":3119,"href":"https:\/\/coelloglobal.com\/index.php\/wp-json\/wp\/v2\/pages\/620\/revisions\/3119"}],"wp:featuredmedia":[{"embeddable":true,"href":"https:\/\/coelloglobal.com\/index.php\/wp-json\/wp\/v2\/media\/625"}],"wp:attachment":[{"href":"https:\/\/coelloglobal.com\/index.php\/wp-json\/wp\/v2\/media?parent=620"}],"curies":[{"name":"wp","href":"https:\/\/api.w.org\/{rel}","templated":true}]}}

<div id="wp-block-themeisle-blocks-slider-bbf506b0" class="wp-block-themeisle-blocks-slider glide" data-per-view="1" data-gap="0" data-peek="0" data-autoplay="true" data-height="400px"><div class="glide__track" data-glide-el="track"><div class="glide__slides"><div class="wp-block-themeisle-blocks-slider-item-wrapper glide__slide" tabindex="0"><figure><img decoding="async" class="wp-block-themeisle-blocks-slider-item" src="http://coelloglobal.com/wp-content/uploads/2020/10/balcon.jpg" alt="" title="" data-id="621"/></figure></div><div class="wp-block-themeisle-blocks-slider-item-wrapper glide__slide" tabindex="0"><figure><img decoding="async" class="wp-block-themeisle-blocks-slider-item" src="http://coelloglobal.com/wp-content/uploads/2020/10/balcon1.jpg" alt="" title="" data-id="622"/></figure></div><div class="wp-block-themeisle-blocks-slider-item-wrapper glide__slide" tabindex="0"><figure><img decoding="async" class="wp-block-themeisle-blocks-slider-item" src="http://coelloglobal.com/wp-content/uploads/2020/10/baño.jpg" alt="" title="" data-id="623"/></figure></div><div class="wp-block-themeisle-blocks-slider-item-wrapper glide__slide" tabindex="0"><figure><img decoding="async" class="wp-block-themeisle-blocks-slider-item" src="http://coelloglobal.com/wp-content/uploads/2020/10/baño1.jpg" alt="" title="" data-id="624"/></figure></div><div class="wp-block-themeisle-blocks-slider-item-wrapper glide__slide" tabindex="0"><figure><img decoding="async" class="wp-block-themeisle-blocks-slider-item" src="http://coelloglobal.com/wp-content/uploads/2020/10/cocina.jpg" alt="" title="" data-id="625"/></figure></div><div class="wp-block-themeisle-blocks-slider-item-wrapper glide__slide" tabindex="0"><figure><img decoding="async" class="wp-block-themeisle-blocks-slider-item" src="http://coelloglobal.com/wp-content/uploads/2020/10/dormitorio-principal.jpg" alt="" title="" data-id="626"/></figure></div><div class="wp-block-themeisle-blocks-slider-item-wrapper glide__slide" tabindex="0"><figure><img decoding="async" class="wp-block-themeisle-blocks-slider-item" src="http://coelloglobal.com/wp-content/uploads/2020/10/dormitorio1.jpg" alt="" title="" data-id="627"/></figure></div><div class="wp-block-themeisle-blocks-slider-item-wrapper glide__slide" tabindex="0"><figure><img decoding="async" class="wp-block-themeisle-blocks-slider-item" src="http://coelloglobal.com/wp-content/uploads/2020/10/dormitorio2.jpg" alt="" title="" data-id="628"/></figure></div><div class="wp-block-themeisle-blocks-slider-item-wrapper glide__slide" tabindex="0"><figure><img decoding="async" class="wp-block-themeisle-blocks-slider-item" src="http://coelloglobal.com/wp-content/uploads/2020/10/dormitorio3.jpg" alt="" title="" data-id="629"/></figure></div><div class="wp-block-themeisle-blocks-slider-item-wrapper glide__slide" tabindex="0"><figure><img decoding="async" class="wp-block-themeisle-blocks-slider-item" src="http://coelloglobal.com/wp-content/uploads/2020/10/dormitorio4.jpg" alt="" title="" data-id="630"/></figure></div><div class="wp-block-themeisle-blocks-slider-item-wrapper glide__slide" tabindex="0"><figure><img decoding="async" class="wp-block-themeisle-blocks-slider-item" src="http://coelloglobal.com/wp-content/uploads/2020/10/galeria.jpg" alt="" title="" data-id="631"/></figure></div><div class="wp-block-themeisle-blocks-slider-item-wrapper glide__slide" tabindex="0"><figure><img decoding="async" class="wp-block-themeisle-blocks-slider-item" src="http://coelloglobal.com/wp-content/uploads/2020/10/salon.jpg" alt="" title="" data-id="632"/></figure></div></div><div class="glide__arrows" data-glide-el="controls"><button class="glide__arrow glide__arrow--left" data-glide-dir="<"><svg xmlns="http://www.w3.org/2000/svg" width="18" height="18" viewbox="0 0 100 100" role="img" aria-hidden="true" focusable="false"><path d="M 10,50 L 60,100 L 70,90 L 30,50  L 70,10 L 60,0 Z"></path></svg></button><button class="glide__arrow glide__arrow--right" data-glide-dir="&gt;"><svg xmlns="http://www.w3.org/2000/svg" width="18" height="18" viewbox="0 0 100 100" role="img" aria-hidden="true" focusable="false"><path d="M 10,50 L 60,100 L 70,90 L 30,50  L 70,10 L 60,0 Z"></path></svg></button></div><div class="glide__bullets" data-glide-el="controls[nav]"><button class="glide__bullet" data-glide-dir="=0"></button><button class="glide__bullet" data-glide-dir="=1"></button><button class="glide__bullet" data-glide-dir="=2"></button><button class="glide__bullet" data-glide-dir="=3"></button><button class="glide__bullet" data-glide-dir="=4"></button><button class="glide__bullet" data-glide-dir="=5"></button><button class="glide__bullet" data-glide-dir="=6"></button><button class="glide__bullet" data-glide-dir="=7"></button><button class="glide__bullet" data-glide-dir="=8"></button><button class="glide__bullet" data-glide-dir="=9"></button><button class="glide__bullet" data-glide-dir="=10"></button><button class="glide__bullet" data-glide-dir="=11"></button></div></div></div>



<p>Calle Clot  con  Calle Valencia</p>



<p>80 m2 &#8211; 4 hab &#8211; 2 baños &#8211; Balcón &#8211; 269.000€</p>



<p>Se vende piso en el barrio del Clot de Barcelona para entrar a vivir. El inmueble es de 80 m² y consta de 4 habitaciones una de ellas doble con salida al balcón y tres habitaciones individuales, posee un amplio Baño reformado con plato de ducha, un aseo de cortesía, amplia cocina desde donde se accede a una galería / lavadero abierto a patio interior suficiente para instalar lavadora y secadora, amplio salón comedor con salida al balcón, vetanas de aluminio, puertas de madera, aire acondicionado y calefacción en todo el piso, asimismo altillos en el pasillo y distribuidores El piso es un quinto de altura real con ascensor que cabe una silla de ruedas. La finca sin barreras arquitectónicas está enclavada en la confluencia de Clot con C/Valencia en una zona tranquila de aceras anchas que dispone de todo tipo de servicios, colegios, centros de salud, eje comercial (10 min de Centro comercial Glorias) y de ocio. Bien comunicado junto salidas naturales de la ciudad, carrer Arago y Avda Meridiana, A 10 min de la estación de La Sagrera. Autobuses, &nbsp;Metro L1 Clot, L2 Clot, &nbsp;No dudes en venir a visitar lo. </p>



<p> Coello Global Financiamiento: Te proporcionáremos asesoramiento financiero y te ayudamos a conseguir financiamiento para la adquisición de tu inmueble, para tener más información contáctanos  </p>



<p><strong>CARACTERÍSTICAS BÁSICAS DEL INMUEBLE</strong></p>



<ul class="wp-block-list"><li>80 m² construidos</li><li>4 habitaciones  ( una doble)</li><li>Salón</li><li>Comedor</li><li>Cocina</li><li>2 Baños</li><li>Balcón</li><li>Aire Acondicionado</li><li>Calefacción gas natural </li><li>Construido en 1978</li><li>Planta 4ª exterior a patio de manzana</li><li>Orientación Norte </li></ul>


<p><!--EndFragment--></p>


<p>Coello Global Financiamiento: Te proporcionamos asesoramiento financiero y te ayudamos a conseguir financiamiento para la adquisición de tu inmueble, para más información contáctanos.</p>

<p>Calle Clot con Calle Valencia 80 m2 &#8211; 4 hab &#8211; 2 baños &#8211; Balcón &#8211; 269.000€ Se vende piso en el barrio del Clot de Barcelona para entrar a vivir. El inmueble es de 80 m² y consta de 4 habitaciones una de ellas doble con salida al balcón y tres habitaciones individuales, posee &hellip; </p>
<p class="link-more"><a href="https://coelloglobal.com/index.php/piso-en-venta-el-clot-269-000-e/" class="more-link">Continue reading<span class="screen-reader-text"> &#8220;Piso en Venta El Clot 269.000 € Ref: CG002&#8221;</span></a></p>
