{"id":654,"date":"2020-10-27T19:40:26","date_gmt":"2020-10-27T19:40:26","guid":{"rendered":"http:\/\/coelloglobal.com\/?page_id=654"},"modified":"2023-10-11T14:59:43","modified_gmt":"2023-10-11T14:59:43","slug":"oficina-en-venta-les-corts-barcelona-79-000-e","status":"publish","type":"page","link":"https:\/\/coelloglobal.com\/index.php\/oficina-en-venta-les-corts-barcelona-79-000-e\/","title":{"rendered":"Loft &#8211; Oficina en Venta Les Corts Barcelona 79.000 \u20ac &#8211; Ref: CG001"},"content":{"rendered":"\n<div id=\"wp-block-themeisle-blocks-slider-a3181fe0\" class=\"wp-block-themeisle-blocks-slider glide\" data-per-view=\"1\" data-gap=\"0\" data-peek=\"0\" data-autoplay=\"true\" data-height=\"400px\"><div class=\"glide__track\" data-glide-el=\"track\"><div class=\"glide__slides\"><div class=\"wp-block-themeisle-blocks-slider-item-wrapper glide__slide\" tabindex=\"0\"><figure><img decoding=\"async\" class=\"wp-block-themeisle-blocks-slider-item\" src=\"http:\/\/coelloglobal.com\/wp-content\/uploads\/2020\/10\/calle-2.jpg\" alt=\"\" title=\"\" data-id=\"655\"\/><\/figure><\/div><div class=\"wp-block-themeisle-blocks-slider-item-wrapper glide__slide\" tabindex=\"0\"><figure><img decoding=\"async\" class=\"wp-block-themeisle-blocks-slider-item\" src=\"http:\/\/coelloglobal.com\/wp-content\/uploads\/2020\/10\/parque-1.jpg\" alt=\"\" title=\"\" data-id=\"656\"\/><\/figure><\/div><div class=\"wp-block-themeisle-blocks-slider-item-wrapper glide__slide\" tabindex=\"0\"><figure><img decoding=\"async\" class=\"wp-block-themeisle-blocks-slider-item\" src=\"http:\/\/coelloglobal.com\/wp-content\/uploads\/2020\/10\/parque-2.jpg\" alt=\"\" title=\"\" data-id=\"657\"\/><\/figure><\/div><div class=\"wp-block-themeisle-blocks-slider-item-wrapper glide__slide\" tabindex=\"0\"><figure><img decoding=\"async\" class=\"wp-block-themeisle-blocks-slider-item\" src=\"http:\/\/coelloglobal.com\/wp-content\/uploads\/2020\/10\/parque.jpg\" alt=\"\" title=\"\" data-id=\"658\"\/><\/figure><\/div><div class=\"wp-block-themeisle-blocks-slider-item-wrapper glide__slide\" tabindex=\"0\"><figure><img decoding=\"async\" class=\"wp-block-themeisle-blocks-slider-item\" src=\"http:\/\/coelloglobal.com\/wp-content\/uploads\/2020\/10\/plano.jpg\" alt=\"\" title=\"\" data-id=\"659\"\/><\/figure><\/div><div class=\"wp-block-themeisle-blocks-slider-item-wrapper glide__slide\" tabindex=\"0\"><figure><img decoding=\"async\" class=\"wp-block-themeisle-blocks-slider-item\" src=\"http:\/\/coelloglobal.com\/wp-content\/uploads\/2020\/10\/WhatsApp-Image-2020-10-26-at-21.59.11.jpeg\" alt=\"\" title=\"\" data-id=\"660\"\/><\/figure><\/div><div class=\"wp-block-themeisle-blocks-slider-item-wrapper glide__slide\" tabindex=\"0\"><figure><img decoding=\"async\" class=\"wp-block-themeisle-blocks-slider-item\" src=\"http:\/\/coelloglobal.com\/wp-content\/uploads\/2020\/10\/WhatsApp-Image-2020-10-26-at-21.59.12-1.jpeg\" alt=\"\" title=\"\" data-id=\"661\"\/><\/figure><\/div><div class=\"wp-block-themeisle-blocks-slider-item-wrapper glide__slide\" tabindex=\"0\"><figure><img decoding=\"async\" class=\"wp-block-themeisle-blocks-slider-item\" src=\"http:\/\/coelloglobal.com\/wp-content\/uploads\/2020\/10\/WhatsApp-Image-2020-10-26-at-21.59.12.jpeg\" alt=\"\" title=\"\" data-id=\"662\"\/><\/figure><\/div><\/div><div class=\"glide__arrows\" data-glide-el=\"controls\"><button class=\"glide__arrow glide__arrow--left\" data-glide-dir=\"<\"><svg xmlns=\"http:\/\/www.w3.org\/2000\/svg\" width=\"18\" height=\"18\" viewbox=\"0 0 100 100\" role=\"img\" aria-hidden=\"true\" focusable=\"false\"><path d=\"M 10,50 L 60,100 L 70,90 L 30,50  L 70,10 L 60,0 Z\"><\/path><\/svg><\/button><button class=\"glide__arrow glide__arrow--right\" data-glide-dir=\"&gt;\"><svg xmlns=\"http:\/\/www.w3.org\/2000\/svg\" width=\"18\" height=\"18\" viewbox=\"0 0 100 100\" role=\"img\" aria-hidden=\"true\" focusable=\"false\"><path d=\"M 10,50 L 60,100 L 70,90 L 30,50  L 70,10 L 60,0 Z\"><\/path><\/svg><\/button><\/div><div class=\"glide__bullets\" data-glide-el=\"controls[nav]\"><button class=\"glide__bullet\" data-glide-dir=\"=0\"><\/button><button class=\"glide__bullet\" data-glide-dir=\"=1\"><\/button><button class=\"glide__bullet\" data-glide-dir=\"=2\"><\/button><button class=\"glide__bullet\" data-glide-dir=\"=3\"><\/button><button class=\"glide__bullet\" data-glide-dir=\"=4\"><\/button><button class=\"glide__bullet\" data-glide-dir=\"=5\"><\/button><button class=\"glide__bullet\" data-glide-dir=\"=6\"><\/button><button class=\"glide__bullet\" data-glide-dir=\"=7\"><\/button><\/div><\/div><\/div>\n\n\n\n<p>Calle Loreto con Av. Sarria. <\/p>\n\n\n\n<p>25 m2 &#8211; ba\u00f1o &#8211; 79.000 \u20ac<\/p>\n\n\n\n<p> &#8220;Se vende despacho\/oficina de 25 m2, totalmente reformado, suelos de parquet, ventanas y puerta de aluminio doble cristal, puerta met\u00e1lica el\u00e9ctrica, aire acondicionado\/calefacci\u00f3n (frio Calor), ba\u00f1o. La altura de techos del inmueble es de 3,90 m. El inmueble se encuentra en una finca del a\u00f1o 1963. El inmueble se encuentra ubicado en el tri\u00e1ngulo de av. Diagonal, av, sarria, y av, Josep Tarradellas,<br>a 5 minutos a pie de Av. Diagonal<br>a 5 minutos a pie de Av. Josep Tarradellas,<br>zona de alta plusval\u00eda, cerca de parques, transporte p\u00fablico, comercios, hoteles, Gran oportunidad, podr\u00e1s vivir en una de las mejores zonas de Barcelona.<br>Es un local \/ oficina tipo LOFT que no dispone de c\u00e9dula de habitabilidad.<br>El precio incluye los honorarios de intermediaci\u00f3n; no incluye los impuestos derivados de la compraventa (plusval\u00eda, notar\u00eda, hipoteca, Impuesto de Transmisiones Patrimoniales, etc.  <\/p>\n\n\n\n<p>Coello Global Financiamiento: Te proporcion\u00e1remos asesoramiento financiero y te ayudamos a conseguir financiamiento para la adquisici\u00f3n de tu inmueble, para tener m\u00e1s informaci\u00f3n cont\u00e1ctanos <\/p>\n\n\n\n<p>  <strong>CARACTER\u00cdSTICAS B\u00c1SICAS DEL INMUEBLE<\/strong><\/p>\n\n\n\n<ul class=\"wp-block-list\"><li>25 m\u00b2 construidos, 19 m\u00b2 \u00fatiles<\/li><li>Distribuci\u00f3n di\u00e1fana<\/li><li>1 ba\u00f1os dentro de la oficina<\/li><li>Segunda mano\/buen estado<\/li><li>Orientaci\u00f3n sur<\/li><li>Construido en 1963<\/li><li>Certificaci\u00f3n energ\u00e9tica:&nbsp;&nbsp;(IPE no indicado)<\/li><\/ul>\n\n\n\n<h2 class=\"wp-block-heading\">Edificio<\/h2>\n\n\n\n<ul class=\"wp-block-list\"><li>Bajo exterior<\/li><li>1 ascensor<\/li><li>Uso mixto oficina<\/li><\/ul>\n\n\n\n<h2 class=\"wp-block-heading\">Equipamiento<\/h2>\n\n\n\n<ul class=\"wp-block-list\"><li>Calefacci\u00f3n<\/li><li>Aire acondicionado de fr\u00edo\/calor<\/li><li>Ventanas con doble acristalamiento<\/li><\/ul>\n\n\n\n<p>Coello Global Financiamiento: Te proporcionamos asesoramiento financiero y te ayudamos a conseguir financiamiento para la adquisici\u00f3n de tu inmueble, para m\u00e1s informaci\u00f3n cont\u00e1ctanos.<\/p>\n","protected":false},"excerpt":{"rendered":"<p>Calle Loreto con Av. Sarria. 25 m2 &#8211; ba\u00f1o &#8211; 79.000 \u20ac &#8220;Se vende despacho\/oficina de 25 m2, totalmente reformado, suelos de parquet, ventanas y puerta de aluminio doble cristal, puerta met\u00e1lica el\u00e9ctrica, aire acondicionado\/calefacci\u00f3n (frio Calor), ba\u00f1o. La altura de techos del inmueble es de 3,90 m. El inmueble se encuentra en una finca &hellip; <\/p>\n<p class=\"link-more\"><a href=\"https:\/\/coelloglobal.com\/index.php\/oficina-en-venta-les-corts-barcelona-79-000-e\/\" class=\"more-link\">Continue reading<span class=\"screen-reader-text\"> &#8220;Loft &#8211; Oficina en Venta Les Corts Barcelona 79.000 \u20ac &#8211; Ref: CG001&#8221;<\/span><\/a><\/p>\n","protected":false},"author":1,"featured_media":661,"parent":0,"menu_order":0,"comment_status":"closed","ping_status":"closed","template":"","meta":{"footnotes":""},"class_list":["post-654","page","type-page","status-publish","has-post-thumbnail","hentry"],"_links":{"self":[{"href":"https:\/\/coelloglobal.com\/index.php\/wp-json\/wp\/v2\/pages\/654","targetHints":{"allow":["GET"]}}],"collection":[{"href":"https:\/\/coelloglobal.com\/index.php\/wp-json\/wp\/v2\/pages"}],"about":[{"href":"https:\/\/coelloglobal.com\/index.php\/wp-json\/wp\/v2\/types\/page"}],"author":[{"embeddable":true,"href":"https:\/\/coelloglobal.com\/index.php\/wp-json\/wp\/v2\/users\/1"}],"replies":[{"embeddable":true,"href":"https:\/\/coelloglobal.com\/index.php\/wp-json\/wp\/v2\/comments?post=654"}],"version-history":[{"count":4,"href":"https:\/\/coelloglobal.com\/index.php\/wp-json\/wp\/v2\/pages\/654\/revisions"}],"predecessor-version":[{"id":3118,"href":"https:\/\/coelloglobal.com\/index.php\/wp-json\/wp\/v2\/pages\/654\/revisions\/3118"}],"wp:featuredmedia":[{"embeddable":true,"href":"https:\/\/coelloglobal.com\/index.php\/wp-json\/wp\/v2\/media\/661"}],"wp:attachment":[{"href":"https:\/\/coelloglobal.com\/index.php\/wp-json\/wp\/v2\/media?parent=654"}],"curies":[{"name":"wp","href":"https:\/\/api.w.org\/{rel}","templated":true}]}}

<div id="wp-block-themeisle-blocks-slider-a3181fe0" class="wp-block-themeisle-blocks-slider glide" data-per-view="1" data-gap="0" data-peek="0" data-autoplay="true" data-height="400px"><div class="glide__track" data-glide-el="track"><div class="glide__slides"><div class="wp-block-themeisle-blocks-slider-item-wrapper glide__slide" tabindex="0"><figure><img decoding="async" class="wp-block-themeisle-blocks-slider-item" src="http://coelloglobal.com/wp-content/uploads/2020/10/calle-2.jpg" alt="" title="" data-id="655"/></figure></div><div class="wp-block-themeisle-blocks-slider-item-wrapper glide__slide" tabindex="0"><figure><img decoding="async" class="wp-block-themeisle-blocks-slider-item" src="http://coelloglobal.com/wp-content/uploads/2020/10/parque-1.jpg" alt="" title="" data-id="656"/></figure></div><div class="wp-block-themeisle-blocks-slider-item-wrapper glide__slide" tabindex="0"><figure><img decoding="async" class="wp-block-themeisle-blocks-slider-item" src="http://coelloglobal.com/wp-content/uploads/2020/10/parque-2.jpg" alt="" title="" data-id="657"/></figure></div><div class="wp-block-themeisle-blocks-slider-item-wrapper glide__slide" tabindex="0"><figure><img decoding="async" class="wp-block-themeisle-blocks-slider-item" src="http://coelloglobal.com/wp-content/uploads/2020/10/parque.jpg" alt="" title="" data-id="658"/></figure></div><div class="wp-block-themeisle-blocks-slider-item-wrapper glide__slide" tabindex="0"><figure><img decoding="async" class="wp-block-themeisle-blocks-slider-item" src="http://coelloglobal.com/wp-content/uploads/2020/10/plano.jpg" alt="" title="" data-id="659"/></figure></div><div class="wp-block-themeisle-blocks-slider-item-wrapper glide__slide" tabindex="0"><figure><img decoding="async" class="wp-block-themeisle-blocks-slider-item" src="http://coelloglobal.com/wp-content/uploads/2020/10/WhatsApp-Image-2020-10-26-at-21.59.11.jpeg" alt="" title="" data-id="660"/></figure></div><div class="wp-block-themeisle-blocks-slider-item-wrapper glide__slide" tabindex="0"><figure><img decoding="async" class="wp-block-themeisle-blocks-slider-item" src="http://coelloglobal.com/wp-content/uploads/2020/10/WhatsApp-Image-2020-10-26-at-21.59.12-1.jpeg" alt="" title="" data-id="661"/></figure></div><div class="wp-block-themeisle-blocks-slider-item-wrapper glide__slide" tabindex="0"><figure><img decoding="async" class="wp-block-themeisle-blocks-slider-item" src="http://coelloglobal.com/wp-content/uploads/2020/10/WhatsApp-Image-2020-10-26-at-21.59.12.jpeg" alt="" title="" data-id="662"/></figure></div></div><div class="glide__arrows" data-glide-el="controls"><button class="glide__arrow glide__arrow--left" data-glide-dir="<"><svg xmlns="http://www.w3.org/2000/svg" width="18" height="18" viewbox="0 0 100 100" role="img" aria-hidden="true" focusable="false"><path d="M 10,50 L 60,100 L 70,90 L 30,50  L 70,10 L 60,0 Z"></path></svg></button><button class="glide__arrow glide__arrow--right" data-glide-dir="&gt;"><svg xmlns="http://www.w3.org/2000/svg" width="18" height="18" viewbox="0 0 100 100" role="img" aria-hidden="true" focusable="false"><path d="M 10,50 L 60,100 L 70,90 L 30,50  L 70,10 L 60,0 Z"></path></svg></button></div><div class="glide__bullets" data-glide-el="controls[nav]"><button class="glide__bullet" data-glide-dir="=0"></button><button class="glide__bullet" data-glide-dir="=1"></button><button class="glide__bullet" data-glide-dir="=2"></button><button class="glide__bullet" data-glide-dir="=3"></button><button class="glide__bullet" data-glide-dir="=4"></button><button class="glide__bullet" data-glide-dir="=5"></button><button class="glide__bullet" data-glide-dir="=6"></button><button class="glide__bullet" data-glide-dir="=7"></button></div></div></div>



<p>Calle Loreto con Av. Sarria. </p>



<p>25 m2 &#8211; baño &#8211; 79.000 €</p>



<p> &#8220;Se vende despacho/oficina de 25 m2, totalmente reformado, suelos de parquet, ventanas y puerta de aluminio doble cristal, puerta metálica eléctrica, aire acondicionado/calefacción (frio Calor), baño. La altura de techos del inmueble es de 3,90 m. El inmueble se encuentra en una finca del año 1963. El inmueble se encuentra ubicado en el triángulo de av. Diagonal, av, sarria, y av, Josep Tarradellas,<br>a 5 minutos a pie de Av. Diagonal<br>a 5 minutos a pie de Av. Josep Tarradellas,<br>zona de alta plusvalía, cerca de parques, transporte público, comercios, hoteles, Gran oportunidad, podrás vivir en una de las mejores zonas de Barcelona.<br>Es un local / oficina tipo LOFT que no dispone de cédula de habitabilidad.<br>El precio incluye los honorarios de intermediación; no incluye los impuestos derivados de la compraventa (plusvalía, notaría, hipoteca, Impuesto de Transmisiones Patrimoniales, etc.  </p>



<p>Coello Global Financiamiento: Te proporcionáremos asesoramiento financiero y te ayudamos a conseguir financiamiento para la adquisición de tu inmueble, para tener más información contáctanos </p>



<p>  <strong>CARACTERÍSTICAS BÁSICAS DEL INMUEBLE</strong></p>



<ul class="wp-block-list"><li>25 m² construidos, 19 m² útiles</li><li>Distribución diáfana</li><li>1 baños dentro de la oficina</li><li>Segunda mano/buen estado</li><li>Orientación sur</li><li>Construido en 1963</li><li>Certificación energética:&nbsp;&nbsp;(IPE no indicado)</li></ul>



<h2 class="wp-block-heading">Edificio</h2>



<ul class="wp-block-list"><li>Bajo exterior</li><li>1 ascensor</li><li>Uso mixto oficina</li></ul>



<h2 class="wp-block-heading">Equipamiento</h2>



<ul class="wp-block-list"><li>Calefacción</li><li>Aire acondicionado de frío/calor</li><li>Ventanas con doble acristalamiento</li></ul>



<p>Coello Global Financiamiento: Te proporcionamos asesoramiento financiero y te ayudamos a conseguir financiamiento para la adquisición de tu inmueble, para más información contáctanos.</p>

<p>Calle Loreto con Av. Sarria. 25 m2 &#8211; baño &#8211; 79.000 € &#8220;Se vende despacho/oficina de 25 m2, totalmente reformado, suelos de parquet, ventanas y puerta de aluminio doble cristal, puerta metálica eléctrica, aire acondicionado/calefacción (frio Calor), baño. La altura de techos del inmueble es de 3,90 m. El inmueble se encuentra en una finca &hellip; </p>
<p class="link-more"><a href="https://coelloglobal.com/index.php/oficina-en-venta-les-corts-barcelona-79-000-e/" class="more-link">Continue reading<span class="screen-reader-text"> &#8220;Loft &#8211; Oficina en Venta Les Corts Barcelona 79.000 € &#8211; Ref: CG001&#8221;</span></a></p>
